NOAA-Style Climate Reports
Select a Year or Month report
2024: Jan Feb Mar Apr May Jun Jul Aug Sep Oct Nov Dec
2023: Jan Feb Mar Apr May Jun Jul Aug Sep Oct Nov Dec
2022: Jan Feb Mar Apr May Jun Jul Aug Sep Oct Nov Dec
2021: Jan Feb Mar Apr May Jun Jul Aug Sep Oct Nov Dec
2020: Jan Feb Mar Apr May Jun Jul Aug Sep Oct Nov Dec
2019: Jan Feb Mar Apr May Jun Jul Aug Sep Oct Nov Dec
2018: Jan Feb Mar Apr May Jun Jul Aug Sep Oct Nov Dec
2017: Jan Feb Mar Apr May Jun Jul Aug Sep Oct Nov Dec
2016: Jan Feb Mar Apr May Jun Jul Aug Sep Oct Nov Dec
2015: Jan Feb Mar Apr May Jun Jul Aug Sep Oct Nov Dec
2014: Jan Feb Mar Apr May Jun Jul Aug Sep Oct Nov Dec
2013: Jan Feb Mar Apr May Jun Jul Aug Sep Oct Nov Dec
2012: Jan Feb Mar Apr May Jun Jul Aug Sep Oct Nov Dec
2011: Jan Feb Mar Apr May Jun Jul Aug Sep Oct Nov Dec
2010: Jan Feb Mar Apr May Jun Jul Aug Sep Oct Nov Dec
2009: Jan Feb Mar Apr May Jun Jul Aug Sep Oct Nov Dec
2008: Jan Feb Mar Apr May Jun Jul Aug Sep Oct Nov Dec
2024: Jan Feb Mar Apr May Jun Jul Aug Sep Oct Nov Dec
2023: Jan Feb Mar Apr May Jun Jul Aug Sep Oct Nov Dec
2022: Jan Feb Mar Apr May Jun Jul Aug Sep Oct Nov Dec
2021: Jan Feb Mar Apr May Jun Jul Aug Sep Oct Nov Dec
2020: Jan Feb Mar Apr May Jun Jul Aug Sep Oct Nov Dec
2019: Jan Feb Mar Apr May Jun Jul Aug Sep Oct Nov Dec
2018: Jan Feb Mar Apr May Jun Jul Aug Sep Oct Nov Dec
2017: Jan Feb Mar Apr May Jun Jul Aug Sep Oct Nov Dec
2016: Jan Feb Mar Apr May Jun Jul Aug Sep Oct Nov Dec
2015: Jan Feb Mar Apr May Jun Jul Aug Sep Oct Nov Dec
2014: Jan Feb Mar Apr May Jun Jul Aug Sep Oct Nov Dec
2013: Jan Feb Mar Apr May Jun Jul Aug Sep Oct Nov Dec
2012: Jan Feb Mar Apr May Jun Jul Aug Sep Oct Nov Dec
2011: Jan Feb Mar Apr May Jun Jul Aug Sep Oct Nov Dec
2010: Jan Feb Mar Apr May Jun Jul Aug Sep Oct Nov Dec
2009: Jan Feb Mar Apr May Jun Jul Aug Sep Oct Nov Dec
2008: Jan Feb Mar Apr May Jun Jul Aug Sep Oct Nov Dec
Report for 2024 March
Monthly Climatological Summary for Mar 2024 Name: Garrymore Weather City: Geashill State: Offaly Elevation: 80 m Lat: N 53° 10' 00" Lon: W 007° 21' 33" Temperature (°C), Rain (mm), Wind Speed (km/h) Heat Cool Avg Mean Deg Deg Wind Dom Day Temp High Time Low Time Days Days Rain Speed High Time Dir ---------------------------------------------------------------------------------- 01 2.1 4.5 16:21 0.2 09:51 16.2 0.0 13.2 13.0 38.5 13:16 NNW 02 2.9 6.3 12:10 0.3 03:07 15.4 0.0 0.2 12.2 51.5 12:54 NW 03 4.3 10.4 15:19 0.9 23:08 14.0 0.0 4.6 3.7 22.0 00:11 W 04 5.2 7.5 10:50 0.2 02:27 13.1 0.0 1.0 10.3 47.9 10:53 SE 05 7.1 11.7 14:15 2.7 22:10 9.9 0.0 0.5 14.8 56.9 05:25 S 06 7.6 10.3 13:49 1.5 01:55 7.6 0.0 0.5 9.5 34.9 11:30 SE 07 7.4 9.6 12:20 5.6 19:53 10.9 0.0 0.0 7.8 33.1 08:53 ESE 08 5.9 8.5 14:32 2.7 06:47 12.4 0.0 1.0 5.2 31.3 10:41 ENE 09 6.0 7.3 21:05 3.5 03:40 12.3 0.0 0.0 9.9 40.3 10:48 NE 10 6.7 7.7 15:11 5.7 08:34 11.7 0.0 0.3 9.4 34.9 12:42 NNE 11 7.3 9.8 13:42 5.8 07:17 11.0 0.0 10.4 2.6 27.7 22:19 SE 12 12.8 14.8 14:45 11.2 11:40 2.8 0.0 0.0 6.2 40.3 22:00 S 13 9.1 11.9 00:00 6.7 22:08 8.2 0.0 6.6 4.6 47.9 00:10 SW 14 10.9 14.2 16:37 7.0 00:00 7.3 0.0 14.2 12.0 38.5 14:40 S 15 8.4 11.2 13:37 1.8 23:52 9.9 0.0 0.3 6.0 29.5 00:53 WNW 16 7.8 12.0 13:39 -0.1 01:41 10.5 0.0 3.5 7.2 36.7 14:13 SSE 17 10.5 14.2 14:58 8.1 23:36 7.8 0.0 0.0 7.4 34.9 10:12 SSW 18 9.2 11.9 16:23 4.7 06:12 9.1 0.0 4.9 12.7 46.1 18:14 S 19 10.2 12.9 11:28 7.5 05:31 8.1 0.0 0.2 4.3 25.6 01:00 SSW 20 7.7 12.6 15:47 3.5 22:11 10.6 0.0 2.6 4.6 23.8 11:10 N 21 9.2 14.7 14:37 4.2 00:34 9.1 0.0 1.0 9.0 36.7 13:35 SW 22 6.6 10.2 11:17 3.6 20:07 11.6 0.0 0.7 10.9 49.7 16:04 W 23 6.0 9.8 14:15 3.8 02:52 12.3 0.0 0.8 15.1 55.1 12:23 WNW 24 6.4 8.9 12:44 4.5 02:24 11.9 0.0 7.4 8.1 27.7 03:31 SW 25 8.4 11.5 15:21 6.6 21:56 9.9 0.0 6.3 6.0 38.5 13:19 SSE 26 7.0 9.7 15:45 5.7 05:02 11.3 0.0 10.4 5.5 23.8 22:26 ENE 27 4.6 8.3 12:02 0.1 23:49 13.7 0.0 2.3 8.2 40.3 12:02 SSE 28 4.2 11.9 15:44 -2.0 04:57 14.1 0.0 0.3 2.0 18.4 16:53 NW ---------------------------------------------------------------------------------- 7.2 14.8 12 -2.0 28 302.7 0.0 93.2 8.1 56.9 5 SSW Max >= 27.0 0 Max <= 0.0 0 Min <= 0.0 2 Min <= -18.0 0 Max Rain: 14.2 on day 14 Days of Rain: 24 (>= 0.2 mm) 12 (>= 2.0 mm) 0 (>= 20.0 mm) Heat Base: 18.3 Cool Base: 18.3 Method: Integration