NOAA-Style Climate Reports
Select a Year or Month report
2024: Jan Feb Mar Apr May Jun Jul Aug Sep Oct Nov Dec
2023: Jan Feb Mar Apr May Jun Jul Aug Sep Oct Nov Dec
2022: Jan Feb Mar Apr May Jun Jul Aug Sep Oct Nov Dec
2021: Jan Feb Mar Apr May Jun Jul Aug Sep Oct Nov Dec
2020: Jan Feb Mar Apr May Jun Jul Aug Sep Oct Nov Dec
2019: Jan Feb Mar Apr May Jun Jul Aug Sep Oct Nov Dec
2018: Jan Feb Mar Apr May Jun Jul Aug Sep Oct Nov Dec
2017: Jan Feb Mar Apr May Jun Jul Aug Sep Oct Nov Dec
2016: Jan Feb Mar Apr May Jun Jul Aug Sep Oct Nov Dec
2015: Jan Feb Mar Apr May Jun Jul Aug Sep Oct Nov Dec
2014: Jan Feb Mar Apr May Jun Jul Aug Sep Oct Nov Dec
2013: Jan Feb Mar Apr May Jun Jul Aug Sep Oct Nov Dec
2012: Jan Feb Mar Apr May Jun Jul Aug Sep Oct Nov Dec
2011: Jan Feb Mar Apr May Jun Jul Aug Sep Oct Nov Dec
2010: Jan Feb Mar Apr May Jun Jul Aug Sep Oct Nov Dec
2009: Jan Feb Mar Apr May Jun Jul Aug Sep Oct Nov Dec
2008: Jan Feb Mar Apr May Jun Jul Aug Sep Oct Nov Dec
2024: Jan Feb Mar Apr May Jun Jul Aug Sep Oct Nov Dec
2023: Jan Feb Mar Apr May Jun Jul Aug Sep Oct Nov Dec
2022: Jan Feb Mar Apr May Jun Jul Aug Sep Oct Nov Dec
2021: Jan Feb Mar Apr May Jun Jul Aug Sep Oct Nov Dec
2020: Jan Feb Mar Apr May Jun Jul Aug Sep Oct Nov Dec
2019: Jan Feb Mar Apr May Jun Jul Aug Sep Oct Nov Dec
2018: Jan Feb Mar Apr May Jun Jul Aug Sep Oct Nov Dec
2017: Jan Feb Mar Apr May Jun Jul Aug Sep Oct Nov Dec
2016: Jan Feb Mar Apr May Jun Jul Aug Sep Oct Nov Dec
2015: Jan Feb Mar Apr May Jun Jul Aug Sep Oct Nov Dec
2014: Jan Feb Mar Apr May Jun Jul Aug Sep Oct Nov Dec
2013: Jan Feb Mar Apr May Jun Jul Aug Sep Oct Nov Dec
2012: Jan Feb Mar Apr May Jun Jul Aug Sep Oct Nov Dec
2011: Jan Feb Mar Apr May Jun Jul Aug Sep Oct Nov Dec
2010: Jan Feb Mar Apr May Jun Jul Aug Sep Oct Nov Dec
2009: Jan Feb Mar Apr May Jun Jul Aug Sep Oct Nov Dec
2008: Jan Feb Mar Apr May Jun Jul Aug Sep Oct Nov Dec
Report for 2008 December
Monthly Climatological Summary for Dec 2008 Name: Garrymore Weather City: Geashill State: Offaly Elevation: 80 m Lat: N 53° 10' 05" Lon: W 007° 21' 37" Temperature (°C), Rain (mm), Wind Speed (km/h) Heat Cool Avg Mean Deg Deg Wind Dom Day Temp High Time Low Time Days Days Rain Speed High Time Dir ---------------------------------------------------------------------------------- 01 1.9 7.1 12:26 -1.3 00:52 16.4 0.0 0.3 2.4 13.0 03:45 NW 02 3.3 5.5 13:55 0.0 23:56 15.0 0.0 0.6 1.9 24.1 04:18 WNW 03 1.1 8.3 11:28 -3.4 08:30 17.2 0.0 7.8 4.1 33.3 22:08 S 04 5.8 8.2 13:00 -1.4 09:05 12.6 0.0 7.2 5.4 35.2 00:03 SW 05 4.7 8.7 11:27 1.3 23:24 13.6 0.0 2.7 6.1 25.9 12:42 NW 06 1.7 12.5 12:29 -4.1 23:57 16.6 0.0 0.3 0.4 11.1 10:50 NW 07 1.7 7.4 13:37 -4.8 01:24 16.6 0.0 0.0 3.7 25.9 22:43 S 08 5.0 8.4 05:58 0.8 23:24 13.3 0.0 3.3 4.4 24.1 13:42 W 09 2.9 7.3 13:44 0.9 21:53 15.4 0.0 0.6 5.3 24.1 13:59 NW 10 2.8 5.5 13:45 -0.2 06:20 15.5 0.0 0.3 1.6 11.1 12:21 NW 11 4.5 6.4 21:41 2.7 08:55 13.8 0.0 3.3 2.4 18.5 22:06 SSE 12 6.0 10.4 17:25 0.0 03:08 12.4 0.0 19.8 6.4 72.2 04:07 SSE 13 3.1 8.3 10:56 -0.2 23:52 15.2 0.0 0.3 2.2 16.7 00:09 W 14 1.9 5.3 13:45 -0.3 00:07 16.4 0.0 0.6 5.1 25.9 12:18 WNW 15 2.8 6.9 23:29 -1.9 04:42 15.5 0.0 0.3 5.3 29.6 23:35 SSE 16 8.1 10.7 13:07 3.8 23:54 10.2 0.0 2.1 7.1 29.6 00:21 SSE 17 6.1 11.3 22:21 0.6 06:07 12.2 0.0 0.0 5.9 33.3 16:33 SSW 18 9.0 11.8 11:51 4.4 23:25 9.3 0.0 2.1 7.6 40.7 08:35 SW 19 7.7 12.3 14:06 1.8 03:09 10.6 0.0 0.3 8.9 50.0 14:07 SSW 20 11.3 12.3 20:44 8.8 04:00 7.0 0.0 2.1 7.1 35.2 20:38 SW 21 11.8 13.5 11:57 10.6 04:49 6.5 0.0 0.6 6.7 38.9 11:37 SSW 22 9.9 11.8 10:48 7.1 22:38 8.4 0.0 0.0 6.0 31.5 19:52 S 23 7.9 11.1 13:49 7.2 00:00 10.4 0.0 0.0 5.1 27.8 03:15 S 24 7.2 12.9 12:35 6.0 05:50 11.1 0.0 0.0 1.4 14.8 03:05 SSE 25 6.8 8.5 13:05 3.7 21:44 11.5 0.0 0.0 0.8 14.8 11:52 ESE 26 4.3 7.1 14:35 -2.3 23:49 14.0 0.0 0.0 0.6 13.0 12:34 E 27 1.4 11.4 13:05 -5.3 08:28 16.9 0.0 0.0 0.4 13.0 23:24 NE 28 2.4 10.5 14:50 -2.2 07:27 15.9 0.0 0.3 0.4 11.1 12:17 E 29 -0.6 1.8 18:36 -4.7 09:04 18.9 0.0 0.0 1.4 20.4 18:38 E 30 2.9 5.4 15:06 1.1 00:00 15.4 0.0 0.0 4.0 25.9 10:52 E 31 3.1 7.9 13:49 -1.5 20:10 15.2 0.0 0.0 2.9 20.4 01:33 E ---------------------------------------------------------------------------------- 4.8 13.5 21 -5.3 27 419.0 0.0 54.9 4.0 72.2 12 SSW Max >= 27.0 0 Max <= 0.0 0 Min <= 0.0 16 Min <= -18.0 0 Max Rain: 19.8 on day 12 Days of Rain: 20 (>= 0.2 mm) 9 (>= 2.0 mm) 0 (>= 20.0 mm) Heat Base: 18.3 Cool Base: 18.3 Method: Integration