NOAA-Style Climate Reports
Select a Year or Month report
2024: Jan Feb Mar Apr May Jun Jul Aug Sep Oct Nov Dec
2023: Jan Feb Mar Apr May Jun Jul Aug Sep Oct Nov Dec
2022: Jan Feb Mar Apr May Jun Jul Aug Sep Oct Nov Dec
2021: Jan Feb Mar Apr May Jun Jul Aug Sep Oct Nov Dec
2020: Jan Feb Mar Apr May Jun Jul Aug Sep Oct Nov Dec
2019: Jan Feb Mar Apr May Jun Jul Aug Sep Oct Nov Dec
2018: Jan Feb Mar Apr May Jun Jul Aug Sep Oct Nov Dec
2017: Jan Feb Mar Apr May Jun Jul Aug Sep Oct Nov Dec
2016: Jan Feb Mar Apr May Jun Jul Aug Sep Oct Nov Dec
2015: Jan Feb Mar Apr May Jun Jul Aug Sep Oct Nov Dec
2014: Jan Feb Mar Apr May Jun Jul Aug Sep Oct Nov Dec
2013: Jan Feb Mar Apr May Jun Jul Aug Sep Oct Nov Dec
2012: Jan Feb Mar Apr May Jun Jul Aug Sep Oct Nov Dec
2011: Jan Feb Mar Apr May Jun Jul Aug Sep Oct Nov Dec
2010: Jan Feb Mar Apr May Jun Jul Aug Sep Oct Nov Dec
2009: Jan Feb Mar Apr May Jun Jul Aug Sep Oct Nov Dec
2008: Jan Feb Mar Apr May Jun Jul Aug Sep Oct Nov Dec
2024: Jan Feb Mar Apr May Jun Jul Aug Sep Oct Nov Dec
2023: Jan Feb Mar Apr May Jun Jul Aug Sep Oct Nov Dec
2022: Jan Feb Mar Apr May Jun Jul Aug Sep Oct Nov Dec
2021: Jan Feb Mar Apr May Jun Jul Aug Sep Oct Nov Dec
2020: Jan Feb Mar Apr May Jun Jul Aug Sep Oct Nov Dec
2019: Jan Feb Mar Apr May Jun Jul Aug Sep Oct Nov Dec
2018: Jan Feb Mar Apr May Jun Jul Aug Sep Oct Nov Dec
2017: Jan Feb Mar Apr May Jun Jul Aug Sep Oct Nov Dec
2016: Jan Feb Mar Apr May Jun Jul Aug Sep Oct Nov Dec
2015: Jan Feb Mar Apr May Jun Jul Aug Sep Oct Nov Dec
2014: Jan Feb Mar Apr May Jun Jul Aug Sep Oct Nov Dec
2013: Jan Feb Mar Apr May Jun Jul Aug Sep Oct Nov Dec
2012: Jan Feb Mar Apr May Jun Jul Aug Sep Oct Nov Dec
2011: Jan Feb Mar Apr May Jun Jul Aug Sep Oct Nov Dec
2010: Jan Feb Mar Apr May Jun Jul Aug Sep Oct Nov Dec
2009: Jan Feb Mar Apr May Jun Jul Aug Sep Oct Nov Dec
2008: Jan Feb Mar Apr May Jun Jul Aug Sep Oct Nov Dec
Report for 2009 February
Monthly Climatological Summary for Feb 2009 Name: Garrymore Weather City: Geashill State: Offaly Elevation: 80 m Lat: N 53° 10' 05" Lon: W 007° 21' 37" Temperature (°C), Rain (mm), Wind Speed (km/h) Heat Cool Avg Mean Deg Deg Wind Dom Day Temp High Time Low Time Days Days Rain Speed High Time Dir ---------------------------------------------------------------------------------- 01 3.4 7.7 12:44 0.0 08:12 14.9 0.0 0.3 2.8 24.1 12:59 E 02 0.6 5.4 12:50 -1.3 07:33 17.7 0.0 0.6 3.8 25.9 11:55 NNW 03 1.1 5.3 11:46 0.3 19:55 17.2 0.0 3.9 4.4 24.1 00:50 NNW 04 2.9 8.2 11:08 -1.0 21:28 15.4 0.0 2.1 2.6 18.5 01:07 NE 05 0.9 2.8 14:44 -0.9 23:21 17.4 0.0 0.9 7.1 29.6 16:20 NNW 06 0.6 6.0 15:11 -2.2 04:26 17.7 0.0 0.0 5.0 24.1 14:14 NW 07 0.7 6.2 13:55 -3.5 22:23 17.6 0.0 0.6 5.5 27.8 12:50 NW 08 2.1 10.6 13:36 -2.9 00:00 16.2 0.0 3.9 2.6 22.2 14:54 S 09 1.8 8.7 12:28 -1.5 08:31 16.5 0.0 0.0 3.3 24.1 23:54 NW 10 2.9 10.4 13:50 -1.3 23:14 15.4 0.0 0.0 3.3 27.8 00:33 NW 11 2.8 9.8 15:03 -2.1 04:40 15.5 0.0 0.3 1.2 18.5 11:27 NW 12 6.3 12.8 12:33 -0.3 00:08 12.0 0.0 0.3 2.5 18.5 13:00 WNW 13 7.7 13.4 13:24 3.4 07:55 10.6 0.0 0.0 1.7 14.8 03:56 W 14 7.5 10.0 13:53 5.5 23:43 10.8 0.0 0.0 3.0 14.8 04:30 SSE 15 8.5 15.4 13:24 4.6 06:50 9.8 0.0 0.0 2.1 18.5 11:31 WSW 16 6.6 12.3 11:16 0.2 04:41 11.7 0.0 0.0 1.5 18.5 13:55 WSW 17 8.6 11.8 13:05 5.6 07:39 9.7 0.0 0.0 0.9 13.0 00:00 WNW 18 7.1 8.7 14:46 5.7 21:45 11.2 0.0 0.0 2.8 16.7 15:40 SSE 19 6.5 9.9 14:21 1.8 23:58 11.8 0.0 0.9 1.4 18.5 11:20 NW 20 4.8 13.3 11:33 -2.3 06:46 13.5 0.0 0.0 0.9 16.7 12:29 WNW 21 7.8 14.9 12:49 0.8 00:00 10.5 0.0 0.0 2.5 24.1 20:39 WSW 22 9.1 12.0 15:07 6.4 21:42 9.2 0.0 0.0 5.7 24.1 03:11 NW 23 8.8 11.6 12:02 7.1 05:06 9.5 0.0 0.9 3.8 24.1 13:08 NW 24 7.9 10.5 12:49 6.4 21:13 10.4 0.0 0.3 0.9 11.1 13:09 WSW 25 7.5 11.9 14:17 5.0 03:42 10.8 0.0 0.0 3.2 27.8 13:22 WSW 26 8.4 11.7 11:18 2.9 02:46 9.9 0.0 0.0 3.7 24.1 14:26 W 27 9.0 10.9 11:30 7.1 07:13 9.3 0.0 0.0 4.9 24.1 20:38 SW 28 8.4 11.7 15:35 6.2 22:38 9.9 0.0 2.4 6.0 29.6 15:54 SSW ---------------------------------------------------------------------------------- 5.4 15.4 15 -3.5 7 362.1 0.0 17.4 3.2 29.6 5 WNW Max >= 27.0 0 Max <= 0.0 0 Min <= 0.0 12 Min <= -18.0 0 Max Rain: 3.9 on day 3 Days of Rain: 13 (>= 0.2 mm) 4 (>= 2.0 mm) 0 (>= 20.0 mm) Heat Base: 18.3 Cool Base: 18.3 Method: Integration