NOAA-Style Climate Reports
Select a Year or Month report
2024: Jan Feb Mar Apr May Jun Jul Aug Sep Oct Nov Dec
2023: Jan Feb Mar Apr May Jun Jul Aug Sep Oct Nov Dec
2022: Jan Feb Mar Apr May Jun Jul Aug Sep Oct Nov Dec
2021: Jan Feb Mar Apr May Jun Jul Aug Sep Oct Nov Dec
2020: Jan Feb Mar Apr May Jun Jul Aug Sep Oct Nov Dec
2019: Jan Feb Mar Apr May Jun Jul Aug Sep Oct Nov Dec
2018: Jan Feb Mar Apr May Jun Jul Aug Sep Oct Nov Dec
2017: Jan Feb Mar Apr May Jun Jul Aug Sep Oct Nov Dec
2016: Jan Feb Mar Apr May Jun Jul Aug Sep Oct Nov Dec
2015: Jan Feb Mar Apr May Jun Jul Aug Sep Oct Nov Dec
2014: Jan Feb Mar Apr May Jun Jul Aug Sep Oct Nov Dec
2013: Jan Feb Mar Apr May Jun Jul Aug Sep Oct Nov Dec
2012: Jan Feb Mar Apr May Jun Jul Aug Sep Oct Nov Dec
2011: Jan Feb Mar Apr May Jun Jul Aug Sep Oct Nov Dec
2010: Jan Feb Mar Apr May Jun Jul Aug Sep Oct Nov Dec
2009: Jan Feb Mar Apr May Jun Jul Aug Sep Oct Nov Dec
2008: Jan Feb Mar Apr May Jun Jul Aug Sep Oct Nov Dec
2024: Jan Feb Mar Apr May Jun Jul Aug Sep Oct Nov Dec
2023: Jan Feb Mar Apr May Jun Jul Aug Sep Oct Nov Dec
2022: Jan Feb Mar Apr May Jun Jul Aug Sep Oct Nov Dec
2021: Jan Feb Mar Apr May Jun Jul Aug Sep Oct Nov Dec
2020: Jan Feb Mar Apr May Jun Jul Aug Sep Oct Nov Dec
2019: Jan Feb Mar Apr May Jun Jul Aug Sep Oct Nov Dec
2018: Jan Feb Mar Apr May Jun Jul Aug Sep Oct Nov Dec
2017: Jan Feb Mar Apr May Jun Jul Aug Sep Oct Nov Dec
2016: Jan Feb Mar Apr May Jun Jul Aug Sep Oct Nov Dec
2015: Jan Feb Mar Apr May Jun Jul Aug Sep Oct Nov Dec
2014: Jan Feb Mar Apr May Jun Jul Aug Sep Oct Nov Dec
2013: Jan Feb Mar Apr May Jun Jul Aug Sep Oct Nov Dec
2012: Jan Feb Mar Apr May Jun Jul Aug Sep Oct Nov Dec
2011: Jan Feb Mar Apr May Jun Jul Aug Sep Oct Nov Dec
2010: Jan Feb Mar Apr May Jun Jul Aug Sep Oct Nov Dec
2009: Jan Feb Mar Apr May Jun Jul Aug Sep Oct Nov Dec
2008: Jan Feb Mar Apr May Jun Jul Aug Sep Oct Nov Dec
Report for 2009 June
Monthly Climatological Summary for Jun 2009 Name: Garrymore Weather City: Geashill State: Offaly Elevation: 80 m Lat: N 53° 10' 05" Lon: W 007° 21' 37" Temperature (°C), Rain (mm), Wind Speed (km/h) Heat Cool Avg Mean Deg Deg Wind Dom Day Temp High Time Low Time Days Days Rain Speed High Time Dir ---------------------------------------------------------------------------------- 01 19.9 29.3 17:07 8.0 05:03 2.9 4.4 0.0 1.5 18.5 14:05 ESE 02 22.3 33.5 16:41 8.8 05:01 2.4 6.4 0.0 0.6 13.0 15:52 NW 03 20.4 29.4 12:47 10.8 23:56 1.9 4.0 0.0 0.6 13.0 19:06 NE 04 17.6 27.3 14:37 6.6 05:21 3.4 2.7 0.0 0.6 13.0 18:49 NNW 05 13.2 21.8 16:53 7.3 23:43 5.2 0.1 0.0 2.3 20.4 10:14 NW 06 8.5 14.3 10:08 4.3 04:29 9.8 0.0 12.0 3.3 31.5 11:48 NNW 07 13.6 21.3 16:06 7.5 05:26 5.0 0.3 0.3 1.2 16.7 07:28 NW 08 11.8 17.7 12:38 7.6 05:14 6.5 0.0 0.6 1.2 20.4 14:12 E 09 14.4 23.2 15:07 8.3 05:02 4.8 1.0 0.0 1.0 14.8 16:37 ESE 10 14.7 24.0 13:15 7.2 05:49 4.3 0.6 0.0 1.0 14.8 18:03 NW 11 14.3 25.2 16:23 5.6 03:47 4.9 0.9 0.0 2.1 20.4 11:27 WNW 12 13.6 20.4 15:19 8.9 06:20 4.9 0.2 3.0 3.6 24.1 15:41 ESE 13 15.5 22.7 14:09 10.9 04:16 3.3 0.5 0.6 4.7 33.3 16:44 SSW 14 14.6 21.5 12:28 9.1 03:41 4.0 0.3 0.9 3.1 24.1 14:25 S 15 15.0 24.7 18:46 8.1 05:26 4.1 0.9 3.0 1.9 18.5 14:44 ESE 16 16.3 24.7 14:35 5.9 05:27 3.6 1.6 0.0 5.1 31.5 15:36 SE 17 14.4 20.3 15:26 10.0 23:51 4.0 0.1 18.3 6.0 31.5 16:19 SW 18 13.1 18.8 14:28 9.2 02:23 5.2 0.0 0.9 6.2 33.3 16:32 WSW 19 13.8 18.9 15:07 10.1 00:00 4.5 0.0 0.0 4.8 29.6 15:47 WNW 20 15.1 20.4 15:52 11.9 02:32 3.3 0.1 0.0 6.1 33.3 12:58 NW 21 17.3 23.9 15:47 12.3 05:02 2.3 1.2 0.0 3.8 22.2 14:47 WNW 22 20.7 26.4 17:15 15.6 04:22 0.6 3.0 0.0 1.4 13.0 06:13 WNW 23 21.9 29.7 16:46 15.0 23:58 0.4 4.0 0.0 1.9 20.4 13:59 ESE 24 19.5 25.0 15:50 12.2 23:58 1.5 2.7 0.0 2.7 24.1 11:45 E 25 18.8 26.7 13:52 11.5 00:45 1.9 2.5 0.0 0.8 16.7 14:10 ESE 26 17.2 21.4 13:18 14.3 00:08 1.8 0.7 10.2 1.0 16.7 14:25 ESE 27 19.2 26.8 15:20 12.7 05:58 1.6 2.6 0.0 3.0 20.4 18:46 SE 28 17.2 24.0 11:58 11.4 04:32 2.4 1.3 2.1 2.6 22.2 17:24 ESE 29 19.1 25.2 12:06 13.8 06:38 1.2 2.0 0.3 2.8 92.6 01:31 ESE 30 18.5 25.9 12:06 15.9 02:34 1.1 1.3 3.6 4.9 29.6 13:09 SE ---------------------------------------------------------------------------------- 16.4 33.5 2 4.3 6 102.8 45.4 55.8 2.7 92.6 29 SSW Max >= 27.0 5 Max <= 0.0 0 Min <= 0.0 0 Min <= -18.0 0 Max Rain: 18.3 on day 17 Days of Rain: 13 (>= 0.2 mm) 7 (>= 2.0 mm) 0 (>= 20.0 mm) Heat Base: 18.3 Cool Base: 18.3 Method: Integration