NOAA-Style Climate Reports
Select a Year or Month report
2024: Jan Feb Mar Apr May Jun Jul Aug Sep Oct Nov Dec
2023: Jan Feb Mar Apr May Jun Jul Aug Sep Oct Nov Dec
2022: Jan Feb Mar Apr May Jun Jul Aug Sep Oct Nov Dec
2021: Jan Feb Mar Apr May Jun Jul Aug Sep Oct Nov Dec
2020: Jan Feb Mar Apr May Jun Jul Aug Sep Oct Nov Dec
2019: Jan Feb Mar Apr May Jun Jul Aug Sep Oct Nov Dec
2018: Jan Feb Mar Apr May Jun Jul Aug Sep Oct Nov Dec
2017: Jan Feb Mar Apr May Jun Jul Aug Sep Oct Nov Dec
2016: Jan Feb Mar Apr May Jun Jul Aug Sep Oct Nov Dec
2015: Jan Feb Mar Apr May Jun Jul Aug Sep Oct Nov Dec
2014: Jan Feb Mar Apr May Jun Jul Aug Sep Oct Nov Dec
2013: Jan Feb Mar Apr May Jun Jul Aug Sep Oct Nov Dec
2012: Jan Feb Mar Apr May Jun Jul Aug Sep Oct Nov Dec
2011: Jan Feb Mar Apr May Jun Jul Aug Sep Oct Nov Dec
2010: Jan Feb Mar Apr May Jun Jul Aug Sep Oct Nov Dec
2009: Jan Feb Mar Apr May Jun Jul Aug Sep Oct Nov Dec
2008: Jan Feb Mar Apr May Jun Jul Aug Sep Oct Nov Dec
2024: Jan Feb Mar Apr May Jun Jul Aug Sep Oct Nov Dec
2023: Jan Feb Mar Apr May Jun Jul Aug Sep Oct Nov Dec
2022: Jan Feb Mar Apr May Jun Jul Aug Sep Oct Nov Dec
2021: Jan Feb Mar Apr May Jun Jul Aug Sep Oct Nov Dec
2020: Jan Feb Mar Apr May Jun Jul Aug Sep Oct Nov Dec
2019: Jan Feb Mar Apr May Jun Jul Aug Sep Oct Nov Dec
2018: Jan Feb Mar Apr May Jun Jul Aug Sep Oct Nov Dec
2017: Jan Feb Mar Apr May Jun Jul Aug Sep Oct Nov Dec
2016: Jan Feb Mar Apr May Jun Jul Aug Sep Oct Nov Dec
2015: Jan Feb Mar Apr May Jun Jul Aug Sep Oct Nov Dec
2014: Jan Feb Mar Apr May Jun Jul Aug Sep Oct Nov Dec
2013: Jan Feb Mar Apr May Jun Jul Aug Sep Oct Nov Dec
2012: Jan Feb Mar Apr May Jun Jul Aug Sep Oct Nov Dec
2011: Jan Feb Mar Apr May Jun Jul Aug Sep Oct Nov Dec
2010: Jan Feb Mar Apr May Jun Jul Aug Sep Oct Nov Dec
2009: Jan Feb Mar Apr May Jun Jul Aug Sep Oct Nov Dec
2008: Jan Feb Mar Apr May Jun Jul Aug Sep Oct Nov Dec
Report for 2009 August
Monthly Climatological Summary for Aug 2009 Name: Garrymore Weather City: Geashill State: Offaly Elevation: 80 m Lat: N 53° 10' 05" Lon: W 007° 21' 37" Temperature (°C), Rain (mm), Wind Speed (km/h) Heat Cool Avg Mean Deg Deg Wind Dom Day Temp High Time Low Time Days Days Rain Speed High Time Dir ---------------------------------------------------------------------------------- 01 15.2 20.1 17:26 11.2 05:46 3.2 0.1 0.6 4.2 29.6 12:58 SW 02 13.8 18.3 11:49 8.3 04:57 4.5 0.0 1.8 3.7 25.9 19:19 SSE 03 16.5 20.7 11:35 14.0 01:08 2.0 0.3 2.7 6.9 33.3 16:41 SSE 04 17.7 21.1 12:42 14.0 23:49 1.2 0.5 0.0 5.2 31.5 00:25 SSE 05 17.0 23.6 15:20 12.2 06:14 2.3 1.0 0.0 6.7 33.3 11:53 SSE 06 15.6 21.2 14:44 10.6 05:54 3.0 0.3 0.0 3.3 24.1 11:13 SSE 07 15.6 24.7 12:40 8.1 03:10 3.5 0.8 0.0 1.7 16.7 17:42 ENE 08 17.4 24.4 15:57 13.5 02:46 2.1 1.2 0.0 3.2 22.2 05:25 SSE 09 16.9 22.1 14:40 12.1 04:29 1.9 0.6 0.0 3.1 27.8 23:59 SSE 10 17.5 23.0 12:32 13.9 01:56 1.5 0.8 0.0 4.1 29.6 00:11 SW 11 17.8 24.0 14:36 13.4 03:13 1.6 1.0 0.0 2.7 24.1 16:15 W 12 18.0 24.0 14:00 14.2 23:50 1.4 1.1 0.0 2.5 20.4 17:55 WNW 13 16.7 23.7 14:50 12.6 05:57 2.6 1.0 0.0 0.3 7.4 09:14 WNW 14 17.6 22.5 14:35 13.7 05:00 1.5 0.9 0.0 6.2 27.8 20:41 SSE 15 17.5 22.2 13:57 13.6 21:46 1.4 0.7 0.0 5.1 25.9 13:56 SSW 16 15.8 20.0 15:40 13.9 00:00 2.6 0.1 0.0 4.8 29.6 14:29 SW 17 17.8 24.1 13:35 13.1 03:11 1.9 1.4 0.0 3.2 24.1 12:22 SW 18 17.3 20.5 10:29 14.4 00:47 1.4 0.4 0.0 5.8 37.0 10:55 ESE 19 18.4 23.7 12:56 16.4 23:52 0.7 0.9 0.0 6.9 33.3 03:29 SE 20 15.3 20.3 15:48 11.7 23:24 3.1 0.1 0.0 4.9 27.8 01:53 SW 21 14.4 20.7 16:26 10.2 04:15 4.1 0.3 0.0 4.7 31.5 16:33 WSW 22 14.6 21.6 14:16 7.4 06:25 4.0 0.3 0.0 5.7 31.5 15:30 ESE 23 16.2 21.7 14:12 9.4 23:55 2.3 0.2 0.0 8.0 42.6 13:53 SE 24 13.5 19.9 12:33 8.3 05:03 4.9 0.1 0.0 5.8 33.3 14:00 ESE 25 14.5 21.5 14:31 8.2 06:28 4.2 0.4 0.0 5.4 27.8 17:28 SE 26 16.4 22.3 12:19 12.5 23:29 2.3 0.3 0.0 5.3 29.6 03:07 S 27 13.4 19.0 16:59 10.0 06:08 4.9 0.0 0.0 5.6 37.0 13:08 SE 28 13.0 18.2 14:22 9.5 23:31 5.3 0.0 0.0 5.9 37.0 12:03 WNW 29 13.6 20.0 15:03 9.0 22:54 4.7 0.0 0.0 2.8 24.1 15:37 W 30 15.7 20.9 16:59 9.6 02:11 3.0 0.4 0.0 4.7 27.8 21:28 E 31 16.2 19.9 17:27 12.2 23:48 2.1 0.0 0.0 5.8 29.6 03:03 E ---------------------------------------------------------------------------------- 16.0 24.7 7 7.4 22 85.2 15.2 5.1 4.7 42.6 23 SSE Max >= 27.0 0 Max <= 0.0 0 Min <= 0.0 0 Min <= -18.0 0 Max Rain: 2.7 on day 3 Days of Rain: 3 (>= 0.2 mm) 1 (>= 2.0 mm) 0 (>= 20.0 mm) Heat Base: 18.3 Cool Base: 18.3 Method: Integration