NOAA-Style Climate Reports
Select a Year or Month report
2024: Jan Feb Mar Apr May Jun Jul Aug Sep Oct Nov Dec
2023: Jan Feb Mar Apr May Jun Jul Aug Sep Oct Nov Dec
2022: Jan Feb Mar Apr May Jun Jul Aug Sep Oct Nov Dec
2021: Jan Feb Mar Apr May Jun Jul Aug Sep Oct Nov Dec
2020: Jan Feb Mar Apr May Jun Jul Aug Sep Oct Nov Dec
2019: Jan Feb Mar Apr May Jun Jul Aug Sep Oct Nov Dec
2018: Jan Feb Mar Apr May Jun Jul Aug Sep Oct Nov Dec
2017: Jan Feb Mar Apr May Jun Jul Aug Sep Oct Nov Dec
2016: Jan Feb Mar Apr May Jun Jul Aug Sep Oct Nov Dec
2015: Jan Feb Mar Apr May Jun Jul Aug Sep Oct Nov Dec
2014: Jan Feb Mar Apr May Jun Jul Aug Sep Oct Nov Dec
2013: Jan Feb Mar Apr May Jun Jul Aug Sep Oct Nov Dec
2012: Jan Feb Mar Apr May Jun Jul Aug Sep Oct Nov Dec
2011: Jan Feb Mar Apr May Jun Jul Aug Sep Oct Nov Dec
2010: Jan Feb Mar Apr May Jun Jul Aug Sep Oct Nov Dec
2009: Jan Feb Mar Apr May Jun Jul Aug Sep Oct Nov Dec
2008: Jan Feb Mar Apr May Jun Jul Aug Sep Oct Nov Dec
2024: Jan Feb Mar Apr May Jun Jul Aug Sep Oct Nov Dec
2023: Jan Feb Mar Apr May Jun Jul Aug Sep Oct Nov Dec
2022: Jan Feb Mar Apr May Jun Jul Aug Sep Oct Nov Dec
2021: Jan Feb Mar Apr May Jun Jul Aug Sep Oct Nov Dec
2020: Jan Feb Mar Apr May Jun Jul Aug Sep Oct Nov Dec
2019: Jan Feb Mar Apr May Jun Jul Aug Sep Oct Nov Dec
2018: Jan Feb Mar Apr May Jun Jul Aug Sep Oct Nov Dec
2017: Jan Feb Mar Apr May Jun Jul Aug Sep Oct Nov Dec
2016: Jan Feb Mar Apr May Jun Jul Aug Sep Oct Nov Dec
2015: Jan Feb Mar Apr May Jun Jul Aug Sep Oct Nov Dec
2014: Jan Feb Mar Apr May Jun Jul Aug Sep Oct Nov Dec
2013: Jan Feb Mar Apr May Jun Jul Aug Sep Oct Nov Dec
2012: Jan Feb Mar Apr May Jun Jul Aug Sep Oct Nov Dec
2011: Jan Feb Mar Apr May Jun Jul Aug Sep Oct Nov Dec
2010: Jan Feb Mar Apr May Jun Jul Aug Sep Oct Nov Dec
2009: Jan Feb Mar Apr May Jun Jul Aug Sep Oct Nov Dec
2008: Jan Feb Mar Apr May Jun Jul Aug Sep Oct Nov Dec
Report for 2010 May
Monthly Climatological Summary for May 2010 Name: Garrymore Weather City: Geashill State: Offaly Elevation: 80 m Lat: N 53° 10' 05" Lon: W 007° 21' 37" Temperature (°C), Rain (mm), Wind Speed (km/h) Heat Cool Avg Mean Deg Deg Wind Dom Day Temp High Time Low Time Days Days Rain Speed High Time Dir ---------------------------------------------------------------------------------- 01 8.1 15.5 13:46 4.2 02:27 10.2 0.0 5.4 0.9 18.5 14:09 S 02 6.7 11.4 18:54 3.0 02:28 11.6 0.0 0.6 3.7 33.3 18:15 NNW 03 6.9 13.6 11:05 -0.8 05:49 11.4 0.0 0.0 3.7 24.1 17:50 NNW 04 7.5 12.2 10:58 2.0 01:12 10.8 0.0 0.0 4.5 24.1 11:25 NW 05 10.0 16.6 17:23 6.3 06:14 8.3 0.0 1.8 4.8 22.2 17:26 NW 06 10.6 16.5 18:50 8.1 06:15 7.7 0.0 3.3 2.8 20.4 04:53 NNW 07 8.7 14.3 14:37 3.7 23:53 9.6 0.0 0.0 2.4 18.5 11:15 NNE 08 9.0 16.6 19:22 1.6 03:57 9.3 0.0 0.0 2.1 18.5 12:47 NE 09 9.5 17.3 13:14 0.9 05:17 8.8 0.0 0.0 1.3 20.4 11:42 N 10 6.2 11.7 16:12 1.4 05:52 12.1 0.0 0.3 3.1 25.9 09:52 N 11 5.5 11.9 13:42 -2.1 05:59 12.8 0.0 3.3 3.1 24.1 15:46 NNW 12 6.0 13.3 18:48 -1.3 05:29 12.3 0.0 0.6 2.1 25.9 11:23 NNW 13 7.4 14.1 10:42 1.6 00:13 10.9 0.0 0.9 5.2 27.8 12:33 S 14 8.8 15.2 16:32 2.8 05:52 9.5 0.0 0.9 4.5 25.9 20:10 NW 15 8.8 16.6 15:26 1.1 06:12 9.5 0.0 0.3 3.8 29.6 22:45 WSW 16 9.0 15.7 15:35 1.0 06:00 9.3 0.0 0.3 3.6 24.1 14:37 WNW 17 10.7 19.4 15:17 2.2 03:00 7.6 0.0 0.0 2.0 16.7 22:22 SSW 18 10.0 14.0 12:23 6.6 03:34 8.3 0.0 8.4 6.0 31.5 16:40 SSE 19 14.0 20.7 16:42 9.0 00:00 4.5 0.2 0.3 3.4 16.7 00:16 S 20 18.2 26.1 19:28 10.8 03:08 2.4 2.2 0.0 1.4 14.8 11:17 SE 21 17.4 23.9 15:33 10.1 05:47 2.5 1.6 0.0 3.5 20.4 10:45 SSE 22 19.1 27.3 15:42 9.3 03:29 2.6 3.5 0.0 2.9 20.4 13:52 SE 23 19.1 26.8 14:33 7.5 05:46 2.8 3.6 0.0 1.0 14.8 15:33 NW 24 15.5 24.9 19:46 9.5 04:57 4.0 1.2 0.0 1.2 16.7 15:38 NNW 25 13.3 22.6 19:29 3.3 05:48 5.6 0.7 0.0 0.8 14.8 08:17 N 26 11.0 19.7 17:24 3.9 03:19 7.4 0.0 0.0 2.3 27.8 16:42 NNW 27 9.1 15.1 16:35 1.3 05:08 9.2 0.0 0.0 3.8 25.9 15:54 W 28 10.9 17.3 14:43 1.8 05:57 7.4 0.0 0.0 2.6 18.5 20:41 S 29 10.9 15.8 13:10 8.1 06:07 7.4 0.0 9.9 1.9 16.7 00:00 N 30 11.4 16.8 14:51 3.6 04:42 6.9 0.0 0.3 2.5 18.5 11:57 NW 31 12.3 18.9 13:32 7.3 04:42 6.0 0.0 11.1 5.0 29.6 14:42 SE ---------------------------------------------------------------------------------- 10.7 27.3 22 -2.1 11 248.7 13.0 47.7 3.0 33.3 2 WNW Max >= 27.0 1 Max <= 0.0 0 Min <= 0.0 3 Min <= -18.0 0 Max Rain: 11.1 on day 31 Days of Rain: 16 (>= 0.2 mm) 6 (>= 2.0 mm) 0 (>= 20.0 mm) Heat Base: 18.3 Cool Base: 18.3 Method: Integration