NOAA-Style Climate Reports
Select a Year or Month report
2024: Jan Feb Mar Apr May Jun Jul Aug Sep Oct Nov Dec
2023: Jan Feb Mar Apr May Jun Jul Aug Sep Oct Nov Dec
2022: Jan Feb Mar Apr May Jun Jul Aug Sep Oct Nov Dec
2021: Jan Feb Mar Apr May Jun Jul Aug Sep Oct Nov Dec
2020: Jan Feb Mar Apr May Jun Jul Aug Sep Oct Nov Dec
2019: Jan Feb Mar Apr May Jun Jul Aug Sep Oct Nov Dec
2018: Jan Feb Mar Apr May Jun Jul Aug Sep Oct Nov Dec
2017: Jan Feb Mar Apr May Jun Jul Aug Sep Oct Nov Dec
2016: Jan Feb Mar Apr May Jun Jul Aug Sep Oct Nov Dec
2015: Jan Feb Mar Apr May Jun Jul Aug Sep Oct Nov Dec
2014: Jan Feb Mar Apr May Jun Jul Aug Sep Oct Nov Dec
2013: Jan Feb Mar Apr May Jun Jul Aug Sep Oct Nov Dec
2012: Jan Feb Mar Apr May Jun Jul Aug Sep Oct Nov Dec
2011: Jan Feb Mar Apr May Jun Jul Aug Sep Oct Nov Dec
2010: Jan Feb Mar Apr May Jun Jul Aug Sep Oct Nov Dec
2009: Jan Feb Mar Apr May Jun Jul Aug Sep Oct Nov Dec
2008: Jan Feb Mar Apr May Jun Jul Aug Sep Oct Nov Dec
2024: Jan Feb Mar Apr May Jun Jul Aug Sep Oct Nov Dec
2023: Jan Feb Mar Apr May Jun Jul Aug Sep Oct Nov Dec
2022: Jan Feb Mar Apr May Jun Jul Aug Sep Oct Nov Dec
2021: Jan Feb Mar Apr May Jun Jul Aug Sep Oct Nov Dec
2020: Jan Feb Mar Apr May Jun Jul Aug Sep Oct Nov Dec
2019: Jan Feb Mar Apr May Jun Jul Aug Sep Oct Nov Dec
2018: Jan Feb Mar Apr May Jun Jul Aug Sep Oct Nov Dec
2017: Jan Feb Mar Apr May Jun Jul Aug Sep Oct Nov Dec
2016: Jan Feb Mar Apr May Jun Jul Aug Sep Oct Nov Dec
2015: Jan Feb Mar Apr May Jun Jul Aug Sep Oct Nov Dec
2014: Jan Feb Mar Apr May Jun Jul Aug Sep Oct Nov Dec
2013: Jan Feb Mar Apr May Jun Jul Aug Sep Oct Nov Dec
2012: Jan Feb Mar Apr May Jun Jul Aug Sep Oct Nov Dec
2011: Jan Feb Mar Apr May Jun Jul Aug Sep Oct Nov Dec
2010: Jan Feb Mar Apr May Jun Jul Aug Sep Oct Nov Dec
2009: Jan Feb Mar Apr May Jun Jul Aug Sep Oct Nov Dec
2008: Jan Feb Mar Apr May Jun Jul Aug Sep Oct Nov Dec
Report for 2010 November
Monthly Climatological Summary for Nov 2010 Name: Garrymore Weather City: Geashill State: Offaly Elevation: 80 m Lat: N 53° 10' 05" Lon: W 007° 21' 37" Temperature (°C), Rain (mm), Wind Speed (km/h) Heat Cool Avg Mean Deg Deg Wind Dom Day Temp High Time Low Time Days Days Rain Speed High Time Dir ---------------------------------------------------------------------------------- 01 6.0 11.5 15:24 -0.1 02:54 12.3 0.0 2.4 6.5 37.0 14:59 SSE 02 9.6 11.6 16:58 7.9 00:17 8.7 0.0 12.0 9.4 42.6 17:49 SSW 03 9.1 13.6 23:30 6.8 05:43 9.2 0.0 1.8 5.0 35.2 23:04 S 04 13.4 14.8 12:07 9.6 23:55 4.9 0.0 5.1 9.3 40.7 04:09 SSW 05 8.4 9.7 09:50 6.1 23:34 9.9 0.0 6.3 3.9 20.4 10:13 SW 06 4.3 8.8 13:19 1.5 20:50 14.0 0.0 1.8 3.0 24.1 16:48 W 07 3.0 7.0 11:41 -1.1 07:54 15.3 0.0 23.4 8.2 53.7 21:11 SSE 08 4.8 10.3 14:04 2.6 07:55 13.5 0.0 2.7 3.7 22.2 04:17 S 09 4.1 8.3 14:03 -0.6 22:24 14.2 0.0 6.6 5.4 29.6 12:23 N 10 1.4 7.2 14:30 -4.5 07:51 16.9 0.0 3.3 4.4 31.5 23:34 SSE 11 7.6 9.4 04:35 5.5 00:00 10.7 0.0 20.7 15.4 59.3 12:19 SW 12 6.0 8.2 11:22 -2.0 17:56 12.3 0.0 1.5 6.6 46.3 00:50 SSW 13 2.9 5.0 10:31 0.7 07:28 15.4 0.0 2.1 3.0 25.9 10:50 SSE 14 0.9 8.3 14:09 -4.3 06:40 11.6 0.0 0.0 1.0 42.6 03:08 N 16 6.7 7.0 17:56 5.5 17:42 3.0 0.0 5.1 14.8 48.2 18:38 ESE 17 6.5 9.5 13:23 2.4 07:47 11.8 0.0 9.0 9.7 55.6 00:10 SE 18 6.2 9.5 14:55 1.4 23:30 12.1 0.0 1.8 7.7 37.0 00:36 SSE 19 3.8 9.5 13:36 -0.4 06:47 14.5 0.0 0.3 2.0 14.8 14:09 ESE 20 4.1 7.7 13:52 1.2 20:06 14.2 0.0 0.0 1.1 42.6 16:33 N 21 1.7 6.1 12:39 -1.8 23:50 16.6 0.0 0.3 3.4 14.8 09:48 NNW 22 1.2 7.7 13:07 -2.3 03:34 17.1 0.0 0.3 2.4 14.8 05:15 NW 23 1.1 4.3 14:12 -0.3 03:39 17.2 0.0 0.0 2.7 13.0 15:20 WNW 24 0.9 3.9 13:29 -3.2 23:43 17.4 0.0 0.6 3.4 18.5 20:58 WNW 25 -0.4 3.6 14:22 -3.9 08:23 18.7 0.0 1.2 5.2 24.1 10:38 WNW 26 -0.1 3.2 13:28 -3.4 23:37 18.4 0.0 0.3 5.8 27.8 11:25 NW 27 -2.0 2.1 13:38 -4.2 05:04 20.3 0.0 0.9 3.7 18.5 02:08 NNW 28 -5.2 -1.7 13:55 -10.6 23:27 23.5 0.0 0.0 1.4 11.1 06:29 NW 29 -5.1 0.1 15:08 -10.5 00:00 23.4 0.0 0.0 0.1 5.6 02:57 WNW 30 -3.0 0.0 13:19 -6.8 00:49 21.3 0.0 1.8 0.7 20.4 10:38 NNE ---------------------------------------------------------------------------------- 3.4 14.8 4 -10.6 28 418.4 0.0 111.3 4.9 59.3 11 SSW Max >= 27.0 0 Max <= 0.0 2 Min <= 0.0 17 Min <= -18.0 0 Max Rain: 23.4 on day 7 Days of Rain: 24 (>= 0.2 mm) 12 (>= 2.0 mm) 2 (>= 20.0 mm) Heat Base: 18.3 Cool Base: 18.3 Method: Integration