NOAA-Style Climate Reports
Select a Year or Month report
2024: Jan Feb Mar Apr May Jun Jul Aug Sep Oct Nov Dec
2023: Jan Feb Mar Apr May Jun Jul Aug Sep Oct Nov Dec
2022: Jan Feb Mar Apr May Jun Jul Aug Sep Oct Nov Dec
2021: Jan Feb Mar Apr May Jun Jul Aug Sep Oct Nov Dec
2020: Jan Feb Mar Apr May Jun Jul Aug Sep Oct Nov Dec
2019: Jan Feb Mar Apr May Jun Jul Aug Sep Oct Nov Dec
2018: Jan Feb Mar Apr May Jun Jul Aug Sep Oct Nov Dec
2017: Jan Feb Mar Apr May Jun Jul Aug Sep Oct Nov Dec
2016: Jan Feb Mar Apr May Jun Jul Aug Sep Oct Nov Dec
2015: Jan Feb Mar Apr May Jun Jul Aug Sep Oct Nov Dec
2014: Jan Feb Mar Apr May Jun Jul Aug Sep Oct Nov Dec
2013: Jan Feb Mar Apr May Jun Jul Aug Sep Oct Nov Dec
2012: Jan Feb Mar Apr May Jun Jul Aug Sep Oct Nov Dec
2011: Jan Feb Mar Apr May Jun Jul Aug Sep Oct Nov Dec
2010: Jan Feb Mar Apr May Jun Jul Aug Sep Oct Nov Dec
2009: Jan Feb Mar Apr May Jun Jul Aug Sep Oct Nov Dec
2008: Jan Feb Mar Apr May Jun Jul Aug Sep Oct Nov Dec
2024: Jan Feb Mar Apr May Jun Jul Aug Sep Oct Nov Dec
2023: Jan Feb Mar Apr May Jun Jul Aug Sep Oct Nov Dec
2022: Jan Feb Mar Apr May Jun Jul Aug Sep Oct Nov Dec
2021: Jan Feb Mar Apr May Jun Jul Aug Sep Oct Nov Dec
2020: Jan Feb Mar Apr May Jun Jul Aug Sep Oct Nov Dec
2019: Jan Feb Mar Apr May Jun Jul Aug Sep Oct Nov Dec
2018: Jan Feb Mar Apr May Jun Jul Aug Sep Oct Nov Dec
2017: Jan Feb Mar Apr May Jun Jul Aug Sep Oct Nov Dec
2016: Jan Feb Mar Apr May Jun Jul Aug Sep Oct Nov Dec
2015: Jan Feb Mar Apr May Jun Jul Aug Sep Oct Nov Dec
2014: Jan Feb Mar Apr May Jun Jul Aug Sep Oct Nov Dec
2013: Jan Feb Mar Apr May Jun Jul Aug Sep Oct Nov Dec
2012: Jan Feb Mar Apr May Jun Jul Aug Sep Oct Nov Dec
2011: Jan Feb Mar Apr May Jun Jul Aug Sep Oct Nov Dec
2010: Jan Feb Mar Apr May Jun Jul Aug Sep Oct Nov Dec
2009: Jan Feb Mar Apr May Jun Jul Aug Sep Oct Nov Dec
2008: Jan Feb Mar Apr May Jun Jul Aug Sep Oct Nov Dec
Report for 2011 January
Monthly Climatological Summary for Jan 2011 Name: Garrymore Weather City: Geashill State: Offaly Elevation: 80 m Lat: N 53° 10' 05" Lon: W 007° 21' 37" Temperature (°C), Rain (mm), Wind Speed (km/h) Heat Cool Avg Mean Deg Deg Wind Dom Day Temp High Time Low Time Days Days Rain Speed High Time Dir ---------------------------------------------------------------------------------- 01 4.4 6.8 13:28 1.9 23:46 13.9 0.0 0.3 2.6 16.7 14:35 NW 02 0.5 1.9 00:00 -0.7 23:30 17.8 0.0 0.0 1.1 9.3 00:12 NNE 03 -0.5 3.7 14:12 -2.0 07:50 18.8 0.0 0.0 0.9 9.3 08:59 SSE 04 2.8 5.7 18:41 -1.3 00:00 15.5 0.0 0.0 6.2 33.3 12:44 SSW 05 1.6 6.5 14:06 -2.8 22:32 16.7 0.0 0.3 3.9 33.3 11:32 S 06 -1.1 4.3 13:38 -5.6 23:54 19.4 0.0 0.0 1.4 16.7 13:20 NNW 07 -1.4 3.4 12:24 -6.2 01:43 19.7 0.0 3.9 1.0 16.7 23:54 N 08 0.8 4.4 13:52 -1.8 09:26 17.5 0.0 4.5 5.2 37.0 14:21 SW 09 1.6 6.9 13:37 -0.5 06:22 16.7 0.0 0.0 3.9 20.4 02:37 S 10 4.4 6.9 14:45 0.6 01:08 13.9 0.0 7.2 2.4 35.2 23:56 SE 11 3.4 6.0 14:12 0.2 08:43 14.9 0.0 6.0 7.6 46.3 22:29 SSW 12 9.5 10.7 13:09 5.5 00:00 8.8 0.0 4.2 5.9 33.3 00:14 SSE 13 9.6 10.8 05:20 8.2 19:52 8.7 0.0 0.9 4.7 25.9 23:54 SSE 14 6.9 9.5 12:47 4.0 20:08 11.4 0.0 3.9 7.0 33.3 12:50 SSE 15 10.1 11.5 14:07 7.2 00:00 8.2 0.0 14.7 16.3 51.9 20:52 SSE 16 7.9 10.9 01:22 2.6 22:12 10.4 0.0 1.2 7.2 59.3 00:35 S 17 1.8 7.7 14:38 -1.5 22:16 16.5 0.0 0.3 1.2 14.8 00:09 SSE 18 -0.2 6.8 14:38 -4.0 23:52 18.5 0.0 0.3 0.9 13.0 12:19 WNW 19 -2.1 6.2 15:08 -5.8 23:53 20.4 0.0 0.0 0.8 13.0 14:35 ESE 20 -2.7 5.8 14:32 -6.4 07:32 21.0 0.0 0.3 0.1 5.6 00:00 E 21 -2.5 4.5 14:22 -7.1 03:37 20.8 0.0 0.3 0.5 9.3 13:35 NW 22 0.0 2.6 14:14 -3.3 08:27 18.3 0.0 0.0 0.8 9.3 14:33 NW 23 0.2 1.9 10:30 -1.9 17:32 18.1 0.0 0.3 2.7 13.0 10:34 WNW 24 2.8 5.4 13:54 0.6 00:00 15.5 0.0 0.3 3.8 20.4 19:52 WNW 25 5.9 7.5 20:41 2.9 00:00 12.4 0.0 0.9 6.8 25.9 08:42 WNW 26 4.0 7.7 13:39 -0.2 22:57 14.3 0.0 0.0 4.5 24.1 06:13 NNW 27 1.5 4.4 13:05 -0.6 06:08 16.8 0.0 0.0 1.7 16.7 11:50 NE 28 -1.5 2.1 12:23 -5.1 07:34 19.9 0.0 0.0 0.5 9.3 23:48 NW 29 0.3 6.4 13:08 -4.2 02:39 18.0 0.0 0.0 0.8 13.0 13:19 N 30 -0.9 4.7 14:30 -3.4 05:35 19.2 0.0 0.0 1.2 11.1 11:23 SSE 31 2.1 6.5 23:52 -2.7 02:22 16.2 0.0 0.3 8.0 33.3 20:36 SSE ---------------------------------------------------------------------------------- 2.2 11.5 15 -7.1 21 498.2 0.0 50.1 3.6 59.3 16 S Max >= 27.0 0 Max <= 0.0 0 Min <= 0.0 21 Min <= -18.0 0 Max Rain: 14.7 on day 15 Days of Rain: 19 (>= 0.2 mm) 7 (>= 2.0 mm) 0 (>= 20.0 mm) Heat Base: 18.3 Cool Base: 18.3 Method: Integration