NOAA-Style Climate Reports
Select a Year or Month report
2024: Jan Feb Mar Apr May Jun Jul Aug Sep Oct Nov Dec
2023: Jan Feb Mar Apr May Jun Jul Aug Sep Oct Nov Dec
2022: Jan Feb Mar Apr May Jun Jul Aug Sep Oct Nov Dec
2021: Jan Feb Mar Apr May Jun Jul Aug Sep Oct Nov Dec
2020: Jan Feb Mar Apr May Jun Jul Aug Sep Oct Nov Dec
2019: Jan Feb Mar Apr May Jun Jul Aug Sep Oct Nov Dec
2018: Jan Feb Mar Apr May Jun Jul Aug Sep Oct Nov Dec
2017: Jan Feb Mar Apr May Jun Jul Aug Sep Oct Nov Dec
2016: Jan Feb Mar Apr May Jun Jul Aug Sep Oct Nov Dec
2015: Jan Feb Mar Apr May Jun Jul Aug Sep Oct Nov Dec
2014: Jan Feb Mar Apr May Jun Jul Aug Sep Oct Nov Dec
2013: Jan Feb Mar Apr May Jun Jul Aug Sep Oct Nov Dec
2012: Jan Feb Mar Apr May Jun Jul Aug Sep Oct Nov Dec
2011: Jan Feb Mar Apr May Jun Jul Aug Sep Oct Nov Dec
2010: Jan Feb Mar Apr May Jun Jul Aug Sep Oct Nov Dec
2009: Jan Feb Mar Apr May Jun Jul Aug Sep Oct Nov Dec
2008: Jan Feb Mar Apr May Jun Jul Aug Sep Oct Nov Dec
2024: Jan Feb Mar Apr May Jun Jul Aug Sep Oct Nov Dec
2023: Jan Feb Mar Apr May Jun Jul Aug Sep Oct Nov Dec
2022: Jan Feb Mar Apr May Jun Jul Aug Sep Oct Nov Dec
2021: Jan Feb Mar Apr May Jun Jul Aug Sep Oct Nov Dec
2020: Jan Feb Mar Apr May Jun Jul Aug Sep Oct Nov Dec
2019: Jan Feb Mar Apr May Jun Jul Aug Sep Oct Nov Dec
2018: Jan Feb Mar Apr May Jun Jul Aug Sep Oct Nov Dec
2017: Jan Feb Mar Apr May Jun Jul Aug Sep Oct Nov Dec
2016: Jan Feb Mar Apr May Jun Jul Aug Sep Oct Nov Dec
2015: Jan Feb Mar Apr May Jun Jul Aug Sep Oct Nov Dec
2014: Jan Feb Mar Apr May Jun Jul Aug Sep Oct Nov Dec
2013: Jan Feb Mar Apr May Jun Jul Aug Sep Oct Nov Dec
2012: Jan Feb Mar Apr May Jun Jul Aug Sep Oct Nov Dec
2011: Jan Feb Mar Apr May Jun Jul Aug Sep Oct Nov Dec
2010: Jan Feb Mar Apr May Jun Jul Aug Sep Oct Nov Dec
2009: Jan Feb Mar Apr May Jun Jul Aug Sep Oct Nov Dec
2008: Jan Feb Mar Apr May Jun Jul Aug Sep Oct Nov Dec
Report for 2011 March
Monthly Climatological Summary for Mar 2011 Name: Garrymore Weather City: Geashill State: Offaly Elevation: 80 m Lat: N 53° 10' 05" Lon: W 007° 21' 37" Temperature (°C), Rain (mm), Wind Speed (km/h) Heat Cool Avg Mean Deg Deg Wind Dom Day Temp High Time Low Time Days Days Rain Speed High Time Dir ---------------------------------------------------------------------------------- 01 3.3 11.9 14:30 -2.7 07:23 15.0 0.0 0.0 1.9 18.5 10:40 SSE 02 2.3 11.3 15:11 -4.2 06:24 16.0 0.0 0.0 1.9 18.5 13:15 SE 03 1.0 10.6 16:27 -5.2 06:08 17.3 0.0 0.3 0.4 9.3 13:53 NNW 04 5.2 11.8 15:05 0.8 00:00 13.1 0.0 0.0 0.4 9.3 11:16 NNW 05 6.5 11.0 13:14 4.2 06:43 11.8 0.0 0.0 0.5 13.0 16:26 ENE 06 5.3 7.4 11:19 4.2 07:03 13.0 0.0 0.0 1.3 14.8 23:15 SE 07 5.3 12.8 14:32 -0.8 07:22 13.0 0.0 0.0 2.9 18.5 10:38 SE 08 4.3 9.7 13:47 -2.1 05:19 14.0 0.0 0.3 5.5 35.2 16:17 S 09 7.0 11.3 13:39 2.9 07:10 11.3 0.0 0.6 10.0 42.6 13:15 WSW 10 6.6 10.8 13:03 2.4 23:57 11.7 0.0 3.0 10.3 48.2 13:05 WSW 11 4.9 10.5 15:09 1.3 03:08 13.4 0.0 3.9 4.8 25.9 14:08 SSE 12 3.2 7.0 01:00 -1.3 23:59 15.1 0.0 3.3 3.4 22.2 15:17 W 13 1.9 7.8 15:33 -4.2 05:18 16.4 0.0 0.3 4.5 31.5 13:33 WNW 14 4.7 11.6 16:24 0.5 05:18 13.6 0.0 0.3 2.4 20.4 13:32 SE 15 5.2 11.4 14:54 -1.0 23:44 13.1 0.0 0.3 1.4 18.5 14:10 NW 16 3.2 13.4 15:25 -4.5 05:11 15.1 0.0 0.0 1.5 18.5 14:00 SE 17 5.8 10.0 15:56 0.5 23:50 12.5 0.0 0.9 3.8 24.1 11:44 WNW 18 4.9 12.8 14:11 -3.0 07:00 13.4 0.0 0.0 2.0 20.4 13:53 SW 19 5.1 11.7 12:59 -2.3 04:35 13.2 0.0 2.4 6.9 37.0 21:21 SSE 20 9.8 14.2 13:05 5.9 00:00 8.5 0.0 0.3 5.3 25.9 00:52 S 21 10.2 15.2 12:34 4.9 23:56 8.1 0.0 0.0 2.8 18.5 13:08 SSE 22 9.9 17.2 14:06 -0.2 06:07 8.4 0.0 0.0 0.4 9.3 10:38 NW 23 9.0 19.1 14:57 -0.3 06:31 9.3 0.0 0.0 1.2 16.7 15:56 ESE 24 8.3 19.9 14:43 -1.5 06:39 10.1 0.1 0.0 0.6 13.0 12:54 E 25 7.2 17.5 14:39 -0.2 06:01 11.1 0.0 0.0 1.1 13.0 10:16 NNE 26 4.2 11.5 16:42 -1.9 06:26 14.1 0.0 0.0 0.6 16.7 13:46 NE 27 6.7 16.4 15:09 0.3 04:43 11.6 0.0 0.0 1.2 18.5 15:28 NNE 28 7.4 16.4 15:12 -1.3 03:57 10.9 0.0 0.0 1.8 16.7 15:23 SE 29 7.6 11.8 14:43 3.2 04:29 10.7 0.0 0.3 2.4 20.4 23:32 SE 30 10.3 16.2 15:56 6.0 08:03 8.0 0.0 2.1 7.0 33.3 08:09 SSE 31 11.9 16.0 15:29 8.4 00:26 6.4 0.0 5.1 10.3 50.0 06:41 S ---------------------------------------------------------------------------------- 6.1 19.9 24 -5.2 3 379.2 0.1 23.4 3.3 50.0 31 S Max >= 27.0 0 Max <= 0.0 0 Min <= 0.0 17 Min <= -18.0 0 Max Rain: 5.1 on day 31 Days of Rain: 15 (>= 0.2 mm) 6 (>= 2.0 mm) 0 (>= 20.0 mm) Heat Base: 18.3 Cool Base: 18.3 Method: Integration