NOAA-Style Climate Reports
Select a Year or Month report
2024: Jan Feb Mar Apr May Jun Jul Aug Sep Oct Nov Dec
2023: Jan Feb Mar Apr May Jun Jul Aug Sep Oct Nov Dec
2022: Jan Feb Mar Apr May Jun Jul Aug Sep Oct Nov Dec
2021: Jan Feb Mar Apr May Jun Jul Aug Sep Oct Nov Dec
2020: Jan Feb Mar Apr May Jun Jul Aug Sep Oct Nov Dec
2019: Jan Feb Mar Apr May Jun Jul Aug Sep Oct Nov Dec
2018: Jan Feb Mar Apr May Jun Jul Aug Sep Oct Nov Dec
2017: Jan Feb Mar Apr May Jun Jul Aug Sep Oct Nov Dec
2016: Jan Feb Mar Apr May Jun Jul Aug Sep Oct Nov Dec
2015: Jan Feb Mar Apr May Jun Jul Aug Sep Oct Nov Dec
2014: Jan Feb Mar Apr May Jun Jul Aug Sep Oct Nov Dec
2013: Jan Feb Mar Apr May Jun Jul Aug Sep Oct Nov Dec
2012: Jan Feb Mar Apr May Jun Jul Aug Sep Oct Nov Dec
2011: Jan Feb Mar Apr May Jun Jul Aug Sep Oct Nov Dec
2010: Jan Feb Mar Apr May Jun Jul Aug Sep Oct Nov Dec
2009: Jan Feb Mar Apr May Jun Jul Aug Sep Oct Nov Dec
2008: Jan Feb Mar Apr May Jun Jul Aug Sep Oct Nov Dec
2024: Jan Feb Mar Apr May Jun Jul Aug Sep Oct Nov Dec
2023: Jan Feb Mar Apr May Jun Jul Aug Sep Oct Nov Dec
2022: Jan Feb Mar Apr May Jun Jul Aug Sep Oct Nov Dec
2021: Jan Feb Mar Apr May Jun Jul Aug Sep Oct Nov Dec
2020: Jan Feb Mar Apr May Jun Jul Aug Sep Oct Nov Dec
2019: Jan Feb Mar Apr May Jun Jul Aug Sep Oct Nov Dec
2018: Jan Feb Mar Apr May Jun Jul Aug Sep Oct Nov Dec
2017: Jan Feb Mar Apr May Jun Jul Aug Sep Oct Nov Dec
2016: Jan Feb Mar Apr May Jun Jul Aug Sep Oct Nov Dec
2015: Jan Feb Mar Apr May Jun Jul Aug Sep Oct Nov Dec
2014: Jan Feb Mar Apr May Jun Jul Aug Sep Oct Nov Dec
2013: Jan Feb Mar Apr May Jun Jul Aug Sep Oct Nov Dec
2012: Jan Feb Mar Apr May Jun Jul Aug Sep Oct Nov Dec
2011: Jan Feb Mar Apr May Jun Jul Aug Sep Oct Nov Dec
2010: Jan Feb Mar Apr May Jun Jul Aug Sep Oct Nov Dec
2009: Jan Feb Mar Apr May Jun Jul Aug Sep Oct Nov Dec
2008: Jan Feb Mar Apr May Jun Jul Aug Sep Oct Nov Dec
Report for 2011 April
Monthly Climatological Summary for Apr 2011 Name: Garrymore Weather City: Geashill State: Offaly Elevation: 80 m Lat: N 53° 10' 05" Lon: W 007° 21' 37" Temperature (°C), Rain (mm), Wind Speed (km/h) Heat Cool Avg Mean Deg Deg Wind Dom Day Temp High Time Low Time Days Days Rain Speed High Time Dir ---------------------------------------------------------------------------------- 01 11.4 12.5 12:12 10.0 23:56 6.9 0.0 3.9 17.0 51.9 10:46 SSE 02 9.2 14.2 14:48 4.5 07:15 9.1 0.0 5.7 7.7 42.6 02:47 S 03 6.9 13.3 15:51 1.5 06:12 11.4 0.0 0.6 3.8 27.8 18:40 SSW 04 9.3 16.7 16:16 2.4 00:54 9.0 0.0 3.6 11.3 46.3 10:31 SSE 05 13.2 18.0 14:12 10.3 00:00 5.1 0.0 6.0 9.1 46.3 00:57 SSE 06 13.6 18.6 16:28 10.7 06:37 4.7 0.0 0.3 9.2 35.2 14:50 SSE 07 12.6 16.2 15:40 9.2 23:57 5.7 0.0 0.0 3.1 22.2 03:42 W 08 12.3 22.1 16:48 2.3 06:28 6.6 0.6 0.0 1.4 16.7 13:37 ESE 09 12.2 18.9 13:55 4.5 06:10 6.1 0.0 0.0 5.0 29.6 11:56 SE 10 14.3 22.0 15:28 8.2 05:51 4.6 0.6 0.0 3.8 24.1 16:10 SSE 11 9.8 14.0 10:01 2.7 23:54 8.5 0.0 1.2 6.6 42.6 14:15 W 12 7.9 15.0 15:24 0.7 06:36 10.4 0.0 0.0 3.8 25.9 11:38 SSW 13 9.3 16.1 17:26 5.0 04:16 9.0 0.0 4.8 8.2 37.0 08:24 SE 14 10.7 14.4 14:55 8.5 03:59 7.6 0.0 0.0 1.7 14.8 02:28 WNW 15 11.7 17.6 08:58 6.4 07:28 6.6 0.0 0.0 1.9 20.4 15:16 W 16 9.5 15.6 18:26 3.6 23:58 8.8 0.0 0.3 2.1 16.7 10:26 NW 17 9.9 19.6 19:01 -0.2 06:12 8.4 0.0 0.0 1.2 16.7 14:38 ESE 18 10.7 19.9 13:21 1.8 05:14 7.6 0.1 0.0 2.8 27.8 15:28 SE 19 12.7 23.3 15:34 1.7 05:54 6.7 1.1 0.0 0.4 14.8 13:34 ENE 20 12.8 23.3 17:25 2.6 06:26 6.2 0.8 0.0 0.6 14.8 18:40 NW 21 15.8 24.9 17:02 8.2 06:38 4.3 1.7 0.0 1.7 20.4 15:10 ESE 22 14.0 22.6 14:54 6.9 01:40 4.9 0.6 0.3 5.7 37.0 14:58 SE 23 11.6 18.0 16:26 5.5 23:58 6.7 0.0 0.0 3.6 24.1 03:54 WNW 24 10.3 18.1 14:50 3.2 02:23 8.0 0.0 0.0 2.6 16.7 11:06 S 25 11.2 18.0 17:16 5.3 04:09 7.1 0.0 0.0 1.7 16.7 09:56 NW 26 11.4 19.3 15:19 5.9 06:49 6.9 0.0 0.9 0.7 13.0 13:21 NE 27 13.0 20.2 14:25 6.9 05:48 5.5 0.2 0.0 0.4 9.3 09:33 ESE 28 12.7 23.1 15:22 1.9 06:19 6.3 0.7 0.0 1.1 16.7 14:03 SE 29 12.3 21.9 15:41 0.5 05:48 6.7 0.7 0.0 0.9 18.5 11:23 ENE 30 13.4 20.0 15:27 7.3 04:48 5.0 0.2 0.0 1.7 27.8 13:19 ENE ---------------------------------------------------------------------------------- 11.5 24.9 21 -0.2 17 210.4 7.3 27.6 4.0 51.9 1 SSE Max >= 27.0 0 Max <= 0.0 0 Min <= 0.0 1 Min <= -18.0 0 Max Rain: 6.0 on day 5 Days of Rain: 11 (>= 0.2 mm) 5 (>= 2.0 mm) 0 (>= 20.0 mm) Heat Base: 18.3 Cool Base: 18.3 Method: Integration