NOAA-Style Climate Reports
Select a Year or Month report
2024: Jan Feb Mar Apr May Jun Jul Aug Sep Oct Nov Dec
2023: Jan Feb Mar Apr May Jun Jul Aug Sep Oct Nov Dec
2022: Jan Feb Mar Apr May Jun Jul Aug Sep Oct Nov Dec
2021: Jan Feb Mar Apr May Jun Jul Aug Sep Oct Nov Dec
2020: Jan Feb Mar Apr May Jun Jul Aug Sep Oct Nov Dec
2019: Jan Feb Mar Apr May Jun Jul Aug Sep Oct Nov Dec
2018: Jan Feb Mar Apr May Jun Jul Aug Sep Oct Nov Dec
2017: Jan Feb Mar Apr May Jun Jul Aug Sep Oct Nov Dec
2016: Jan Feb Mar Apr May Jun Jul Aug Sep Oct Nov Dec
2015: Jan Feb Mar Apr May Jun Jul Aug Sep Oct Nov Dec
2014: Jan Feb Mar Apr May Jun Jul Aug Sep Oct Nov Dec
2013: Jan Feb Mar Apr May Jun Jul Aug Sep Oct Nov Dec
2012: Jan Feb Mar Apr May Jun Jul Aug Sep Oct Nov Dec
2011: Jan Feb Mar Apr May Jun Jul Aug Sep Oct Nov Dec
2010: Jan Feb Mar Apr May Jun Jul Aug Sep Oct Nov Dec
2009: Jan Feb Mar Apr May Jun Jul Aug Sep Oct Nov Dec
2008: Jan Feb Mar Apr May Jun Jul Aug Sep Oct Nov Dec
2024: Jan Feb Mar Apr May Jun Jul Aug Sep Oct Nov Dec
2023: Jan Feb Mar Apr May Jun Jul Aug Sep Oct Nov Dec
2022: Jan Feb Mar Apr May Jun Jul Aug Sep Oct Nov Dec
2021: Jan Feb Mar Apr May Jun Jul Aug Sep Oct Nov Dec
2020: Jan Feb Mar Apr May Jun Jul Aug Sep Oct Nov Dec
2019: Jan Feb Mar Apr May Jun Jul Aug Sep Oct Nov Dec
2018: Jan Feb Mar Apr May Jun Jul Aug Sep Oct Nov Dec
2017: Jan Feb Mar Apr May Jun Jul Aug Sep Oct Nov Dec
2016: Jan Feb Mar Apr May Jun Jul Aug Sep Oct Nov Dec
2015: Jan Feb Mar Apr May Jun Jul Aug Sep Oct Nov Dec
2014: Jan Feb Mar Apr May Jun Jul Aug Sep Oct Nov Dec
2013: Jan Feb Mar Apr May Jun Jul Aug Sep Oct Nov Dec
2012: Jan Feb Mar Apr May Jun Jul Aug Sep Oct Nov Dec
2011: Jan Feb Mar Apr May Jun Jul Aug Sep Oct Nov Dec
2010: Jan Feb Mar Apr May Jun Jul Aug Sep Oct Nov Dec
2009: Jan Feb Mar Apr May Jun Jul Aug Sep Oct Nov Dec
2008: Jan Feb Mar Apr May Jun Jul Aug Sep Oct Nov Dec
Report for 2012 January
Monthly Climatological Summary for Jan 2012 Name: Garrymore Weather City: Geashill State: Offaly Elevation: 80 m Lat: N 53° 10' 05" Lon: W 007° 21' 37" Temperature (°C), Rain (mm), Wind Speed (km/h) Heat Cool Avg Mean Deg Deg Wind Dom Day Temp High Time Low Time Days Days Rain Speed High Time Dir ---------------------------------------------------------------------------------- 01 5.4 9.0 00:00 0.9 21:55 12.9 0.0 3.9 8.0 43.9 00:37 S 02 2.4 5.8 23:58 0.1 04:53 15.9 0.0 6.9 8.5 48.0 23:43 SSE 03 6.0 12.0 03:26 2.5 22:49 12.3 0.0 13.2 13.8 68.5 03:21 SW 04 6.3 9.2 23:48 3.6 00:00 12.0 0.0 10.8 11.1 46.5 23:17 SW 05 7.2 12.6 05:26 4.3 23:29 11.1 0.0 5.7 12.1 56.3 07:02 WNW 06 7.1 11.6 14:54 1.7 06:12 11.2 0.0 0.6 5.7 34.3 19:13 SW 07 6.8 8.3 00:00 5.3 07:55 11.5 0.0 0.3 5.4 25.6 01:28 W 08 9.1 11.2 12:05 6.6 00:01 9.2 0.0 0.0 5.5 24.4 18:27 SSW 09 8.1 9.8 11:35 4.2 18:09 10.2 0.0 0.0 4.7 33.2 03:49 SSW 10 8.3 11.2 14:43 5.7 03:53 10.0 0.0 0.3 6.1 24.4 12:28 SSE 11 10.1 12.0 12:19 9.3 00:12 8.2 0.0 0.0 5.3 28.2 13:26 SSW 12 7.0 10.3 01:23 0.7 23:07 11.3 0.0 1.5 5.4 36.7 04:44 W 13 1.4 7.7 13:21 -1.3 05:01 16.9 0.0 0.3 0.6 11.1 13:05 E 14 3.5 6.6 12:54 -1.3 01:30 14.8 0.0 0.0 6.2 30.6 11:40 E 15 3.9 6.4 14:17 0.5 21:47 14.4 0.0 0.0 7.2 31.7 09:56 E 16 4.4 7.6 14:57 2.6 00:00 13.9 0.0 0.0 6.1 29.6 21:47 ESE 17 7.6 10.3 12:35 4.9 01:52 10.7 0.0 2.1 7.3 31.7 12:58 SE 18 8.4 11.6 03:43 5.3 19:22 9.9 0.0 0.3 4.9 29.6 04:16 SSW 19 5.6 8.5 12:57 3.1 21:52 12.7 0.0 1.2 6.7 43.9 13:01 W 20 8.4 10.1 12:57 5.2 00:09 9.9 0.0 1.8 10.1 40.4 04:55 WSW 21 7.5 9.8 02:34 5.5 19:43 10.8 0.0 1.2 10.2 48.0 14:42 W 22 7.0 9.1 13:54 4.4 18:23 11.3 0.0 0.0 8.2 43.0 02:40 W 23 5.5 8.4 13:51 2.5 19:27 12.8 0.0 0.0 3.3 19.4 22:18 SW 24 9.4 11.8 14:41 5.2 00:11 8.9 0.0 5.1 5.9 28.2 08:20 S 25 6.9 10.1 11:21 0.8 23:40 11.4 0.0 13.8 11.0 55.2 11:52 SSE 26 2.6 6.4 14:41 -0.2 01:18 15.7 0.0 0.3 6.8 31.7 16:38 SW 27 3.3 7.5 13:03 -0.2 23:35 15.0 0.0 0.6 6.9 33.2 14:43 W 28 1.6 4.6 13:53 -2.1 03:25 16.7 0.0 2.4 2.4 19.4 19:26 SE 29 6.3 9.3 12:16 4.0 00:00 12.0 0.0 15.6 3.6 25.6 04:20 SSE 30 3.8 7.4 00:02 3.0 18:32 14.5 0.0 1.2 6.5 30.6 20:23 E 31 2.8 4.2 13:59 1.5 23:35 15.5 0.0 0.6 3.4 25.6 00:40 E ---------------------------------------------------------------------------------- 5.9 12.6 5 -2.1 28 383.6 0.0 89.7 6.7 68.5 3 SSW Max >= 27.0 0 Max <= 0.0 0 Min <= 0.0 5 Min <= -18.0 0 Max Rain: 15.6 on day 29 Days of Rain: 23 (>= 0.2 mm) 10 (>= 2.0 mm) 0 (>= 20.0 mm) Heat Base: 18.3 Cool Base: 18.3 Method: Integration