NOAA-Style Climate Reports
Select a Year or Month report
2024: Jan Feb Mar Apr May Jun Jul Aug Sep Oct Nov Dec
2023: Jan Feb Mar Apr May Jun Jul Aug Sep Oct Nov Dec
2022: Jan Feb Mar Apr May Jun Jul Aug Sep Oct Nov Dec
2021: Jan Feb Mar Apr May Jun Jul Aug Sep Oct Nov Dec
2020: Jan Feb Mar Apr May Jun Jul Aug Sep Oct Nov Dec
2019: Jan Feb Mar Apr May Jun Jul Aug Sep Oct Nov Dec
2018: Jan Feb Mar Apr May Jun Jul Aug Sep Oct Nov Dec
2017: Jan Feb Mar Apr May Jun Jul Aug Sep Oct Nov Dec
2016: Jan Feb Mar Apr May Jun Jul Aug Sep Oct Nov Dec
2015: Jan Feb Mar Apr May Jun Jul Aug Sep Oct Nov Dec
2014: Jan Feb Mar Apr May Jun Jul Aug Sep Oct Nov Dec
2013: Jan Feb Mar Apr May Jun Jul Aug Sep Oct Nov Dec
2012: Jan Feb Mar Apr May Jun Jul Aug Sep Oct Nov Dec
2011: Jan Feb Mar Apr May Jun Jul Aug Sep Oct Nov Dec
2010: Jan Feb Mar Apr May Jun Jul Aug Sep Oct Nov Dec
2009: Jan Feb Mar Apr May Jun Jul Aug Sep Oct Nov Dec
2008: Jan Feb Mar Apr May Jun Jul Aug Sep Oct Nov Dec
2024: Jan Feb Mar Apr May Jun Jul Aug Sep Oct Nov Dec
2023: Jan Feb Mar Apr May Jun Jul Aug Sep Oct Nov Dec
2022: Jan Feb Mar Apr May Jun Jul Aug Sep Oct Nov Dec
2021: Jan Feb Mar Apr May Jun Jul Aug Sep Oct Nov Dec
2020: Jan Feb Mar Apr May Jun Jul Aug Sep Oct Nov Dec
2019: Jan Feb Mar Apr May Jun Jul Aug Sep Oct Nov Dec
2018: Jan Feb Mar Apr May Jun Jul Aug Sep Oct Nov Dec
2017: Jan Feb Mar Apr May Jun Jul Aug Sep Oct Nov Dec
2016: Jan Feb Mar Apr May Jun Jul Aug Sep Oct Nov Dec
2015: Jan Feb Mar Apr May Jun Jul Aug Sep Oct Nov Dec
2014: Jan Feb Mar Apr May Jun Jul Aug Sep Oct Nov Dec
2013: Jan Feb Mar Apr May Jun Jul Aug Sep Oct Nov Dec
2012: Jan Feb Mar Apr May Jun Jul Aug Sep Oct Nov Dec
2011: Jan Feb Mar Apr May Jun Jul Aug Sep Oct Nov Dec
2010: Jan Feb Mar Apr May Jun Jul Aug Sep Oct Nov Dec
2009: Jan Feb Mar Apr May Jun Jul Aug Sep Oct Nov Dec
2008: Jan Feb Mar Apr May Jun Jul Aug Sep Oct Nov Dec
Report for 2012 February
Monthly Climatological Summary for Feb 2012 Name: Garrymore Weather City: Geashill State: Offaly Elevation: 80 m Lat: N 53° 10' 05" Lon: W 007° 21' 37" Temperature (°C), Rain (mm), Wind Speed (km/h) Heat Cool Avg Mean Deg Deg Wind Dom Day Temp High Time Low Time Days Days Rain Speed High Time Dir ---------------------------------------------------------------------------------- 01 -0.2 5.4 14:45 -5.7 23:35 18.5 0.0 0.0 1.5 18.3 13:16 E 02 -2.8 3.0 13:10 -6.3 00:54 21.1 0.0 0.0 1.9 15.9 12:16 ESE 03 -0.4 5.6 14:01 -6.1 06:58 18.7 0.0 0.0 3.9 25.6 14:21 SE 04 4.6 8.1 15:44 1.9 23:57 13.7 0.0 2.1 6.1 35.7 16:16 SSE 05 4.2 7.5 14:05 1.5 00:45 14.1 0.0 0.6 1.9 13.3 12:02 S 06 7.2 9.9 15:15 5.0 00:00 11.1 0.0 1.2 2.2 20.9 09:27 WNW 07 4.8 7.8 12:30 2.9 04:46 13.5 0.0 0.0 4.9 23.3 22:30 ESE 08 4.1 5.3 12:13 3.3 00:46 14.2 0.0 0.3 10.9 36.7 12:29 SE 09 7.1 9.5 13:48 4.3 03:26 11.2 0.0 1.2 5.2 25.6 00:42 SE 10 8.6 12.8 12:54 6.5 22:09 9.7 0.0 0.9 2.5 22.0 20:49 SE 11 6.8 10.1 12:25 3.6 23:44 11.5 0.0 4.5 3.9 24.4 04:05 SE 12 4.9 8.9 13:34 0.7 04:45 13.4 0.0 0.0 2.4 19.4 15:24 W 13 5.7 7.9 14:04 3.9 08:10 12.6 0.0 0.6 7.3 34.3 13:11 WNW 14 6.2 8.8 12:28 3.8 08:10 12.1 0.0 0.0 8.4 41.9 23:21 WNW 15 7.2 9.7 13:35 6.1 20:41 11.1 0.0 0.3 8.6 36.7 10:35 WNW 16 7.9 9.2 13:28 5.2 02:47 10.4 0.0 0.3 6.1 29.6 10:11 WSW 17 9.3 11.6 14:33 7.3 23:26 9.0 0.0 0.9 7.6 36.7 23:25 SW 18 4.9 8.3 05:59 -0.7 23:51 13.4 0.0 3.6 9.1 57.6 14:54 WSW 19 2.3 9.0 16:05 -1.1 07:00 16.0 0.0 0.0 3.1 17.2 01:38 W 20 6.0 9.8 12:56 0.1 00:00 12.3 0.0 0.0 8.5 30.6 08:45 SSE 21 9.8 12.7 13:41 7.6 07:27 8.5 0.0 0.0 9.4 35.7 11:34 SSE 22 11.1 13.7 12:43 8.7 06:02 7.2 0.0 3.9 11.6 40.4 04:35 S 23 11.7 14.3 11:08 10.6 02:24 6.6 0.0 0.0 7.0 29.6 11:20 SSW 24 8.9 11.3 14:15 5.0 23:52 9.4 0.0 1.5 4.8 28.2 03:10 W 25 5.8 14.4 14:53 0.6 04:47 12.5 0.0 0.0 1.9 22.0 15:17 WSW 26 8.0 10.6 11:26 5.2 03:39 10.3 0.0 0.3 5.4 29.6 11:18 SSE 27 9.7 11.1 14:41 7.4 05:30 8.6 0.0 0.3 5.1 30.6 13:35 SSW 28 9.9 12.0 14:18 7.9 23:57 8.4 0.0 0.0 3.1 17.2 05:28 S 29 9.7 14.7 14:22 7.0 09:03 8.6 0.0 0.0 6.6 31.7 13:13 SE ---------------------------------------------------------------------------------- 6.3 14.7 29 -6.3 2 347.7 0.0 22.5 5.5 57.6 18 SSW Max >= 27.0 0 Max <= 0.0 0 Min <= 0.0 5 Min <= -18.0 0 Max Rain: 4.5 on day 11 Days of Rain: 16 (>= 0.2 mm) 4 (>= 2.0 mm) 0 (>= 20.0 mm) Heat Base: 18.3 Cool Base: 18.3 Method: Integration