NOAA-Style Climate Reports
Select a Year or Month report
2024: Jan Feb Mar Apr May Jun Jul Aug Sep Oct Nov Dec
2023: Jan Feb Mar Apr May Jun Jul Aug Sep Oct Nov Dec
2022: Jan Feb Mar Apr May Jun Jul Aug Sep Oct Nov Dec
2021: Jan Feb Mar Apr May Jun Jul Aug Sep Oct Nov Dec
2020: Jan Feb Mar Apr May Jun Jul Aug Sep Oct Nov Dec
2019: Jan Feb Mar Apr May Jun Jul Aug Sep Oct Nov Dec
2018: Jan Feb Mar Apr May Jun Jul Aug Sep Oct Nov Dec
2017: Jan Feb Mar Apr May Jun Jul Aug Sep Oct Nov Dec
2016: Jan Feb Mar Apr May Jun Jul Aug Sep Oct Nov Dec
2015: Jan Feb Mar Apr May Jun Jul Aug Sep Oct Nov Dec
2014: Jan Feb Mar Apr May Jun Jul Aug Sep Oct Nov Dec
2013: Jan Feb Mar Apr May Jun Jul Aug Sep Oct Nov Dec
2012: Jan Feb Mar Apr May Jun Jul Aug Sep Oct Nov Dec
2011: Jan Feb Mar Apr May Jun Jul Aug Sep Oct Nov Dec
2010: Jan Feb Mar Apr May Jun Jul Aug Sep Oct Nov Dec
2009: Jan Feb Mar Apr May Jun Jul Aug Sep Oct Nov Dec
2008: Jan Feb Mar Apr May Jun Jul Aug Sep Oct Nov Dec
2024: Jan Feb Mar Apr May Jun Jul Aug Sep Oct Nov Dec
2023: Jan Feb Mar Apr May Jun Jul Aug Sep Oct Nov Dec
2022: Jan Feb Mar Apr May Jun Jul Aug Sep Oct Nov Dec
2021: Jan Feb Mar Apr May Jun Jul Aug Sep Oct Nov Dec
2020: Jan Feb Mar Apr May Jun Jul Aug Sep Oct Nov Dec
2019: Jan Feb Mar Apr May Jun Jul Aug Sep Oct Nov Dec
2018: Jan Feb Mar Apr May Jun Jul Aug Sep Oct Nov Dec
2017: Jan Feb Mar Apr May Jun Jul Aug Sep Oct Nov Dec
2016: Jan Feb Mar Apr May Jun Jul Aug Sep Oct Nov Dec
2015: Jan Feb Mar Apr May Jun Jul Aug Sep Oct Nov Dec
2014: Jan Feb Mar Apr May Jun Jul Aug Sep Oct Nov Dec
2013: Jan Feb Mar Apr May Jun Jul Aug Sep Oct Nov Dec
2012: Jan Feb Mar Apr May Jun Jul Aug Sep Oct Nov Dec
2011: Jan Feb Mar Apr May Jun Jul Aug Sep Oct Nov Dec
2010: Jan Feb Mar Apr May Jun Jul Aug Sep Oct Nov Dec
2009: Jan Feb Mar Apr May Jun Jul Aug Sep Oct Nov Dec
2008: Jan Feb Mar Apr May Jun Jul Aug Sep Oct Nov Dec
Report for 2012 April
Monthly Climatological Summary for Apr 2012 Name: Garrymore Weather City: Geashill State: Offaly Elevation: 80 m Lat: N 53° 10' 05" Lon: W 007° 21' 37" Temperature (°C), Rain (mm), Wind Speed (km/h) Heat Cool Avg Mean Deg Deg Wind Dom Day Temp High Time Low Time Days Days Rain Speed High Time Dir ---------------------------------------------------------------------------------- 01 7.6 15.2 16:56 -1.1 06:45 10.7 0.0 0.0 1.2 13.3 15:58 NW 02 7.8 11.7 15:43 5.2 23:08 10.5 0.0 0.0 2.1 20.9 17:20 WNW 03 4.9 8.7 12:59 0.2 23:00 13.4 0.0 1.8 8.1 39.3 17:20 NW 04 4.3 9.7 13:04 0.0 01:13 14.0 0.0 0.0 9.9 40.4 08:58 NNW 05 6.6 13.9 15:19 -1.0 06:58 11.7 0.0 0.0 2.9 18.3 03:09 N 06 7.2 11.0 16:22 2.8 04:53 11.1 0.0 0.0 5.4 25.6 19:14 WNW 07 10.1 14.1 14:22 5.8 07:03 8.2 0.0 0.3 6.9 25.6 13:22 NW 08 9.0 11.7 12:06 6.6 23:56 9.3 0.0 0.9 6.3 27.0 00:12 WSW 09 7.1 13.1 16:04 2.9 23:58 11.2 0.0 5.7 5.5 28.2 18:09 SSW 10 5.6 11.8 13:52 1.7 23:52 12.7 0.0 1.2 4.8 29.6 14:01 WSW 11 6.4 13.2 14:26 0.0 05:27 11.9 0.0 1.5 4.6 25.6 18:33 WNW 12 6.6 13.0 13:08 1.1 04:20 11.7 0.0 1.2 2.6 22.0 15:12 WNW 13 8.0 14.7 16:56 3.0 23:53 10.3 0.0 0.0 1.9 15.9 17:41 NNW 14 6.4 13.0 15:10 0.8 06:50 11.9 0.0 0.0 3.2 17.2 15:05 N 15 5.4 13.4 16:43 -2.3 06:28 12.9 0.0 0.0 2.5 22.0 14:53 NW 16 6.9 10.0 13:27 3.0 00:00 11.4 0.0 1.2 9.7 46.5 18:35 SE 17 6.7 10.8 12:28 4.1 06:36 11.6 0.0 12.0 9.0 36.7 12:24 S 18 7.0 14.3 16:33 3.8 23:46 11.3 0.0 4.5 6.0 30.6 09:36 NW 19 6.8 14.0 15:58 0.7 06:28 11.5 0.0 0.6 4.2 28.2 11:10 NW 20 7.3 13.4 15:47 2.2 06:27 11.0 0.0 0.3 3.5 30.6 16:21 W 21 8.1 14.8 18:52 2.0 03:35 10.2 0.0 0.3 5.4 31.7 09:59 W 22 8.1 14.5 14:45 4.9 00:50 10.2 0.0 8.1 4.4 31.7 14:58 W 23 7.7 13.6 16:38 3.4 02:35 10.6 0.0 2.1 2.5 18.3 19:29 NNW 24 7.6 14.6 15:39 2.9 23:57 10.7 0.0 14.7 1.5 23.3 17:20 ESE 25 5.5 8.5 14:57 2.9 00:00 12.8 0.0 8.1 5.9 28.2 11:26 NNE 26 7.0 11.0 15:28 5.1 00:00 11.3 0.0 4.2 8.8 33.2 16:22 NNW 27 7.1 12.9 15:57 2.0 23:38 11.2 0.0 0.3 5.0 22.0 00:20 NNW 28 6.4 14.9 13:54 -0.5 06:10 11.9 0.0 0.0 3.6 19.4 10:12 N 29 5.6 10.8 11:47 0.8 03:58 12.7 0.0 1.2 7.7 30.6 11:57 N 30 8.3 13.6 15:15 3.1 00:00 10.0 0.0 3.3 5.0 28.2 14:57 NNE ---------------------------------------------------------------------------------- 7.0 15.2 1 -2.3 15 339.9 0.0 73.5 5.0 46.5 16 NW Max >= 27.0 0 Max <= 0.0 0 Min <= 0.0 6 Min <= -18.0 0 Max Rain: 14.7 on day 24 Days of Rain: 21 (>= 0.2 mm) 9 (>= 2.0 mm) 0 (>= 20.0 mm) Heat Base: 18.3 Cool Base: 18.3 Method: Integration