NOAA-Style Climate Reports
Select a Year or Month report
2024: Jan Feb Mar Apr May Jun Jul Aug Sep Oct Nov Dec
2023: Jan Feb Mar Apr May Jun Jul Aug Sep Oct Nov Dec
2022: Jan Feb Mar Apr May Jun Jul Aug Sep Oct Nov Dec
2021: Jan Feb Mar Apr May Jun Jul Aug Sep Oct Nov Dec
2020: Jan Feb Mar Apr May Jun Jul Aug Sep Oct Nov Dec
2019: Jan Feb Mar Apr May Jun Jul Aug Sep Oct Nov Dec
2018: Jan Feb Mar Apr May Jun Jul Aug Sep Oct Nov Dec
2017: Jan Feb Mar Apr May Jun Jul Aug Sep Oct Nov Dec
2016: Jan Feb Mar Apr May Jun Jul Aug Sep Oct Nov Dec
2015: Jan Feb Mar Apr May Jun Jul Aug Sep Oct Nov Dec
2014: Jan Feb Mar Apr May Jun Jul Aug Sep Oct Nov Dec
2013: Jan Feb Mar Apr May Jun Jul Aug Sep Oct Nov Dec
2012: Jan Feb Mar Apr May Jun Jul Aug Sep Oct Nov Dec
2011: Jan Feb Mar Apr May Jun Jul Aug Sep Oct Nov Dec
2010: Jan Feb Mar Apr May Jun Jul Aug Sep Oct Nov Dec
2009: Jan Feb Mar Apr May Jun Jul Aug Sep Oct Nov Dec
2008: Jan Feb Mar Apr May Jun Jul Aug Sep Oct Nov Dec
2024: Jan Feb Mar Apr May Jun Jul Aug Sep Oct Nov Dec
2023: Jan Feb Mar Apr May Jun Jul Aug Sep Oct Nov Dec
2022: Jan Feb Mar Apr May Jun Jul Aug Sep Oct Nov Dec
2021: Jan Feb Mar Apr May Jun Jul Aug Sep Oct Nov Dec
2020: Jan Feb Mar Apr May Jun Jul Aug Sep Oct Nov Dec
2019: Jan Feb Mar Apr May Jun Jul Aug Sep Oct Nov Dec
2018: Jan Feb Mar Apr May Jun Jul Aug Sep Oct Nov Dec
2017: Jan Feb Mar Apr May Jun Jul Aug Sep Oct Nov Dec
2016: Jan Feb Mar Apr May Jun Jul Aug Sep Oct Nov Dec
2015: Jan Feb Mar Apr May Jun Jul Aug Sep Oct Nov Dec
2014: Jan Feb Mar Apr May Jun Jul Aug Sep Oct Nov Dec
2013: Jan Feb Mar Apr May Jun Jul Aug Sep Oct Nov Dec
2012: Jan Feb Mar Apr May Jun Jul Aug Sep Oct Nov Dec
2011: Jan Feb Mar Apr May Jun Jul Aug Sep Oct Nov Dec
2010: Jan Feb Mar Apr May Jun Jul Aug Sep Oct Nov Dec
2009: Jan Feb Mar Apr May Jun Jul Aug Sep Oct Nov Dec
2008: Jan Feb Mar Apr May Jun Jul Aug Sep Oct Nov Dec
Report for 2012 June
Monthly Climatological Summary for Jun 2012 Name: Garrymore Weather City: Geashill State: Offaly Elevation: 80 m Lat: N 53° 10' 05" Lon: W 007° 21' 37" Temperature (°C), Rain (mm), Wind Speed (km/h) Heat Cool Avg Mean Deg Deg Wind Dom Day Temp High Time Low Time Days Days Rain Speed High Time Dir ---------------------------------------------------------------------------------- 01 17.7 26.4 16:03 13.1 05:25 2.2 1.6 0.9 0.6 11.1 05:26 WNW 02 14.7 19.4 11:33 12.0 23:48 3.6 0.0 13.2 0.4 17.2 13:14 ENE 03 10.1 17.0 00:45 7.8 23:59 8.2 0.0 14.4 1.0 13.3 01:51 NNE 04 14.3 23.0 08:27 6.3 05:04 4.8 0.8 0.0 1.4 17.2 18:45 ESE 05 10.8 13.7 17:09 7.6 05:00 7.5 0.0 4.5 2.5 23.3 12:12 E 06 13.5 20.3 10:33 9.7 05:34 4.8 0.0 11.7 1.5 18.3 17:01 SSE 07 12.0 15.2 14:21 10.4 04:55 6.3 0.0 25.5 1.3 19.4 14:40 ENE 08 10.1 12.8 05:48 7.8 07:57 8.2 0.0 25.8 8.6 48.0 11:35 W 09 13.1 22.5 19:30 8.1 02:25 5.4 0.1 0.0 4.4 27.0 05:58 WSW 10 14.5 23.0 16:54 5.2 05:14 4.6 0.8 0.0 1.6 18.3 21:47 SE 11 14.7 22.4 10:24 7.2 05:15 4.2 0.6 1.2 0.8 12.2 13:59 S 12 12.5 17.8 17:58 9.0 22:44 5.8 0.0 11.4 0.5 13.3 14:25 WNW 13 12.9 23.2 15:56 9.2 04:29 5.6 0.2 0.3 1.6 15.9 17:05 WSW 14 10.9 14.3 12:46 8.0 19:13 7.4 0.0 8.7 5.2 37.8 12:47 ENE 15 12.9 18.4 13:24 8.9 00:55 5.4 0.0 3.0 6.5 34.3 16:46 E 16 12.2 14.9 15:12 9.5 23:58 6.1 0.0 3.6 4.6 35.7 17:59 WNW 17 13.6 25.6 19:47 8.3 05:15 5.1 0.4 0.0 2.0 15.9 00:31 SW 18 11.7 19.3 12:45 6.4 04:58 6.6 0.0 3.9 2.8 27.0 18:37 SE 19 13.2 21.7 15:21 3.7 05:49 5.4 0.4 0.3 2.3 23.3 12:55 SE 20 13.6 21.0 16:45 6.8 02:14 4.9 0.2 4.5 2.5 20.9 17:58 ESE 21 12.4 19.0 13:48 9.2 07:47 5.9 0.0 25.2 1.4 19.4 06:33 SE 22 12.4 16.6 14:56 10.0 06:04 5.9 0.0 9.6 7.6 41.9 14:56 WSW 23 12.8 16.3 12:01 10.4 00:01 5.5 0.0 0.0 6.3 30.6 09:28 SSE 24 14.5 20.9 15:49 10.0 05:25 3.9 0.1 1.2 2.6 22.0 14:23 W 25 16.5 23.9 14:16 9.1 03:43 3.0 1.2 0.0 1.9 22.0 17:40 ESE 26 17.0 24.2 15:47 10.8 04:34 2.4 1.2 2.1 3.2 23.3 11:31 SE 27 18.4 24.4 14:42 15.1 23:52 1.2 1.3 3.6 5.3 24.4 17:25 SE 28 16.5 22.4 14:30 11.8 03:00 2.4 0.6 7.5 6.7 34.3 16:25 SE 29 15.1 20.4 13:17 10.8 05:06 3.4 0.2 3.6 6.0 31.7 13:02 SSE 30 12.6 16.3 15:48 9.7 23:14 5.7 0.0 3.6 5.1 33.2 16:46 SW ---------------------------------------------------------------------------------- 13.6 26.4 1 3.7 19 151.4 9.7 189.3 3.3 48.0 8 SSE Max >= 27.0 0 Max <= 0.0 0 Min <= 0.0 0 Min <= -18.0 0 Max Rain: 25.8 on day 8 Days of Rain: 24 (>= 0.2 mm) 19 (>= 2.0 mm) 3 (>= 20.0 mm) Heat Base: 18.3 Cool Base: 18.3 Method: Integration