NOAA-Style Climate Reports
Select a Year or Month report
2024: Jan Feb Mar Apr May Jun Jul Aug Sep Oct Nov Dec
2023: Jan Feb Mar Apr May Jun Jul Aug Sep Oct Nov Dec
2022: Jan Feb Mar Apr May Jun Jul Aug Sep Oct Nov Dec
2021: Jan Feb Mar Apr May Jun Jul Aug Sep Oct Nov Dec
2020: Jan Feb Mar Apr May Jun Jul Aug Sep Oct Nov Dec
2019: Jan Feb Mar Apr May Jun Jul Aug Sep Oct Nov Dec
2018: Jan Feb Mar Apr May Jun Jul Aug Sep Oct Nov Dec
2017: Jan Feb Mar Apr May Jun Jul Aug Sep Oct Nov Dec
2016: Jan Feb Mar Apr May Jun Jul Aug Sep Oct Nov Dec
2015: Jan Feb Mar Apr May Jun Jul Aug Sep Oct Nov Dec
2014: Jan Feb Mar Apr May Jun Jul Aug Sep Oct Nov Dec
2013: Jan Feb Mar Apr May Jun Jul Aug Sep Oct Nov Dec
2012: Jan Feb Mar Apr May Jun Jul Aug Sep Oct Nov Dec
2011: Jan Feb Mar Apr May Jun Jul Aug Sep Oct Nov Dec
2010: Jan Feb Mar Apr May Jun Jul Aug Sep Oct Nov Dec
2009: Jan Feb Mar Apr May Jun Jul Aug Sep Oct Nov Dec
2008: Jan Feb Mar Apr May Jun Jul Aug Sep Oct Nov Dec
2024: Jan Feb Mar Apr May Jun Jul Aug Sep Oct Nov Dec
2023: Jan Feb Mar Apr May Jun Jul Aug Sep Oct Nov Dec
2022: Jan Feb Mar Apr May Jun Jul Aug Sep Oct Nov Dec
2021: Jan Feb Mar Apr May Jun Jul Aug Sep Oct Nov Dec
2020: Jan Feb Mar Apr May Jun Jul Aug Sep Oct Nov Dec
2019: Jan Feb Mar Apr May Jun Jul Aug Sep Oct Nov Dec
2018: Jan Feb Mar Apr May Jun Jul Aug Sep Oct Nov Dec
2017: Jan Feb Mar Apr May Jun Jul Aug Sep Oct Nov Dec
2016: Jan Feb Mar Apr May Jun Jul Aug Sep Oct Nov Dec
2015: Jan Feb Mar Apr May Jun Jul Aug Sep Oct Nov Dec
2014: Jan Feb Mar Apr May Jun Jul Aug Sep Oct Nov Dec
2013: Jan Feb Mar Apr May Jun Jul Aug Sep Oct Nov Dec
2012: Jan Feb Mar Apr May Jun Jul Aug Sep Oct Nov Dec
2011: Jan Feb Mar Apr May Jun Jul Aug Sep Oct Nov Dec
2010: Jan Feb Mar Apr May Jun Jul Aug Sep Oct Nov Dec
2009: Jan Feb Mar Apr May Jun Jul Aug Sep Oct Nov Dec
2008: Jan Feb Mar Apr May Jun Jul Aug Sep Oct Nov Dec
Report for 2012 July
Monthly Climatological Summary for Jul 2012 Name: Garrymore Weather City: Geashill State: Offaly Elevation: 80 m Lat: N 53° 10' 05" Lon: W 007° 21' 37" Temperature (°C), Rain (mm), Wind Speed (km/h) Heat Cool Avg Mean Deg Deg Wind Dom Day Temp High Time Low Time Days Days Rain Speed High Time Dir ---------------------------------------------------------------------------------- 01 13.1 18.4 11:48 9.6 00:18 5.2 0.0 1.8 5.3 25.6 08:18 S 02 16.2 23.1 14:08 11.9 02:36 2.6 0.5 15.0 1.8 17.2 18:18 SE 03 14.8 16.9 04:41 12.6 23:57 3.5 0.0 4.5 4.8 30.6 15:58 SE 04 15.6 22.0 19:45 10.5 05:38 3.0 0.4 2.1 3.2 22.0 12:17 ESE 05 17.1 24.9 14:07 10.8 05:06 2.7 1.5 0.0 0.4 12.2 14:26 NW 06 14.5 17.2 10:09 10.7 05:07 3.8 0.0 4.8 2.4 23.3 18:37 NW 07 19.3 26.9 19:26 14.0 05:22 1.6 2.6 0.3 0.7 20.9 00:10 NNW 08 13.0 15.4 13:53 10.3 23:15 5.3 0.0 0.9 4.2 20.9 22:49 WNW 09 12.3 17.0 17:36 9.9 03:19 6.0 0.0 11.4 2.3 17.2 21:04 WNW 10 12.9 23.0 17:02 8.7 03:58 5.4 0.0 3.9 4.7 24.4 08:31 WNW 11 12.7 17.7 13:46 8.2 23:57 5.6 0.0 0.3 3.8 22.0 20:10 W 12 12.3 19.2 10:13 6.2 05:48 6.0 0.0 6.9 2.3 24.4 14:11 E 13 13.7 23.4 13:04 9.9 04:55 5.0 0.4 2.7 0.8 12.2 17:05 NW 14 12.6 16.4 16:21 9.4 05:46 5.7 0.0 1.2 3.6 22.0 14:16 WNW 15 14.3 19.9 19:43 7.3 05:19 4.1 0.1 0.3 2.8 20.9 12:40 SSW 16 14.7 19.7 15:53 10.8 07:00 3.7 0.0 10.8 5.6 31.7 14:37 S 17 17.3 24.2 18:41 13.2 02:22 2.2 1.3 4.2 5.2 36.7 15:49 S 18 15.6 20.9 13:54 12.0 23:51 2.9 0.1 8.7 5.6 37.8 17:12 SW 19 13.0 18.8 16:05 9.0 05:43 5.3 0.0 0.0 3.6 20.9 11:38 WNW 20 14.4 22.1 19:50 9.7 05:30 4.1 0.1 0.0 1.8 18.3 15:24 WNW 21 14.3 21.5 15:05 6.0 05:43 4.5 0.5 0.0 3.9 23.3 23:08 SE 22 16.8 22.9 14:11 12.0 05:13 2.3 0.7 0.0 8.8 39.3 15:05 SE 23 18.4 23.5 09:16 15.4 23:21 1.0 1.1 9.3 8.1 41.9 10:48 SE 24 16.5 22.7 13:56 14.0 23:45 2.3 0.5 12.0 0.6 23.3 18:30 NW 25 16.6 22.5 13:19 12.7 01:38 2.3 0.6 0.3 0.4 13.3 00:24 NW 26 18.2 26.2 09:07 9.6 05:46 2.4 2.3 0.0 2.1 18.3 22:07 WNW 27 14.6 20.0 14:51 10.2 02:51 3.7 0.1 0.0 4.7 24.4 17:32 WNW 28 12.3 18.7 14:47 8.4 02:40 5.7 0.0 8.1 4.4 31.7 13:14 W 29 12.2 18.2 14:53 7.5 06:22 6.1 0.0 1.5 3.5 25.6 14:08 WSW 30 14.0 22.5 14:38 6.8 06:28 4.6 0.3 0.3 2.5 18.3 13:07 SSE 31 13.6 17.0 15:53 10.7 03:55 4.7 0.0 8.1 5.6 37.8 22:52 ESE ---------------------------------------------------------------------------------- 14.7 26.9 7 6.0 21 123.3 13.1 119.4 3.5 41.9 23 SSW Max >= 27.0 0 Max <= 0.0 0 Min <= 0.0 0 Min <= -18.0 0 Max Rain: 15.0 on day 2 Days of Rain: 24 (>= 0.2 mm) 15 (>= 2.0 mm) 0 (>= 20.0 mm) Heat Base: 18.3 Cool Base: 18.3 Method: Integration