NOAA-Style Climate Reports
Select a Year or Month report
2024: Jan Feb Mar Apr May Jun Jul Aug Sep Oct Nov Dec
2023: Jan Feb Mar Apr May Jun Jul Aug Sep Oct Nov Dec
2022: Jan Feb Mar Apr May Jun Jul Aug Sep Oct Nov Dec
2021: Jan Feb Mar Apr May Jun Jul Aug Sep Oct Nov Dec
2020: Jan Feb Mar Apr May Jun Jul Aug Sep Oct Nov Dec
2019: Jan Feb Mar Apr May Jun Jul Aug Sep Oct Nov Dec
2018: Jan Feb Mar Apr May Jun Jul Aug Sep Oct Nov Dec
2017: Jan Feb Mar Apr May Jun Jul Aug Sep Oct Nov Dec
2016: Jan Feb Mar Apr May Jun Jul Aug Sep Oct Nov Dec
2015: Jan Feb Mar Apr May Jun Jul Aug Sep Oct Nov Dec
2014: Jan Feb Mar Apr May Jun Jul Aug Sep Oct Nov Dec
2013: Jan Feb Mar Apr May Jun Jul Aug Sep Oct Nov Dec
2012: Jan Feb Mar Apr May Jun Jul Aug Sep Oct Nov Dec
2011: Jan Feb Mar Apr May Jun Jul Aug Sep Oct Nov Dec
2010: Jan Feb Mar Apr May Jun Jul Aug Sep Oct Nov Dec
2009: Jan Feb Mar Apr May Jun Jul Aug Sep Oct Nov Dec
2008: Jan Feb Mar Apr May Jun Jul Aug Sep Oct Nov Dec
2024: Jan Feb Mar Apr May Jun Jul Aug Sep Oct Nov Dec
2023: Jan Feb Mar Apr May Jun Jul Aug Sep Oct Nov Dec
2022: Jan Feb Mar Apr May Jun Jul Aug Sep Oct Nov Dec
2021: Jan Feb Mar Apr May Jun Jul Aug Sep Oct Nov Dec
2020: Jan Feb Mar Apr May Jun Jul Aug Sep Oct Nov Dec
2019: Jan Feb Mar Apr May Jun Jul Aug Sep Oct Nov Dec
2018: Jan Feb Mar Apr May Jun Jul Aug Sep Oct Nov Dec
2017: Jan Feb Mar Apr May Jun Jul Aug Sep Oct Nov Dec
2016: Jan Feb Mar Apr May Jun Jul Aug Sep Oct Nov Dec
2015: Jan Feb Mar Apr May Jun Jul Aug Sep Oct Nov Dec
2014: Jan Feb Mar Apr May Jun Jul Aug Sep Oct Nov Dec
2013: Jan Feb Mar Apr May Jun Jul Aug Sep Oct Nov Dec
2012: Jan Feb Mar Apr May Jun Jul Aug Sep Oct Nov Dec
2011: Jan Feb Mar Apr May Jun Jul Aug Sep Oct Nov Dec
2010: Jan Feb Mar Apr May Jun Jul Aug Sep Oct Nov Dec
2009: Jan Feb Mar Apr May Jun Jul Aug Sep Oct Nov Dec
2008: Jan Feb Mar Apr May Jun Jul Aug Sep Oct Nov Dec
Report for 2012 August
Monthly Climatological Summary for Aug 2012 Name: Garrymore Weather City: Geashill State: Offaly Elevation: 80 m Lat: N 53° 10' 05" Lon: W 007° 21' 37" Temperature (°C), Rain (mm), Wind Speed (km/h) Heat Cool Avg Mean Deg Deg Wind Dom Day Temp High Time Low Time Days Days Rain Speed High Time Dir ---------------------------------------------------------------------------------- 01 16.1 19.5 10:26 10.8 23:57 2.3 0.1 7.8 8.8 40.4 10:36 SE 02 15.0 21.4 14:16 9.7 04:09 3.8 0.4 0.0 6.3 30.6 14:05 SE 03 16.2 22.2 14:21 12.3 06:11 2.7 0.6 1.8 5.6 35.7 15:20 ESE 04 15.7 21.8 09:30 11.3 23:47 2.9 0.3 7.8 0.8 23.3 12:06 E 05 13.1 16.6 12:32 10.1 01:54 5.2 0.0 2.4 2.6 17.2 17:28 WNW 06 14.2 20.9 15:25 10.3 05:12 4.3 0.2 2.4 2.6 18.3 20:24 WSW 07 16.1 22.4 16:32 11.4 06:13 2.7 0.5 0.0 1.5 17.2 00:01 SE 08 19.3 27.1 15:57 13.7 05:50 1.4 2.5 0.0 1.3 14.8 13:15 SE 09 21.0 28.7 15:01 15.8 05:56 0.7 3.4 0.0 1.0 12.2 12:23 SE 10 21.7 28.5 19:24 13.4 06:49 0.9 4.3 0.0 2.4 20.9 15:48 ESE 11 18.3 24.1 11:54 13.0 06:05 1.7 1.7 0.0 4.3 35.7 12:38 E 12 17.1 21.7 16:39 14.7 23:25 1.6 0.4 18.9 4.7 28.2 18:21 ESE 13 17.6 24.3 15:48 12.8 07:33 2.0 1.3 31.8 4.6 25.6 14:29 ESE 14 18.3 24.6 17:21 13.4 04:24 1.7 1.8 0.3 3.7 27.0 15:16 SE 15 16.0 19.8 16:43 14.0 12:56 2.3 0.0 17.4 7.2 52.6 17:46 ESE 16 16.1 21.4 13:37 12.7 05:04 2.7 0.5 5.7 8.8 36.7 02:51 SE 17 18.0 23.9 15:56 14.6 00:00 1.3 1.0 3.0 4.4 25.6 00:13 SE 18 18.4 23.5 15:53 14.1 07:15 1.3 1.4 0.0 5.3 28.2 13:16 SE 19 17.2 21.8 13:58 13.7 04:18 1.7 0.5 0.0 4.1 31.7 12:41 SE 20 17.8 23.9 17:09 13.4 05:51 1.8 1.3 0.0 3.3 23.3 11:17 SSE 21 16.1 21.0 10:42 11.8 07:01 2.6 0.3 3.3 5.0 25.6 12:31 SSE 22 15.3 20.1 16:53 11.6 04:03 3.2 0.2 2.7 4.8 28.2 13:39 SSW 23 14.2 18.7 14:48 11.4 06:17 4.1 0.0 5.1 3.6 25.6 15:00 SE 24 13.5 19.1 17:14 11.0 04:09 4.8 0.0 2.1 1.2 27.0 11:36 ENE 25 14.4 18.7 12:57 11.3 23:22 4.0 0.0 6.6 4.8 24.4 15:50 NW 26 14.5 22.0 10:24 6.6 06:53 4.2 0.4 0.9 4.6 29.6 17:54 SE 27 15.5 21.4 14:03 11.9 23:39 3.0 0.2 8.4 7.2 39.3 01:58 SE 28 14.2 20.1 16:21 9.3 06:40 4.1 0.1 3.0 7.0 30.6 16:22 SE 29 13.8 18.0 13:00 10.4 01:35 4.5 0.0 2.7 6.1 36.7 11:44 SE 30 12.7 17.4 15:43 9.7 07:43 5.6 0.0 0.0 5.2 31.7 04:45 NW 31 12.2 17.5 17:25 8.2 01:41 6.1 0.0 0.9 3.4 20.9 17:36 S ---------------------------------------------------------------------------------- 16.1 28.7 9 6.6 26 91.2 23.4 135.0 4.4 52.6 15 SE Max >= 27.0 3 Max <= 0.0 0 Min <= 0.0 0 Min <= -18.0 0 Max Rain: 31.8 on day 13 Days of Rain: 21 (>= 0.2 mm) 17 (>= 2.0 mm) 1 (>= 20.0 mm) Heat Base: 18.3 Cool Base: 18.3 Method: Integration