NOAA-Style Climate Reports
Select a Year or Month report
2024: Jan Feb Mar Apr May Jun Jul Aug Sep Oct Nov Dec
2023: Jan Feb Mar Apr May Jun Jul Aug Sep Oct Nov Dec
2022: Jan Feb Mar Apr May Jun Jul Aug Sep Oct Nov Dec
2021: Jan Feb Mar Apr May Jun Jul Aug Sep Oct Nov Dec
2020: Jan Feb Mar Apr May Jun Jul Aug Sep Oct Nov Dec
2019: Jan Feb Mar Apr May Jun Jul Aug Sep Oct Nov Dec
2018: Jan Feb Mar Apr May Jun Jul Aug Sep Oct Nov Dec
2017: Jan Feb Mar Apr May Jun Jul Aug Sep Oct Nov Dec
2016: Jan Feb Mar Apr May Jun Jul Aug Sep Oct Nov Dec
2015: Jan Feb Mar Apr May Jun Jul Aug Sep Oct Nov Dec
2014: Jan Feb Mar Apr May Jun Jul Aug Sep Oct Nov Dec
2013: Jan Feb Mar Apr May Jun Jul Aug Sep Oct Nov Dec
2012: Jan Feb Mar Apr May Jun Jul Aug Sep Oct Nov Dec
2011: Jan Feb Mar Apr May Jun Jul Aug Sep Oct Nov Dec
2010: Jan Feb Mar Apr May Jun Jul Aug Sep Oct Nov Dec
2009: Jan Feb Mar Apr May Jun Jul Aug Sep Oct Nov Dec
2008: Jan Feb Mar Apr May Jun Jul Aug Sep Oct Nov Dec
2024: Jan Feb Mar Apr May Jun Jul Aug Sep Oct Nov Dec
2023: Jan Feb Mar Apr May Jun Jul Aug Sep Oct Nov Dec
2022: Jan Feb Mar Apr May Jun Jul Aug Sep Oct Nov Dec
2021: Jan Feb Mar Apr May Jun Jul Aug Sep Oct Nov Dec
2020: Jan Feb Mar Apr May Jun Jul Aug Sep Oct Nov Dec
2019: Jan Feb Mar Apr May Jun Jul Aug Sep Oct Nov Dec
2018: Jan Feb Mar Apr May Jun Jul Aug Sep Oct Nov Dec
2017: Jan Feb Mar Apr May Jun Jul Aug Sep Oct Nov Dec
2016: Jan Feb Mar Apr May Jun Jul Aug Sep Oct Nov Dec
2015: Jan Feb Mar Apr May Jun Jul Aug Sep Oct Nov Dec
2014: Jan Feb Mar Apr May Jun Jul Aug Sep Oct Nov Dec
2013: Jan Feb Mar Apr May Jun Jul Aug Sep Oct Nov Dec
2012: Jan Feb Mar Apr May Jun Jul Aug Sep Oct Nov Dec
2011: Jan Feb Mar Apr May Jun Jul Aug Sep Oct Nov Dec
2010: Jan Feb Mar Apr May Jun Jul Aug Sep Oct Nov Dec
2009: Jan Feb Mar Apr May Jun Jul Aug Sep Oct Nov Dec
2008: Jan Feb Mar Apr May Jun Jul Aug Sep Oct Nov Dec
Report for 2012 December
Monthly Climatological Summary for Dec 2012 Name: Garrymore Weather City: Geashill State: Offaly Elevation: 80 m Lat: N 53° 10' 05" Lon: W 007° 21' 37" Temperature (°C), Rain (mm), Wind Speed (km/h) Heat Cool Avg Mean Deg Deg Wind Dom Day Temp High Time Low Time Days Days Rain Speed High Time Dir ---------------------------------------------------------------------------------- 01 2.5 6.0 14:27 -0.1 19:29 15.8 0.0 0.3 2.7 18.3 02:26 W 02 3.8 9.4 21:36 -0.6 02:13 14.5 0.0 8.1 3.8 20.9 23:30 SE 03 4.8 8.7 00:00 1.9 19:50 13.5 0.0 0.6 5.4 30.6 12:09 SW 04 3.1 6.4 12:57 1.3 22:41 15.2 0.0 0.6 5.9 25.6 13:18 WSW 05 0.3 4.7 14:31 -3.9 23:09 18.0 0.0 0.3 3.1 25.6 02:33 WNW 06 2.0 6.7 16:57 -3.6 00:05 16.3 0.0 3.3 8.6 37.8 13:40 S 07 2.5 7.2 13:46 -0.3 23:58 15.8 0.0 1.2 7.3 31.7 00:17 WNW 08 3.2 7.6 14:44 -1.4 03:54 15.1 0.0 0.3 3.4 22.0 14:42 WSW 09 4.6 7.7 13:21 -0.8 23:48 13.7 0.0 0.9 4.3 25.6 05:47 W 10 -1.3 3.5 13:51 -4.0 08:51 19.6 0.0 0.3 0.1 6.1 00:40 WSW 11 -1.5 3.0 13:12 -5.8 06:33 19.8 0.0 0.0 1.9 20.9 15:57 ENE 12 1.8 4.0 18:19 -0.8 00:00 16.5 0.0 0.6 3.5 20.9 04:15 E 13 1.2 11.2 08:04 -1.3 08:56 17.1 0.0 0.3 5.8 37.8 23:48 ENE 14 6.0 9.7 14:02 2.9 00:23 12.3 0.0 3.9 8.6 37.8 07:03 ESE 15 5.0 10.1 13:59 3.0 23:28 13.3 0.0 0.6 6.4 27.0 14:07 SSE 16 4.5 8.2 11:37 0.8 07:20 13.8 0.0 0.6 5.8 27.0 14:48 SSE 17 6.2 8.9 12:51 5.2 22:55 12.1 0.0 1.2 5.9 35.7 06:28 SW 18 3.9 7.0 23:25 0.7 08:47 14.4 0.0 0.0 4.0 29.6 23:21 E 19 6.7 10.4 05:44 4.7 23:21 11.6 0.0 6.0 5.8 51.5 03:53 E 20 5.4 7.3 12:06 4.5 20:09 12.9 0.0 0.3 0.8 9.8 14:07 WSW 21 4.7 6.7 23:54 0.8 07:50 13.6 0.0 0.9 3.3 24.4 21:13 ESE 22 10.1 12.0 20:41 6.6 00:01 8.2 0.0 4.2 5.6 36.7 23:52 SE 23 7.2 12.0 00:30 4.5 21:02 11.1 0.0 7.8 9.9 58.7 01:46 S 24 7.1 8.8 13:34 4.0 23:54 11.2 0.0 0.9 5.4 22.0 12:08 SE 25 4.8 8.5 13:20 2.0 05:11 13.5 0.0 1.5 3.6 27.0 17:14 SW 26 5.5 9.4 13:34 3.5 03:08 12.8 0.0 7.5 8.2 45.4 17:51 SSW 27 4.4 7.8 13:12 2.3 08:41 13.9 0.0 4.5 4.5 30.6 22:07 SSE 28 9.5 12.5 20:20 4.6 00:00 8.8 0.0 11.1 13.4 60.2 19:56 SSE 29 5.5 9.7 01:44 1.0 21:32 12.8 0.0 1.2 7.2 34.3 00:40 SSE 30 6.1 9.9 20:31 1.3 01:25 12.2 0.0 8.7 9.6 43.0 17:03 S 31 6.8 9.9 05:49 1.9 23:17 11.5 0.0 3.6 7.5 46.5 00:40 S ---------------------------------------------------------------------------------- 4.4 12.5 28 -5.8 11 430.9 0.0 81.3 5.5 60.2 28 S Max >= 27.0 0 Max <= 0.0 0 Min <= 0.0 11 Min <= -18.0 0 Max Rain: 11.1 on day 28 Days of Rain: 29 (>= 0.2 mm) 11 (>= 2.0 mm) 0 (>= 20.0 mm) Heat Base: 18.3 Cool Base: 18.3 Method: Integration