NOAA-Style Climate Reports
Select a Year or Month report
2024: Jan Feb Mar Apr May Jun Jul Aug Sep Oct Nov Dec
2023: Jan Feb Mar Apr May Jun Jul Aug Sep Oct Nov Dec
2022: Jan Feb Mar Apr May Jun Jul Aug Sep Oct Nov Dec
2021: Jan Feb Mar Apr May Jun Jul Aug Sep Oct Nov Dec
2020: Jan Feb Mar Apr May Jun Jul Aug Sep Oct Nov Dec
2019: Jan Feb Mar Apr May Jun Jul Aug Sep Oct Nov Dec
2018: Jan Feb Mar Apr May Jun Jul Aug Sep Oct Nov Dec
2017: Jan Feb Mar Apr May Jun Jul Aug Sep Oct Nov Dec
2016: Jan Feb Mar Apr May Jun Jul Aug Sep Oct Nov Dec
2015: Jan Feb Mar Apr May Jun Jul Aug Sep Oct Nov Dec
2014: Jan Feb Mar Apr May Jun Jul Aug Sep Oct Nov Dec
2013: Jan Feb Mar Apr May Jun Jul Aug Sep Oct Nov Dec
2012: Jan Feb Mar Apr May Jun Jul Aug Sep Oct Nov Dec
2011: Jan Feb Mar Apr May Jun Jul Aug Sep Oct Nov Dec
2010: Jan Feb Mar Apr May Jun Jul Aug Sep Oct Nov Dec
2009: Jan Feb Mar Apr May Jun Jul Aug Sep Oct Nov Dec
2008: Jan Feb Mar Apr May Jun Jul Aug Sep Oct Nov Dec
2024: Jan Feb Mar Apr May Jun Jul Aug Sep Oct Nov Dec
2023: Jan Feb Mar Apr May Jun Jul Aug Sep Oct Nov Dec
2022: Jan Feb Mar Apr May Jun Jul Aug Sep Oct Nov Dec
2021: Jan Feb Mar Apr May Jun Jul Aug Sep Oct Nov Dec
2020: Jan Feb Mar Apr May Jun Jul Aug Sep Oct Nov Dec
2019: Jan Feb Mar Apr May Jun Jul Aug Sep Oct Nov Dec
2018: Jan Feb Mar Apr May Jun Jul Aug Sep Oct Nov Dec
2017: Jan Feb Mar Apr May Jun Jul Aug Sep Oct Nov Dec
2016: Jan Feb Mar Apr May Jun Jul Aug Sep Oct Nov Dec
2015: Jan Feb Mar Apr May Jun Jul Aug Sep Oct Nov Dec
2014: Jan Feb Mar Apr May Jun Jul Aug Sep Oct Nov Dec
2013: Jan Feb Mar Apr May Jun Jul Aug Sep Oct Nov Dec
2012: Jan Feb Mar Apr May Jun Jul Aug Sep Oct Nov Dec
2011: Jan Feb Mar Apr May Jun Jul Aug Sep Oct Nov Dec
2010: Jan Feb Mar Apr May Jun Jul Aug Sep Oct Nov Dec
2009: Jan Feb Mar Apr May Jun Jul Aug Sep Oct Nov Dec
2008: Jan Feb Mar Apr May Jun Jul Aug Sep Oct Nov Dec
Report for 2013 January
Monthly Climatological Summary for Jan 2013 Name: Garrymore Weather City: Geashill State: Offaly Elevation: 80 m Lat: N 53° 10' 05" Lon: W 007° 21' 37" Temperature (°C), Rain (mm), Wind Speed (km/h) Heat Cool Avg Mean Deg Deg Wind Dom Day Temp High Time Low Time Days Days Rain Speed High Time Dir ---------------------------------------------------------------------------------- 01 4.0 7.3 15:05 1.6 05:33 14.3 0.0 0.0 4.2 24.4 01:13 SW 02 9.3 11.6 13:29 5.3 00:27 9.0 0.0 0.0 7.0 31.7 09:24 SSW 03 10.5 14.2 13:36 7.0 21:11 7.8 0.0 0.0 4.1 27.0 01:32 SSE 04 8.8 9.8 02:52 5.4 06:16 9.5 0.0 0.0 7.2 34.3 21:47 SE 05 9.0 11.2 14:24 7.0 21:47 9.3 0.0 0.3 5.1 31.7 14:11 SE 06 8.7 10.3 13:30 6.8 04:25 9.6 0.0 0.3 6.5 35.7 09:12 ESE 07 9.6 12.0 22:50 6.2 11:17 8.7 0.0 5.4 9.5 39.3 12:31 SE 08 7.4 11.7 05:58 -0.3 23:42 10.9 0.0 0.3 4.2 27.0 00:12 S 09 -0.5 6.6 14:17 -4.0 08:03 18.8 0.0 0.3 0.5 11.1 14:40 ESE 10 2.1 7.9 14:42 -2.9 00:00 16.2 0.0 0.6 1.3 30.6 15:36 S 11 2.2 7.6 15:31 -1.8 03:35 16.1 0.0 0.6 1.5 15.9 09:42 E 12 2.7 6.5 16:36 -2.0 23:59 15.6 0.0 0.0 1.2 13.3 13:23 NNE 13 -0.2 3.9 15:07 -3.9 07:55 18.5 0.0 1.2 1.0 13.3 18:39 SW 14 2.9 5.2 04:01 -0.2 23:53 15.4 0.0 1.8 5.1 23.3 06:56 W 15 1.2 4.7 11:59 -1.4 08:21 17.1 0.0 0.3 2.1 19.4 00:19 ENE 16 3.2 4.5 19:03 1.2 00:01 15.1 0.0 6.0 3.3 19.4 14:41 ESE 17 5.5 8.3 18:34 3.3 06:51 12.8 0.0 3.6 5.2 39.3 19:37 ESE 18 3.6 6.9 00:27 1.8 07:06 14.7 0.0 9.6 4.9 43.0 02:13 E 19 1.4 3.3 06:49 -0.8 20:38 16.9 0.0 2.4 1.4 17.2 08:16 E 20 0.1 1.7 13:47 -1.2 09:11 18.2 0.0 0.0 1.7 19.4 12:37 E 21 0.0 5.3 12:39 -3.4 21:58 18.3 0.0 0.0 0.3 11.1 12:09 NNW 22 -1.9 3.8 14:46 -5.4 08:39 20.2 0.0 0.0 0.3 7.2 15:02 NW 23 -1.3 4.6 14:05 -4.5 04:03 19.6 0.0 0.3 1.0 20.9 14:56 E 24 1.6 4.6 23:28 -1.2 08:14 16.7 0.0 0.0 3.3 29.6 23:23 SE 25 5.7 9.6 18:35 3.1 23:50 12.6 0.0 15.3 11.9 48.0 13:20 SE 26 5.8 11.4 22:22 0.9 06:02 12.5 0.0 4.8 11.1 49.1 17:46 SE 27 3.7 8.7 00:00 1.1 22:34 14.6 0.0 5.7 9.5 41.9 08:26 SSW 28 5.7 10.6 12:59 0.3 01:15 12.6 0.0 12.0 13.7 61.3 16:09 S 29 7.6 15.4 14:01 4.2 05:24 10.7 0.0 2.4 8.5 46.5 15:34 S 30 6.0 8.6 12:01 3.1 20:45 12.3 0.0 9.6 10.9 60.2 12:17 S 31 6.2 10.0 14:20 3.5 07:01 12.1 0.0 10.8 11.7 63.7 02:30 SSW ---------------------------------------------------------------------------------- 4.2 15.4 29 -5.4 22 436.7 0.0 93.6 5.1 63.7 31 SSE Max >= 27.0 0 Max <= 0.0 0 Min <= 0.0 14 Min <= -18.0 0 Max Rain: 15.3 on day 25 Days of Rain: 22 (>= 0.2 mm) 12 (>= 2.0 mm) 0 (>= 20.0 mm) Heat Base: 18.3 Cool Base: 18.3 Method: Integration