NOAA-Style Climate Reports
Select a Year or Month report
2024: Jan Feb Mar Apr May Jun Jul Aug Sep Oct Nov Dec
2023: Jan Feb Mar Apr May Jun Jul Aug Sep Oct Nov Dec
2022: Jan Feb Mar Apr May Jun Jul Aug Sep Oct Nov Dec
2021: Jan Feb Mar Apr May Jun Jul Aug Sep Oct Nov Dec
2020: Jan Feb Mar Apr May Jun Jul Aug Sep Oct Nov Dec
2019: Jan Feb Mar Apr May Jun Jul Aug Sep Oct Nov Dec
2018: Jan Feb Mar Apr May Jun Jul Aug Sep Oct Nov Dec
2017: Jan Feb Mar Apr May Jun Jul Aug Sep Oct Nov Dec
2016: Jan Feb Mar Apr May Jun Jul Aug Sep Oct Nov Dec
2015: Jan Feb Mar Apr May Jun Jul Aug Sep Oct Nov Dec
2014: Jan Feb Mar Apr May Jun Jul Aug Sep Oct Nov Dec
2013: Jan Feb Mar Apr May Jun Jul Aug Sep Oct Nov Dec
2012: Jan Feb Mar Apr May Jun Jul Aug Sep Oct Nov Dec
2011: Jan Feb Mar Apr May Jun Jul Aug Sep Oct Nov Dec
2010: Jan Feb Mar Apr May Jun Jul Aug Sep Oct Nov Dec
2009: Jan Feb Mar Apr May Jun Jul Aug Sep Oct Nov Dec
2008: Jan Feb Mar Apr May Jun Jul Aug Sep Oct Nov Dec
2024: Jan Feb Mar Apr May Jun Jul Aug Sep Oct Nov Dec
2023: Jan Feb Mar Apr May Jun Jul Aug Sep Oct Nov Dec
2022: Jan Feb Mar Apr May Jun Jul Aug Sep Oct Nov Dec
2021: Jan Feb Mar Apr May Jun Jul Aug Sep Oct Nov Dec
2020: Jan Feb Mar Apr May Jun Jul Aug Sep Oct Nov Dec
2019: Jan Feb Mar Apr May Jun Jul Aug Sep Oct Nov Dec
2018: Jan Feb Mar Apr May Jun Jul Aug Sep Oct Nov Dec
2017: Jan Feb Mar Apr May Jun Jul Aug Sep Oct Nov Dec
2016: Jan Feb Mar Apr May Jun Jul Aug Sep Oct Nov Dec
2015: Jan Feb Mar Apr May Jun Jul Aug Sep Oct Nov Dec
2014: Jan Feb Mar Apr May Jun Jul Aug Sep Oct Nov Dec
2013: Jan Feb Mar Apr May Jun Jul Aug Sep Oct Nov Dec
2012: Jan Feb Mar Apr May Jun Jul Aug Sep Oct Nov Dec
2011: Jan Feb Mar Apr May Jun Jul Aug Sep Oct Nov Dec
2010: Jan Feb Mar Apr May Jun Jul Aug Sep Oct Nov Dec
2009: Jan Feb Mar Apr May Jun Jul Aug Sep Oct Nov Dec
2008: Jan Feb Mar Apr May Jun Jul Aug Sep Oct Nov Dec
Report for 2013 February
Monthly Climatological Summary for Feb 2013 Name: Garrymore Weather City: Geashill State: Offaly Elevation: 80 m Lat: N 53° 10' 05" Lon: W 007° 21' 37" Temperature (°C), Rain (mm), Wind Speed (km/h) Heat Cool Avg Mean Deg Deg Wind Dom Day Temp High Time Low Time Days Days Rain Speed High Time Dir ---------------------------------------------------------------------------------- 01 4.3 7.2 13:27 1.0 22:58 14.0 0.0 0.6 8.3 41.9 14:00 W 02 2.8 7.7 13:25 -0.4 06:52 15.5 0.0 0.0 3.3 15.9 02:16 W 03 8.1 13.2 03:57 2.0 01:12 10.2 0.0 3.6 8.2 37.8 23:56 SW 04 5.3 9.1 00:06 -1.0 21:26 13.0 0.0 6.6 11.2 46.5 11:44 WSW 05 2.7 7.4 15:18 -0.9 05:53 15.6 0.0 3.0 11.5 49.1 17:21 W 06 2.5 6.4 13:44 -0.9 22:36 15.8 0.0 0.0 8.9 39.3 00:41 WNW 07 2.6 7.3 15:38 -0.8 03:35 15.7 0.0 4.2 6.5 54.1 14:55 WNW 08 4.9 9.3 15:44 2.6 02:18 13.4 0.0 0.0 5.4 25.6 00:17 WNW 09 6.6 9.0 14:43 4.1 03:55 11.7 0.0 0.9 3.4 19.4 04:51 SSE 10 5.1 9.4 02:54 2.8 21:48 13.2 0.0 10.8 5.5 27.0 17:18 WNW 11 2.9 4.2 01:32 1.2 23:33 15.4 0.0 0.6 4.1 19.4 02:25 NNW 12 3.4 5.5 14:40 1.3 00:00 14.9 0.0 0.3 2.2 18.3 23:44 ESE 13 7.3 11.1 15:13 3.6 00:00 11.0 0.0 7.5 8.2 41.9 18:07 SE 14 6.6 10.5 14:34 4.1 19:53 11.7 0.0 0.3 5.5 30.6 14:38 WSW 15 4.3 9.9 15:44 -0.8 06:33 14.0 0.0 0.3 2.4 17.2 22:22 SE 16 7.6 10.1 13:31 5.3 00:00 10.7 0.0 0.0 7.8 33.2 10:43 SE 17 6.8 10.2 13:12 3.6 23:47 11.5 0.0 0.3 10.1 49.1 14:46 ESE 18 4.9 9.3 13:27 2.5 02:09 13.4 0.0 0.0 7.0 34.3 10:56 E 19 4.4 10.3 15:46 -1.9 23:47 13.9 0.0 0.0 3.4 25.6 15:11 E 20 3.2 10.0 12:57 -2.5 00:48 15.0 0.0 0.3 6.5 35.7 13:02 E 21 1.7 5.0 14:38 0.2 23:36 16.6 0.0 0.0 10.8 41.9 12:26 E 22 0.7 4.2 12:17 -0.3 07:03 17.6 0.0 0.0 5.0 30.6 00:55 ENE 23 0.3 3.3 16:16 -1.0 23:50 18.0 0.0 0.0 1.0 13.3 14:04 NNW 24 0.7 8.5 13:54 -5.1 07:23 17.6 0.0 0.0 0.8 14.8 11:42 E 25 1.0 10.7 14:18 -4.9 04:46 17.3 0.0 0.0 0.8 18.3 12:18 ENE 26 2.4 8.8 13:39 -3.5 02:48 15.9 0.0 0.0 1.0 19.4 13:36 N 27 4.1 9.2 14:03 1.1 19:07 14.2 0.0 0.0 2.2 18.3 14:47 NNW 28 2.4 6.3 16:10 -0.1 06:55 15.9 0.0 0.0 1.5 12.2 05:12 NNW ---------------------------------------------------------------------------------- 3.9 13.2 3 -5.1 24 402.7 0.0 39.3 5.5 54.1 7 SW Max >= 27.0 0 Max <= 0.0 0 Min <= 0.0 14 Min <= -18.0 0 Max Rain: 10.8 on day 10 Days of Rain: 14 (>= 0.2 mm) 6 (>= 2.0 mm) 0 (>= 20.0 mm) Heat Base: 18.3 Cool Base: 18.3 Method: Integration