NOAA-Style Climate Reports
Select a Year or Month report
2024: Jan Feb Mar Apr May Jun Jul Aug Sep Oct Nov Dec
2023: Jan Feb Mar Apr May Jun Jul Aug Sep Oct Nov Dec
2022: Jan Feb Mar Apr May Jun Jul Aug Sep Oct Nov Dec
2021: Jan Feb Mar Apr May Jun Jul Aug Sep Oct Nov Dec
2020: Jan Feb Mar Apr May Jun Jul Aug Sep Oct Nov Dec
2019: Jan Feb Mar Apr May Jun Jul Aug Sep Oct Nov Dec
2018: Jan Feb Mar Apr May Jun Jul Aug Sep Oct Nov Dec
2017: Jan Feb Mar Apr May Jun Jul Aug Sep Oct Nov Dec
2016: Jan Feb Mar Apr May Jun Jul Aug Sep Oct Nov Dec
2015: Jan Feb Mar Apr May Jun Jul Aug Sep Oct Nov Dec
2014: Jan Feb Mar Apr May Jun Jul Aug Sep Oct Nov Dec
2013: Jan Feb Mar Apr May Jun Jul Aug Sep Oct Nov Dec
2012: Jan Feb Mar Apr May Jun Jul Aug Sep Oct Nov Dec
2011: Jan Feb Mar Apr May Jun Jul Aug Sep Oct Nov Dec
2010: Jan Feb Mar Apr May Jun Jul Aug Sep Oct Nov Dec
2009: Jan Feb Mar Apr May Jun Jul Aug Sep Oct Nov Dec
2008: Jan Feb Mar Apr May Jun Jul Aug Sep Oct Nov Dec
2024: Jan Feb Mar Apr May Jun Jul Aug Sep Oct Nov Dec
2023: Jan Feb Mar Apr May Jun Jul Aug Sep Oct Nov Dec
2022: Jan Feb Mar Apr May Jun Jul Aug Sep Oct Nov Dec
2021: Jan Feb Mar Apr May Jun Jul Aug Sep Oct Nov Dec
2020: Jan Feb Mar Apr May Jun Jul Aug Sep Oct Nov Dec
2019: Jan Feb Mar Apr May Jun Jul Aug Sep Oct Nov Dec
2018: Jan Feb Mar Apr May Jun Jul Aug Sep Oct Nov Dec
2017: Jan Feb Mar Apr May Jun Jul Aug Sep Oct Nov Dec
2016: Jan Feb Mar Apr May Jun Jul Aug Sep Oct Nov Dec
2015: Jan Feb Mar Apr May Jun Jul Aug Sep Oct Nov Dec
2014: Jan Feb Mar Apr May Jun Jul Aug Sep Oct Nov Dec
2013: Jan Feb Mar Apr May Jun Jul Aug Sep Oct Nov Dec
2012: Jan Feb Mar Apr May Jun Jul Aug Sep Oct Nov Dec
2011: Jan Feb Mar Apr May Jun Jul Aug Sep Oct Nov Dec
2010: Jan Feb Mar Apr May Jun Jul Aug Sep Oct Nov Dec
2009: Jan Feb Mar Apr May Jun Jul Aug Sep Oct Nov Dec
2008: Jan Feb Mar Apr May Jun Jul Aug Sep Oct Nov Dec
Report for 2013 March
Monthly Climatological Summary for Mar 2013 Name: Garrymore Weather City: Geashill State: Offaly Elevation: 80 m Lat: N 53° 10' 05" Lon: W 007° 21' 37" Temperature (°C), Rain (mm), Wind Speed (km/h) Heat Cool Avg Mean Deg Deg Wind Dom Day Temp High Time Low Time Days Days Rain Speed High Time Dir ---------------------------------------------------------------------------------- 01 4.4 10.8 14:04 -2.8 23:53 13.9 0.0 0.0 0.6 13.3 14:07 NE 02 1.0 9.9 15:23 -5.2 06:19 17.3 0.0 0.0 0.5 12.2 15:46 NNW 03 2.9 9.3 14:59 0.3 00:20 15.4 0.0 0.0 4.1 78.5 00:19 ENE 04 3.1 4.8 16:34 0.0 22:32 15.2 0.0 0.0 4.2 22.0 10:08 E 05 3.2 13.2 14:00 -9.3 00:23 15.1 0.0 0.0 1.3 55.6 00:21 ENE 06 6.2 9.1 13:11 4.5 00:00 12.1 0.0 11.7 1.0 18.3 13:09 ENE 07 7.2 8.6 12:33 6.2 01:10 11.1 0.0 5.7 1.8 23.3 23:50 ENE 08 8.9 11.9 15:15 6.8 23:36 9.4 0.0 2.4 6.3 33.2 09:46 E 09 7.9 12.9 13:17 4.2 23:50 10.4 0.0 0.3 4.7 27.0 20:37 ENE 10 2.8 4.8 03:14 -0.6 23:38 15.5 0.0 0.0 4.6 31.7 07:01 NE 11 -1.3 4.2 14:03 -3.7 22:39 19.6 0.0 0.0 6.0 33.2 16:05 N 12 0.2 4.2 13:49 -5.0 06:57 18.1 0.0 0.3 5.6 23.3 14:29 NW 13 1.9 8.2 15:55 -2.3 05:41 16.4 0.0 0.9 4.6 25.6 16:03 WNW 14 3.2 10.0 14:27 -2.8 03:34 15.1 0.0 0.6 4.6 27.0 12:04 SSW 15 4.5 9.4 14:15 -2.3 23:55 13.8 0.0 0.6 5.4 27.0 03:59 S 16 2.0 11.0 13:40 -3.7 06:34 16.3 0.0 0.0 2.3 24.1 16:59 NW 17 1.8 6.6 12:38 -1.0 05:42 16.5 0.0 2.1 3.9 30.6 14:34 WNW 18 2.6 7.2 14:40 0.3 06:13 15.7 0.0 2.7 2.8 18.3 10:49 NNW 19 1.0 3.6 14:12 -1.0 04:39 17.3 0.0 0.9 3.3 17.2 02:52 NNW 20 3.0 10.4 15:56 -1.2 05:00 15.3 0.0 0.3 2.0 13.3 21:32 NNE 21 2.9 5.2 16:26 -1.1 00:29 15.4 0.0 7.5 9.0 62.4 23:21 ENE 22 5.2 6.7 10:54 4.1 00:00 13.1 0.0 7.5 13.7 54.1 00:26 ENE 23 3.4 5.4 13:46 1.9 23:28 14.9 0.0 0.0 5.3 28.2 00:25 ENE 24 1.2 3.0 12:16 0.7 19:11 17.1 0.0 0.0 3.3 23.3 11:27 NE 25 1.7 5.9 10:10 -1.1 23:45 16.6 0.0 0.0 3.9 30.6 09:58 NE 26 1.1 6.1 14:01 -2.0 21:32 17.2 0.0 0.0 1.9 22.0 13:11 NE 27 0.1 5.3 12:28 -3.9 03:48 18.2 0.0 1.2 1.9 17.2 16:00 NNE 28 0.7 6.4 14:50 -5.1 05:51 17.6 0.0 0.3 3.7 29.6 13:16 ENE 29 2.0 8.0 15:24 -1.0 21:46 16.3 0.0 0.0 6.0 33.2 12:28 ENE 30 2.3 7.3 13:44 -0.7 22:46 16.0 0.0 0.0 4.1 31.7 16:52 E 31 2.6 6.2 15:24 -2.2 02:26 15.7 0.0 0.0 9.4 43.0 13:07 E ---------------------------------------------------------------------------------- 2.9 13.2 5 -9.3 5 477.6 0.0 45.0 4.3 78.5 3 ENE Max >= 27.0 0 Max <= 0.0 0 Min <= 0.0 22 Min <= -18.0 0 Max Rain: 11.7 on day 6 Days of Rain: 16 (>= 0.2 mm) 7 (>= 2.0 mm) 0 (>= 20.0 mm) Heat Base: 18.3 Cool Base: 18.3 Method: Integration