NOAA-Style Climate Reports
Select a Year or Month report
2024: Jan Feb Mar Apr May Jun Jul Aug Sep Oct Nov Dec
2023: Jan Feb Mar Apr May Jun Jul Aug Sep Oct Nov Dec
2022: Jan Feb Mar Apr May Jun Jul Aug Sep Oct Nov Dec
2021: Jan Feb Mar Apr May Jun Jul Aug Sep Oct Nov Dec
2020: Jan Feb Mar Apr May Jun Jul Aug Sep Oct Nov Dec
2019: Jan Feb Mar Apr May Jun Jul Aug Sep Oct Nov Dec
2018: Jan Feb Mar Apr May Jun Jul Aug Sep Oct Nov Dec
2017: Jan Feb Mar Apr May Jun Jul Aug Sep Oct Nov Dec
2016: Jan Feb Mar Apr May Jun Jul Aug Sep Oct Nov Dec
2015: Jan Feb Mar Apr May Jun Jul Aug Sep Oct Nov Dec
2014: Jan Feb Mar Apr May Jun Jul Aug Sep Oct Nov Dec
2013: Jan Feb Mar Apr May Jun Jul Aug Sep Oct Nov Dec
2012: Jan Feb Mar Apr May Jun Jul Aug Sep Oct Nov Dec
2011: Jan Feb Mar Apr May Jun Jul Aug Sep Oct Nov Dec
2010: Jan Feb Mar Apr May Jun Jul Aug Sep Oct Nov Dec
2009: Jan Feb Mar Apr May Jun Jul Aug Sep Oct Nov Dec
2008: Jan Feb Mar Apr May Jun Jul Aug Sep Oct Nov Dec
2024: Jan Feb Mar Apr May Jun Jul Aug Sep Oct Nov Dec
2023: Jan Feb Mar Apr May Jun Jul Aug Sep Oct Nov Dec
2022: Jan Feb Mar Apr May Jun Jul Aug Sep Oct Nov Dec
2021: Jan Feb Mar Apr May Jun Jul Aug Sep Oct Nov Dec
2020: Jan Feb Mar Apr May Jun Jul Aug Sep Oct Nov Dec
2019: Jan Feb Mar Apr May Jun Jul Aug Sep Oct Nov Dec
2018: Jan Feb Mar Apr May Jun Jul Aug Sep Oct Nov Dec
2017: Jan Feb Mar Apr May Jun Jul Aug Sep Oct Nov Dec
2016: Jan Feb Mar Apr May Jun Jul Aug Sep Oct Nov Dec
2015: Jan Feb Mar Apr May Jun Jul Aug Sep Oct Nov Dec
2014: Jan Feb Mar Apr May Jun Jul Aug Sep Oct Nov Dec
2013: Jan Feb Mar Apr May Jun Jul Aug Sep Oct Nov Dec
2012: Jan Feb Mar Apr May Jun Jul Aug Sep Oct Nov Dec
2011: Jan Feb Mar Apr May Jun Jul Aug Sep Oct Nov Dec
2010: Jan Feb Mar Apr May Jun Jul Aug Sep Oct Nov Dec
2009: Jan Feb Mar Apr May Jun Jul Aug Sep Oct Nov Dec
2008: Jan Feb Mar Apr May Jun Jul Aug Sep Oct Nov Dec
Report for 2013 May
Monthly Climatological Summary for May 2013 Name: Garrymore Weather City: Geashill State: Offaly Elevation: 80 m Lat: N 53° 10' 05" Lon: W 007° 21' 37" Temperature (°C), Rain (mm), Wind Speed (km/h) Heat Cool Avg Mean Deg Deg Wind Dom Day Temp High Time Low Time Days Days Rain Speed High Time Dir ---------------------------------------------------------------------------------- 01 9.0 15.6 19:28 1.6 03:01 9.3 0.0 0.3 3.4 22.0 14:51 W 02 9.8 17.8 11:10 0.9 03:29 8.5 0.0 0.0 3.6 23.3 17:48 S 03 11.2 14.7 16:13 7.9 23:58 7.1 0.0 0.6 9.1 37.8 15:56 S 04 11.1 17.1 18:50 6.3 02:54 7.2 0.0 0.3 6.9 37.8 16:31 SSW 05 13.2 18.1 10:56 10.2 23:56 5.1 0.0 0.0 7.7 28.2 11:59 SSE 06 12.2 17.2 19:30 7.9 23:54 6.1 0.0 3.9 6.3 28.2 10:30 SE 07 13.5 20.4 14:54 7.6 03:38 4.9 0.1 0.0 6.4 43.0 16:46 ESE 08 11.1 15.7 13:40 6.9 23:46 7.2 0.0 2.4 9.9 37.8 16:28 SSE 09 8.7 12.9 11:09 6.3 09:13 9.6 0.0 5.7 12.9 52.6 04:58 SSE 10 10.0 14.0 16:07 6.1 22:22 8.3 0.0 1.2 7.5 37.8 17:02 SSW 11 8.1 13.0 13:30 4.7 23:06 10.2 0.0 5.4 7.4 49.1 15:58 W 12 9.2 13.6 15:56 4.7 00:00 9.1 0.0 0.9 7.4 41.9 19:43 SSW 13 7.0 10.8 10:47 4.6 06:44 11.3 0.0 8.1 7.9 43.0 13:34 SW 14 8.0 14.5 15:00 1.1 05:56 10.3 0.0 3.3 4.5 27.0 23:41 SW 15 7.0 11.7 14:11 2.3 05:39 11.3 0.0 1.2 8.3 39.3 09:23 WNW 16 7.5 15.4 14:42 3.0 00:52 10.8 0.0 1.8 3.2 25.6 16:18 SE 17 9.6 23.7 15:48 0.9 06:13 8.7 0.0 0.3 1.4 15.9 11:24 NW 18 8.2 12.4 10:51 4.4 05:04 10.1 0.0 0.6 3.7 22.0 13:09 WNW 19 13.0 20.0 17:39 8.3 05:20 5.4 0.1 0.0 1.3 13.3 11:28 SSW 20 11.4 13.3 13:25 9.3 23:53 6.9 0.0 0.0 5.6 25.6 13:51 WNW 21 12.0 18.0 16:25 8.1 05:38 6.3 0.0 0.0 7.5 27.0 04:04 WNW 22 10.5 14.7 15:56 6.9 23:49 7.8 0.0 0.0 8.1 33.2 20:25 NW 23 8.0 13.0 12:55 3.8 04:07 10.3 0.0 2.1 9.2 39.3 12:22 WNW 24 9.2 16.2 16:46 4.6 03:12 9.1 0.0 0.0 7.1 34.3 09:35 NW 25 12.2 18.6 16:04 4.0 06:02 6.1 0.0 4.8 3.1 20.9 09:29 SE 26 12.7 18.8 13:43 9.1 05:04 5.6 0.0 0.3 6.5 39.3 22:58 SE 27 10.7 16.4 17:23 6.8 23:35 7.6 0.0 8.1 5.6 30.6 05:06 SSE 28 9.9 16.7 10:48 4.1 05:37 8.4 0.0 7.5 2.6 23.3 15:36 SSW 29 14.7 21.4 17:08 7.6 02:22 4.1 0.5 0.3 4.8 33.2 16:07 NW 30 13.6 19.8 19:20 7.2 04:52 4.8 0.1 0.0 6.5 34.3 15:08 WNW 31 11.6 15.7 15:27 7.1 23:59 6.7 0.0 0.3 2.9 22.0 17:07 NW ---------------------------------------------------------------------------------- 10.4 23.7 17 0.9 2 244.2 0.8 59.4 6.1 52.6 9 SW Max >= 27.0 0 Max <= 0.0 0 Min <= 0.0 0 Min <= -18.0 0 Max Rain: 8.1 on day 13 Days of Rain: 22 (>= 0.2 mm) 10 (>= 2.0 mm) 0 (>= 20.0 mm) Heat Base: 18.3 Cool Base: 18.3 Method: Integration