NOAA-Style Climate Reports
Select a Year or Month report
2024: Jan Feb Mar Apr May Jun Jul Aug Sep Oct Nov Dec
2023: Jan Feb Mar Apr May Jun Jul Aug Sep Oct Nov Dec
2022: Jan Feb Mar Apr May Jun Jul Aug Sep Oct Nov Dec
2021: Jan Feb Mar Apr May Jun Jul Aug Sep Oct Nov Dec
2020: Jan Feb Mar Apr May Jun Jul Aug Sep Oct Nov Dec
2019: Jan Feb Mar Apr May Jun Jul Aug Sep Oct Nov Dec
2018: Jan Feb Mar Apr May Jun Jul Aug Sep Oct Nov Dec
2017: Jan Feb Mar Apr May Jun Jul Aug Sep Oct Nov Dec
2016: Jan Feb Mar Apr May Jun Jul Aug Sep Oct Nov Dec
2015: Jan Feb Mar Apr May Jun Jul Aug Sep Oct Nov Dec
2014: Jan Feb Mar Apr May Jun Jul Aug Sep Oct Nov Dec
2013: Jan Feb Mar Apr May Jun Jul Aug Sep Oct Nov Dec
2012: Jan Feb Mar Apr May Jun Jul Aug Sep Oct Nov Dec
2011: Jan Feb Mar Apr May Jun Jul Aug Sep Oct Nov Dec
2010: Jan Feb Mar Apr May Jun Jul Aug Sep Oct Nov Dec
2009: Jan Feb Mar Apr May Jun Jul Aug Sep Oct Nov Dec
2008: Jan Feb Mar Apr May Jun Jul Aug Sep Oct Nov Dec
2024: Jan Feb Mar Apr May Jun Jul Aug Sep Oct Nov Dec
2023: Jan Feb Mar Apr May Jun Jul Aug Sep Oct Nov Dec
2022: Jan Feb Mar Apr May Jun Jul Aug Sep Oct Nov Dec
2021: Jan Feb Mar Apr May Jun Jul Aug Sep Oct Nov Dec
2020: Jan Feb Mar Apr May Jun Jul Aug Sep Oct Nov Dec
2019: Jan Feb Mar Apr May Jun Jul Aug Sep Oct Nov Dec
2018: Jan Feb Mar Apr May Jun Jul Aug Sep Oct Nov Dec
2017: Jan Feb Mar Apr May Jun Jul Aug Sep Oct Nov Dec
2016: Jan Feb Mar Apr May Jun Jul Aug Sep Oct Nov Dec
2015: Jan Feb Mar Apr May Jun Jul Aug Sep Oct Nov Dec
2014: Jan Feb Mar Apr May Jun Jul Aug Sep Oct Nov Dec
2013: Jan Feb Mar Apr May Jun Jul Aug Sep Oct Nov Dec
2012: Jan Feb Mar Apr May Jun Jul Aug Sep Oct Nov Dec
2011: Jan Feb Mar Apr May Jun Jul Aug Sep Oct Nov Dec
2010: Jan Feb Mar Apr May Jun Jul Aug Sep Oct Nov Dec
2009: Jan Feb Mar Apr May Jun Jul Aug Sep Oct Nov Dec
2008: Jan Feb Mar Apr May Jun Jul Aug Sep Oct Nov Dec
Report for 2013 December
Monthly Climatological Summary for Dec 2013 Name: Garrymore Weather City: Geashill State: Offaly Elevation: 80 m Lat: N 53° 10' 05" Lon: W 007° 21' 37" Temperature (°C), Rain (mm), Wind Speed (km/h) Heat Cool Avg Mean Deg Deg Wind Dom Day Temp High Time Low Time Days Days Rain Speed High Time Dir ---------------------------------------------------------------------------------- 01 7.1 9.3 13:29 6.0 08:19 11.2 0.0 0.3 1.1 9.8 02:22 W 02 5.9 9.3 14:54 2.8 06:40 12.4 0.0 0.0 2.0 18.3 20:43 SE 03 6.6 8.4 21:36 4.8 08:29 11.7 0.0 0.3 4.5 20.9 21:52 SE 04 3.4 7.1 14:22 -0.3 08:30 14.9 0.0 0.3 2.7 23.3 23:56 SW 05 6.4 9.8 11:03 2.5 22:45 11.9 0.0 11.1 10.7 51.5 07:16 WSW 06 6.3 9.7 12:36 1.7 01:01 12.0 0.0 0.9 2.5 20.9 12:38 SW 07 6.8 9.3 15:08 5.0 06:45 11.5 0.0 0.0 5.3 22.0 22:33 SSE 08 9.0 12.6 13:54 6.2 01:11 9.3 0.0 0.0 7.6 29.6 13:56 SSE 09 8.3 11.8 13:45 5.0 08:44 10.0 0.0 0.0 5.9 29.6 13:23 SE 10 10.2 11.7 14:10 8.5 08:18 8.1 0.0 0.0 9.6 39.3 18:14 SE 11 9.8 11.6 11:31 8.8 09:25 8.5 0.0 0.0 10.9 64.4 06:28 ESE 12 12.2 13.9 12:46 9.8 03:27 6.1 0.0 0.6 13.0 45.4 13:10 SE 13 8.7 12.0 01:10 2.4 23:59 9.6 0.0 0.6 8.3 35.7 01:08 SSE 14 7.6 12.7 10:08 1.3 00:51 10.7 0.0 20.1 13.0 58.7 10:55 SE 15 6.9 13.6 12:39 2.2 04:57 11.4 0.0 3.9 7.9 51.5 11:44 SE 16 4.6 8.0 00:00 0.3 23:55 13.7 0.0 2.1 4.4 29.6 02:36 SSE 17 3.5 8.4 21:43 -0.4 03:33 14.8 0.0 1.5 9.6 49.1 20:29 SE 18 7.8 13.0 15:01 2.8 23:12 10.5 0.0 13.2 11.8 67.4 19:06 SE 19 1.7 4.3 12:40 0.2 06:37 16.6 0.0 6.3 6.6 36.7 00:44 SSE 20 6.3 11.5 16:23 1.1 05:17 12.0 0.0 10.8 13.5 55.2 17:19 SSE 21 5.3 8.4 00:07 2.2 22:37 13.0 0.0 7.8 8.9 39.3 18:23 SSE 22 1.9 5.1 14:29 -0.3 23:22 16.4 0.0 4.8 7.7 41.9 04:40 SSE 23 6.2 10.9 12:00 -0.8 00:48 12.1 0.0 13.5 11.9 46.5 22:49 SE 24 2.2 6.3 12:47 -0.4 23:58 16.1 0.0 4.8 13.1 56.3 09:30 SSE 25 -0.1 5.2 14:55 -3.2 04:40 18.4 0.0 0.3 1.9 15.9 20:24 SE 26 2.9 9.6 22:08 -1.6 02:15 15.4 0.0 16.2 8.4 72.4 21:18 SE 27 5.5 7.9 03:24 2.1 20:32 12.8 0.0 43.8 16.0 67.4 04:12 S 28 3.5 6.5 13:26 1.2 09:05 14.8 0.0 0.3 4.2 27.0 03:00 SSW 29 4.3 11.1 22:46 -0.7 07:42 14.0 0.0 6.9 9.2 46.5 23:10 SE 30 5.8 9.6 00:00 2.9 18:43 12.5 0.0 27.0 7.3 50.0 23:27 SSE 31 4.5 8.4 01:56 1.5 09:08 13.8 0.0 10.2 8.6 45.4 00:33 SE ---------------------------------------------------------------------------------- 5.8 13.9 12 -3.2 25 386.2 0.0 207.6 8.0 72.4 26 SSE Max >= 27.0 0 Max <= 0.0 0 Min <= 0.0 8 Min <= -18.0 0 Max Rain: 43.8 on day 27 Days of Rain: 25 (>= 0.2 mm) 16 (>= 2.0 mm) 3 (>= 20.0 mm) Heat Base: 18.3 Cool Base: 18.3 Method: Integration