NOAA-Style Climate Reports
Select a Year or Month report
2024: Jan Feb Mar Apr May Jun Jul Aug Sep Oct Nov Dec
2023: Jan Feb Mar Apr May Jun Jul Aug Sep Oct Nov Dec
2022: Jan Feb Mar Apr May Jun Jul Aug Sep Oct Nov Dec
2021: Jan Feb Mar Apr May Jun Jul Aug Sep Oct Nov Dec
2020: Jan Feb Mar Apr May Jun Jul Aug Sep Oct Nov Dec
2019: Jan Feb Mar Apr May Jun Jul Aug Sep Oct Nov Dec
2018: Jan Feb Mar Apr May Jun Jul Aug Sep Oct Nov Dec
2017: Jan Feb Mar Apr May Jun Jul Aug Sep Oct Nov Dec
2016: Jan Feb Mar Apr May Jun Jul Aug Sep Oct Nov Dec
2015: Jan Feb Mar Apr May Jun Jul Aug Sep Oct Nov Dec
2014: Jan Feb Mar Apr May Jun Jul Aug Sep Oct Nov Dec
2013: Jan Feb Mar Apr May Jun Jul Aug Sep Oct Nov Dec
2012: Jan Feb Mar Apr May Jun Jul Aug Sep Oct Nov Dec
2011: Jan Feb Mar Apr May Jun Jul Aug Sep Oct Nov Dec
2010: Jan Feb Mar Apr May Jun Jul Aug Sep Oct Nov Dec
2009: Jan Feb Mar Apr May Jun Jul Aug Sep Oct Nov Dec
2008: Jan Feb Mar Apr May Jun Jul Aug Sep Oct Nov Dec
2024: Jan Feb Mar Apr May Jun Jul Aug Sep Oct Nov Dec
2023: Jan Feb Mar Apr May Jun Jul Aug Sep Oct Nov Dec
2022: Jan Feb Mar Apr May Jun Jul Aug Sep Oct Nov Dec
2021: Jan Feb Mar Apr May Jun Jul Aug Sep Oct Nov Dec
2020: Jan Feb Mar Apr May Jun Jul Aug Sep Oct Nov Dec
2019: Jan Feb Mar Apr May Jun Jul Aug Sep Oct Nov Dec
2018: Jan Feb Mar Apr May Jun Jul Aug Sep Oct Nov Dec
2017: Jan Feb Mar Apr May Jun Jul Aug Sep Oct Nov Dec
2016: Jan Feb Mar Apr May Jun Jul Aug Sep Oct Nov Dec
2015: Jan Feb Mar Apr May Jun Jul Aug Sep Oct Nov Dec
2014: Jan Feb Mar Apr May Jun Jul Aug Sep Oct Nov Dec
2013: Jan Feb Mar Apr May Jun Jul Aug Sep Oct Nov Dec
2012: Jan Feb Mar Apr May Jun Jul Aug Sep Oct Nov Dec
2011: Jan Feb Mar Apr May Jun Jul Aug Sep Oct Nov Dec
2010: Jan Feb Mar Apr May Jun Jul Aug Sep Oct Nov Dec
2009: Jan Feb Mar Apr May Jun Jul Aug Sep Oct Nov Dec
2008: Jan Feb Mar Apr May Jun Jul Aug Sep Oct Nov Dec
Report for 2014 January
Monthly Climatological Summary for Jan 2014 Name: Garrymore Weather City: Geashill State: Offaly Elevation: 80 m Lat: N 53° 10' 05" Lon: W 007° 21' 37" Temperature (°C), Rain (mm), Wind Speed (km/h) Heat Cool Avg Mean Deg Deg Wind Dom Day Temp High Time Low Time Days Days Rain Speed High Time Dir ---------------------------------------------------------------------------------- 01 4.2 6.7 09:25 -0.3 04:31 14.1 0.0 6.3 5.7 33.2 15:26 ESE 02 5.1 8.3 22:05 1.7 09:00 13.2 0.0 2.1 9.1 55.2 22:15 SE 03 5.0 7.4 13:51 1.9 23:54 13.3 0.0 4.8 13.5 52.6 03:52 SSE 04 1.9 5.2 14:36 -0.5 09:08 16.4 0.0 0.9 4.4 23.3 12:03 SSE 05 5.3 11.9 14:44 -0.4 00:43 13.0 0.0 5.7 10.9 45.4 10:38 SE 06 7.1 9.3 14:37 4.7 00:26 11.2 0.0 7.5 14.2 56.3 06:36 SE 07 6.3 9.1 13:48 4.2 04:01 12.0 0.0 2.1 9.3 36.7 09:24 SSE 08 5.0 7.0 03:51 1.6 08:04 13.3 0.0 4.5 2.6 31.7 00:30 S 09 4.0 4.1 00:01 2.7 00:00 14.3 0.0 0.0 3.5 11.1 00:14 NW 10 4.0 4.0 00:00 4.0 00:00 14.3 0.0 0.0 3.5 6.1 00:00 NW 11 1.4 6.0 14:41 -1.6 08:11 16.9 0.0 0.3 2.1 18.3 21:36 SE 12 5.6 9.7 15:47 0.0 00:00 12.7 0.0 2.7 9.8 46.5 10:53 ESE 13 1.7 6.0 14:29 -3.1 23:32 16.6 0.0 0.9 3.4 24.4 03:49 SSE 14 1.3 9.3 22:46 -3.9 04:19 17.0 0.0 3.0 3.5 29.6 14:00 SE 15 6.9 9.0 15:24 2.1 20:46 11.4 0.0 3.0 6.4 31.7 06:40 SE 16 4.4 8.5 13:58 2.2 02:35 13.9 0.0 2.4 2.8 22.0 00:11 ESE 17 4.6 8.3 14:54 2.1 23:44 13.7 0.0 0.3 2.5 15.9 01:27 SSE 18 2.8 3.4 14:22 1.8 05:11 15.5 0.0 5.4 2.7 20.9 10:10 NW 19 3.7 5.4 13:13 3.2 21:20 14.6 0.0 0.0 3.6 18.3 23:55 WNW 20 3.0 8.0 14:49 -0.9 08:52 15.3 0.0 0.0 2.1 28.2 00:08 SSE 21 6.6 7.3 09:59 1.3 00:00 11.7 0.0 3.3 12.2 37.8 04:18 SE 22 7.3 7.3 00:00 7.3 00:00 11.0 0.0 0.0 13.3 23.3 00:00 SE 23 7.3 7.3 00:00 7.3 00:00 11.0 0.0 0.0 13.3 23.3 00:00 SE 24 7.7 9.9 17:34 7.3 00:00 10.6 0.0 0.0 11.3 28.2 17:38 SE 25 5.5 9.5 10:20 2.8 23:53 12.9 0.0 6.3 8.4 54.1 10:04 S 26 4.1 8.1 08:14 0.4 21:19 14.2 0.0 19.5 12.3 48.0 04:50 SSE 27 4.9 7.7 14:48 2.6 00:00 13.4 0.0 8.1 10.8 41.9 04:11 SSW 28 4.3 6.7 01:57 1.1 21:57 14.0 0.0 2.1 9.2 37.8 01:09 WNW 29 2.9 5.8 11:51 0.4 07:57 15.4 0.0 1.2 5.3 27.0 01:00 WNW 30 3.2 5.6 13:04 1.6 18:52 15.1 0.0 0.0 3.2 22.0 13:34 E 31 4.1 8.0 13:00 -0.1 23:29 14.2 0.0 18.6 9.2 54.1 08:35 SE ---------------------------------------------------------------------------------- 4.6 11.9 5 -3.9 14 426.2 0.0 111.0 7.2 56.3 6 SSE Max >= 27.0 0 Max <= 0.0 0 Min <= 0.0 9 Min <= -18.0 0 Max Rain: 19.5 on day 26 Days of Rain: 23 (>= 0.2 mm) 18 (>= 2.0 mm) 0 (>= 20.0 mm) Heat Base: 18.3 Cool Base: 18.3 Method: Integration