NOAA-Style Climate Reports
Select a Year or Month report
2024: Jan Feb Mar Apr May Jun Jul Aug Sep Oct Nov Dec
2023: Jan Feb Mar Apr May Jun Jul Aug Sep Oct Nov Dec
2022: Jan Feb Mar Apr May Jun Jul Aug Sep Oct Nov Dec
2021: Jan Feb Mar Apr May Jun Jul Aug Sep Oct Nov Dec
2020: Jan Feb Mar Apr May Jun Jul Aug Sep Oct Nov Dec
2019: Jan Feb Mar Apr May Jun Jul Aug Sep Oct Nov Dec
2018: Jan Feb Mar Apr May Jun Jul Aug Sep Oct Nov Dec
2017: Jan Feb Mar Apr May Jun Jul Aug Sep Oct Nov Dec
2016: Jan Feb Mar Apr May Jun Jul Aug Sep Oct Nov Dec
2015: Jan Feb Mar Apr May Jun Jul Aug Sep Oct Nov Dec
2014: Jan Feb Mar Apr May Jun Jul Aug Sep Oct Nov Dec
2013: Jan Feb Mar Apr May Jun Jul Aug Sep Oct Nov Dec
2012: Jan Feb Mar Apr May Jun Jul Aug Sep Oct Nov Dec
2011: Jan Feb Mar Apr May Jun Jul Aug Sep Oct Nov Dec
2010: Jan Feb Mar Apr May Jun Jul Aug Sep Oct Nov Dec
2009: Jan Feb Mar Apr May Jun Jul Aug Sep Oct Nov Dec
2008: Jan Feb Mar Apr May Jun Jul Aug Sep Oct Nov Dec
2024: Jan Feb Mar Apr May Jun Jul Aug Sep Oct Nov Dec
2023: Jan Feb Mar Apr May Jun Jul Aug Sep Oct Nov Dec
2022: Jan Feb Mar Apr May Jun Jul Aug Sep Oct Nov Dec
2021: Jan Feb Mar Apr May Jun Jul Aug Sep Oct Nov Dec
2020: Jan Feb Mar Apr May Jun Jul Aug Sep Oct Nov Dec
2019: Jan Feb Mar Apr May Jun Jul Aug Sep Oct Nov Dec
2018: Jan Feb Mar Apr May Jun Jul Aug Sep Oct Nov Dec
2017: Jan Feb Mar Apr May Jun Jul Aug Sep Oct Nov Dec
2016: Jan Feb Mar Apr May Jun Jul Aug Sep Oct Nov Dec
2015: Jan Feb Mar Apr May Jun Jul Aug Sep Oct Nov Dec
2014: Jan Feb Mar Apr May Jun Jul Aug Sep Oct Nov Dec
2013: Jan Feb Mar Apr May Jun Jul Aug Sep Oct Nov Dec
2012: Jan Feb Mar Apr May Jun Jul Aug Sep Oct Nov Dec
2011: Jan Feb Mar Apr May Jun Jul Aug Sep Oct Nov Dec
2010: Jan Feb Mar Apr May Jun Jul Aug Sep Oct Nov Dec
2009: Jan Feb Mar Apr May Jun Jul Aug Sep Oct Nov Dec
2008: Jan Feb Mar Apr May Jun Jul Aug Sep Oct Nov Dec
Report for 2014 February
Monthly Climatological Summary for Feb 2014 Name: Garrymore Weather City: Geashill State: Offaly Elevation: 80 m Lat: N 53° 10' 05" Lon: W 007° 21' 37" Temperature (°C), Rain (mm), Wind Speed (km/h) Heat Cool Avg Mean Deg Deg Wind Dom Day Temp High Time Low Time Days Days Rain Speed High Time Dir ---------------------------------------------------------------------------------- 01 3.6 9.5 14:23 -0.5 03:13 14.7 0.0 13.5 13.9 54.1 13:32 SSE 02 5.2 8.0 15:07 1.8 08:38 13.1 0.0 2.4 10.9 49.1 23:44 SSE 03 5.3 8.0 04:09 0.7 23:08 13.0 0.0 10.5 10.7 57.6 09:11 SE 04 3.0 6.3 13:46 -0.6 07:25 15.3 0.0 13.2 9.7 58.7 18:13 E 05 6.4 9.7 13:20 5.2 08:22 11.9 0.0 5.1 9.9 51.5 06:20 E 06 4.3 7.5 14:03 1.9 23:51 14.0 0.0 0.3 4.1 31.7 00:24 S 07 3.3 7.0 12:41 -1.2 08:41 15.0 0.0 3.6 8.1 46.5 19:03 SE 08 5.5 8.3 12:34 2.9 02:31 12.8 0.0 11.1 14.1 64.8 02:14 SSE 09 3.6 5.8 00:46 -1.0 22:57 14.7 0.0 4.2 7.7 39.3 01:18 SSW 10 1.5 6.6 15:21 -2.5 06:17 16.8 0.0 1.2 4.7 43.9 23:22 S 11 1.4 5.5 00:12 -0.3 20:07 16.9 0.0 4.2 7.1 43.0 00:06 S 12 3.3 6.8 09:13 -0.4 00:18 15.0 0.0 29.7 15.4 62.4 16:08 ESE 13 4.1 7.1 13:12 2.2 09:41 14.2 0.0 0.6 13.2 43.0 11:33 ESE 14 3.8 9.2 14:22 0.0 08:26 14.5 0.0 8.7 6.8 45.4 10:30 E 15 3.9 8.4 14:04 1.5 22:44 14.4 0.0 6.9 9.8 39.3 02:50 W 16 3.1 8.2 15:12 -2.4 03:17 15.2 0.0 0.9 6.1 34.3 21:28 ESE 17 6.8 9.6 13:15 4.6 22:49 11.5 0.0 18.0 4.6 31.7 00:50 ESE 18 5.4 10.3 13:42 0.6 07:38 12.9 0.0 0.3 2.0 20.9 13:44 S 19 7.9 10.5 13:30 5.1 06:08 10.4 0.0 0.3 6.6 35.7 21:32 SE 20 5.6 10.0 00:01 0.4 23:44 12.7 0.0 6.0 8.6 46.5 03:59 SSE 21 4.0 7.6 11:59 0.6 01:41 14.3 0.0 2.4 9.7 48.0 13:26 S 22 6.4 9.5 23:54 2.4 07:47 11.9 0.0 1.2 11.0 45.4 23:39 SE 23 8.2 10.1 13:12 5.1 23:06 10.1 0.0 27.3 13.8 67.4 05:57 SSE 24 5.4 8.6 12:27 3.1 07:46 12.9 0.0 5.1 9.9 40.4 16:18 SE 25 5.2 8.4 14:59 2.4 23:42 13.1 0.0 4.8 12.8 54.1 05:46 SSE 26 6.1 9.7 14:15 3.3 04:14 12.2 0.0 8.1 10.0 51.5 21:09 SSE 27 4.8 8.0 12:07 2.7 19:14 13.5 0.0 0.9 5.3 40.4 06:12 SSW 28 3.6 9.0 14:45 0.2 23:57 14.7 0.0 1.5 5.2 35.7 12:55 WNW ---------------------------------------------------------------------------------- 4.7 10.5 19 -2.5 10 381.7 0.0 192.0 9.0 67.4 23 SE Max >= 27.0 0 Max <= 0.0 0 Min <= 0.0 9 Min <= -18.0 0 Max Rain: 29.7 on day 12 Days of Rain: 28 (>= 0.2 mm) 19 (>= 2.0 mm) 2 (>= 20.0 mm) Heat Base: 18.3 Cool Base: 18.3 Method: Integration