NOAA-Style Climate Reports
Select a Year or Month report
2024: Jan Feb Mar Apr May Jun Jul Aug Sep Oct Nov Dec
2023: Jan Feb Mar Apr May Jun Jul Aug Sep Oct Nov Dec
2022: Jan Feb Mar Apr May Jun Jul Aug Sep Oct Nov Dec
2021: Jan Feb Mar Apr May Jun Jul Aug Sep Oct Nov Dec
2020: Jan Feb Mar Apr May Jun Jul Aug Sep Oct Nov Dec
2019: Jan Feb Mar Apr May Jun Jul Aug Sep Oct Nov Dec
2018: Jan Feb Mar Apr May Jun Jul Aug Sep Oct Nov Dec
2017: Jan Feb Mar Apr May Jun Jul Aug Sep Oct Nov Dec
2016: Jan Feb Mar Apr May Jun Jul Aug Sep Oct Nov Dec
2015: Jan Feb Mar Apr May Jun Jul Aug Sep Oct Nov Dec
2014: Jan Feb Mar Apr May Jun Jul Aug Sep Oct Nov Dec
2013: Jan Feb Mar Apr May Jun Jul Aug Sep Oct Nov Dec
2012: Jan Feb Mar Apr May Jun Jul Aug Sep Oct Nov Dec
2011: Jan Feb Mar Apr May Jun Jul Aug Sep Oct Nov Dec
2010: Jan Feb Mar Apr May Jun Jul Aug Sep Oct Nov Dec
2009: Jan Feb Mar Apr May Jun Jul Aug Sep Oct Nov Dec
2008: Jan Feb Mar Apr May Jun Jul Aug Sep Oct Nov Dec
2024: Jan Feb Mar Apr May Jun Jul Aug Sep Oct Nov Dec
2023: Jan Feb Mar Apr May Jun Jul Aug Sep Oct Nov Dec
2022: Jan Feb Mar Apr May Jun Jul Aug Sep Oct Nov Dec
2021: Jan Feb Mar Apr May Jun Jul Aug Sep Oct Nov Dec
2020: Jan Feb Mar Apr May Jun Jul Aug Sep Oct Nov Dec
2019: Jan Feb Mar Apr May Jun Jul Aug Sep Oct Nov Dec
2018: Jan Feb Mar Apr May Jun Jul Aug Sep Oct Nov Dec
2017: Jan Feb Mar Apr May Jun Jul Aug Sep Oct Nov Dec
2016: Jan Feb Mar Apr May Jun Jul Aug Sep Oct Nov Dec
2015: Jan Feb Mar Apr May Jun Jul Aug Sep Oct Nov Dec
2014: Jan Feb Mar Apr May Jun Jul Aug Sep Oct Nov Dec
2013: Jan Feb Mar Apr May Jun Jul Aug Sep Oct Nov Dec
2012: Jan Feb Mar Apr May Jun Jul Aug Sep Oct Nov Dec
2011: Jan Feb Mar Apr May Jun Jul Aug Sep Oct Nov Dec
2010: Jan Feb Mar Apr May Jun Jul Aug Sep Oct Nov Dec
2009: Jan Feb Mar Apr May Jun Jul Aug Sep Oct Nov Dec
2008: Jan Feb Mar Apr May Jun Jul Aug Sep Oct Nov Dec
Report for 2014 May
Monthly Climatological Summary for May 2014 Name: Garrymore Weather City: Geashill State: Offaly Elevation: 80 m Lat: N 53° 10' 05" Lon: W 007° 21' 37" Temperature (°C), Rain (mm), Wind Speed (km/h) Heat Cool Avg Mean Deg Deg Wind Dom Day Temp High Time Low Time Days Days Rain Speed High Time Dir ---------------------------------------------------------------------------------- 01 11.8 16.6 14:19 9.0 05:55 6.5 0.0 2.7 1.6 17.2 12:27 NW 02 11.1 15.2 13:07 7.7 05:45 7.2 0.0 0.0 1.8 14.8 14:03 E 03 10.7 13.9 14:21 6.2 04:59 7.6 0.0 0.0 5.0 24.4 11:13 SE 04 11.5 14.2 11:01 8.5 22:48 6.8 0.0 0.0 6.8 28.2 19:51 SE 05 10.4 14.9 13:35 7.8 23:58 7.9 0.0 4.2 9.3 43.0 12:32 SE 06 9.4 14.0 17:17 4.3 05:07 8.9 0.0 5.4 7.3 34.3 12:06 SSE 07 10.4 14.5 14:49 6.7 07:03 7.9 0.0 0.3 7.8 37.8 12:50 S 08 10.9 16.0 13:52 8.1 04:53 7.4 0.0 3.9 4.9 30.6 16:50 S 09 11.0 15.5 13:43 7.3 05:35 7.3 0.0 4.8 7.9 36.7 09:40 S 10 10.9 14.1 11:57 8.2 00:08 7.4 0.0 4.5 8.4 40.4 18:41 S 11 10.2 12.1 13:30 7.4 05:53 8.1 0.0 1.5 9.0 31.7 11:26 SSE 12 12.0 15.0 14:06 7.6 23:57 6.3 0.0 0.0 6.5 28.2 14:32 SE 13 10.4 16.4 14:37 5.6 03:38 7.9 0.0 0.3 3.6 25.6 15:49 W 14 11.4 16.4 15:30 7.3 00:00 6.9 0.0 0.3 2.8 19.4 11:23 SSE 15 14.9 19.8 14:17 10.0 05:59 3.5 0.2 0.0 1.2 15.9 16:10 SSE 16 14.9 21.1 19:11 8.7 05:39 3.9 0.5 0.0 2.4 18.3 14:03 S 17 14.4 20.7 17:39 5.9 05:03 4.3 0.4 0.0 6.8 35.7 14:29 SSE 18 11.0 14.9 18:19 9.5 23:59 7.3 0.0 7.5 3.6 28.2 01:40 SE 19 13.6 19.3 13:52 7.6 05:18 4.8 0.1 3.6 0.5 14.8 12:23 ENE 20 13.6 21.2 14:17 9.3 23:59 4.8 0.1 5.1 1.5 24.4 16:58 SE 21 12.8 20.9 15:47 6.6 03:19 5.8 0.3 0.0 3.2 24.4 12:22 SSE 22 10.9 16.9 15:15 6.9 02:45 7.4 0.0 3.6 2.2 22.0 15:18 NW 23 10.0 13.1 09:05 7.9 23:39 8.3 0.0 1.5 4.3 30.6 14:01 NNW 24 9.9 13.3 18:01 7.3 05:16 8.4 0.0 5.4 3.9 23.3 09:22 NW 25 10.3 13.0 17:08 8.3 06:38 8.0 0.0 5.1 3.9 20.9 00:44 NW 26 11.8 18.4 14:54 8.7 23:59 6.5 0.0 6.6 0.8 13.3 12:55 SW 27 13.7 22.7 19:38 4.0 04:49 5.1 0.4 0.3 2.4 19.4 13:17 ESE 28 14.8 24.4 19:43 4.8 05:34 4.6 1.1 0.0 0.6 13.3 13:02 NW 29 12.8 18.4 11:03 9.5 02:34 5.5 0.0 0.0 0.2 13.3 09:50 NNW 30 14.3 20.5 16:09 9.9 03:24 4.2 0.2 0.0 0.1 8.7 07:07 NNW 31 16.9 24.8 09:18 10.4 04:45 2.7 1.3 0.0 2.0 15.9 10:56 WSW ---------------------------------------------------------------------------------- 12.0 24.8 31 4.0 27 199.2 4.6 66.6 3.9 43.0 5 SSE Max >= 27.0 0 Max <= 0.0 0 Min <= 0.0 0 Min <= -18.0 0 Max Rain: 7.5 on day 18 Days of Rain: 19 (>= 0.2 mm) 13 (>= 2.0 mm) 0 (>= 20.0 mm) Heat Base: 18.3 Cool Base: 18.3 Method: Integration