NOAA-Style Climate Reports
Select a Year or Month report
2024: Jan Feb Mar Apr May Jun Jul Aug Sep Oct Nov Dec
2023: Jan Feb Mar Apr May Jun Jul Aug Sep Oct Nov Dec
2022: Jan Feb Mar Apr May Jun Jul Aug Sep Oct Nov Dec
2021: Jan Feb Mar Apr May Jun Jul Aug Sep Oct Nov Dec
2020: Jan Feb Mar Apr May Jun Jul Aug Sep Oct Nov Dec
2019: Jan Feb Mar Apr May Jun Jul Aug Sep Oct Nov Dec
2018: Jan Feb Mar Apr May Jun Jul Aug Sep Oct Nov Dec
2017: Jan Feb Mar Apr May Jun Jul Aug Sep Oct Nov Dec
2016: Jan Feb Mar Apr May Jun Jul Aug Sep Oct Nov Dec
2015: Jan Feb Mar Apr May Jun Jul Aug Sep Oct Nov Dec
2014: Jan Feb Mar Apr May Jun Jul Aug Sep Oct Nov Dec
2013: Jan Feb Mar Apr May Jun Jul Aug Sep Oct Nov Dec
2012: Jan Feb Mar Apr May Jun Jul Aug Sep Oct Nov Dec
2011: Jan Feb Mar Apr May Jun Jul Aug Sep Oct Nov Dec
2010: Jan Feb Mar Apr May Jun Jul Aug Sep Oct Nov Dec
2009: Jan Feb Mar Apr May Jun Jul Aug Sep Oct Nov Dec
2008: Jan Feb Mar Apr May Jun Jul Aug Sep Oct Nov Dec
2024: Jan Feb Mar Apr May Jun Jul Aug Sep Oct Nov Dec
2023: Jan Feb Mar Apr May Jun Jul Aug Sep Oct Nov Dec
2022: Jan Feb Mar Apr May Jun Jul Aug Sep Oct Nov Dec
2021: Jan Feb Mar Apr May Jun Jul Aug Sep Oct Nov Dec
2020: Jan Feb Mar Apr May Jun Jul Aug Sep Oct Nov Dec
2019: Jan Feb Mar Apr May Jun Jul Aug Sep Oct Nov Dec
2018: Jan Feb Mar Apr May Jun Jul Aug Sep Oct Nov Dec
2017: Jan Feb Mar Apr May Jun Jul Aug Sep Oct Nov Dec
2016: Jan Feb Mar Apr May Jun Jul Aug Sep Oct Nov Dec
2015: Jan Feb Mar Apr May Jun Jul Aug Sep Oct Nov Dec
2014: Jan Feb Mar Apr May Jun Jul Aug Sep Oct Nov Dec
2013: Jan Feb Mar Apr May Jun Jul Aug Sep Oct Nov Dec
2012: Jan Feb Mar Apr May Jun Jul Aug Sep Oct Nov Dec
2011: Jan Feb Mar Apr May Jun Jul Aug Sep Oct Nov Dec
2010: Jan Feb Mar Apr May Jun Jul Aug Sep Oct Nov Dec
2009: Jan Feb Mar Apr May Jun Jul Aug Sep Oct Nov Dec
2008: Jan Feb Mar Apr May Jun Jul Aug Sep Oct Nov Dec
Report for 2014 September
Monthly Climatological Summary for Sep 2014 Name: Garrymore Weather City: Geashill State: Offaly Elevation: 80 m Lat: N 53° 10' 05" Lon: W 007° 21' 37" Temperature (°C), Rain (mm), Wind Speed (km/h) Heat Cool Avg Mean Deg Deg Wind Dom Day Temp High Time Low Time Days Days Rain Speed High Time Dir ---------------------------------------------------------------------------------- 01 14.7 17.7 15:32 12.5 06:46 3.6 0.0 0.3 1.0 13.3 01:07 WNW 02 15.7 19.9 17:39 12.4 06:55 2.9 0.2 0.0 0.4 12.2 14:42 ESE 03 9.8 14.7 22:44 8.4 03:12 8.5 0.0 0.0 0.1 6.1 23:46 SE 04 17.9 24.2 15:03 11.8 07:00 2.3 1.8 0.0 1.8 18.3 13:49 ESE 05 16.2 21.8 16:09 10.8 06:19 2.8 0.7 0.0 0.9 15.9 23:33 NNW 06 13.1 16.7 14:55 9.6 07:41 5.2 0.0 0.9 2.5 25.6 16:20 NNW 07 12.1 18.4 16:25 5.4 06:49 6.2 0.0 0.0 1.4 18.3 10:23 NNW 08 11.3 18.7 15:49 4.6 07:04 7.0 0.0 0.0 1.0 15.9 13:18 NNW 09 12.5 20.7 17:58 5.3 04:51 6.1 0.3 0.0 0.3 9.8 13:40 WNW 10 13.4 22.6 17:03 4.7 06:58 5.6 0.8 0.0 1.2 14.8 11:42 ESE 11 14.1 22.1 15:19 7.4 06:44 5.0 0.8 0.0 0.9 19.4 13:53 ESE 12 13.3 20.0 15:17 5.7 07:51 5.3 0.3 0.0 1.5 24.4 11:06 E 13 15.2 23.6 16:33 7.3 07:12 3.9 0.9 0.0 0.6 13.3 14:11 E 14 14.6 18.8 13:17 10.6 23:53 3.7 0.0 0.0 0.5 14.8 13:29 E 15 14.6 21.0 16:29 9.2 01:46 4.2 0.5 0.0 0.2 14.8 10:19 E 16 15.5 21.7 16:03 10.6 00:40 3.4 0.6 0.0 0.2 11.1 13:12 E 17 16.6 20.8 14:04 13.6 23:51 2.3 0.6 0.0 0.4 13.3 10:23 E 18 16.8 22.9 15:57 13.0 02:36 2.4 0.9 0.0 0.3 12.2 10:48 ESE 19 14.9 16.5 12:10 13.6 01:18 3.4 0.0 1.2 0.3 11.1 11:54 NNW 20 14.5 18.2 14:23 10.0 23:51 3.8 0.0 0.6 3.4 22.0 12:22 NNW 21 11.9 20.7 16:09 4.8 07:24 6.7 0.3 0.0 0.5 9.8 14:32 SE 22 12.0 19.1 16:32 5.8 05:29 6.3 0.1 0.0 0.9 15.9 16:36 S 23 12.9 16.0 14:52 10.2 00:00 5.4 0.0 0.9 2.4 17.2 19:56 SSE 24 13.0 17.7 15:41 8.3 07:33 5.3 0.0 0.3 2.4 18.3 11:51 W 25 15.5 18.8 13:59 12.9 00:00 2.8 0.0 0.0 3.3 20.9 23:11 S 26 14.4 18.1 15:32 6.8 23:54 3.9 0.0 0.0 2.7 25.6 02:07 SSW 27 13.3 19.7 15:33 6.4 00:25 5.1 0.1 0.0 3.0 19.4 13:15 SE 28 15.6 20.1 15:23 12.3 23:54 2.9 0.2 0.0 1.3 14.8 01:27 SE 29 12.4 12.6 03:41 12.1 02:11 1.0 0.0 0.0 0.0 0.0 00:00 E 30 15.8 21.0 16:29 11.3 23:58 1.1 0.2 0.0 4.2 22.0 18:23 SSE ---------------------------------------------------------------------------------- 14.1 24.2 4 4.6 8 128.1 9.3 4.2 1.3 25.6 6 SSE Max >= 27.0 0 Max <= 0.0 0 Min <= 0.0 0 Min <= -18.0 0 Max Rain: 1.2 on day 19 Days of Rain: 6 (>= 0.2 mm) 0 (>= 2.0 mm) 0 (>= 20.0 mm) Heat Base: 18.3 Cool Base: 18.3 Method: Integration