NOAA-Style Climate Reports
Select a Year or Month report
2024: Jan Feb Mar Apr May Jun Jul Aug Sep Oct Nov Dec
2023: Jan Feb Mar Apr May Jun Jul Aug Sep Oct Nov Dec
2022: Jan Feb Mar Apr May Jun Jul Aug Sep Oct Nov Dec
2021: Jan Feb Mar Apr May Jun Jul Aug Sep Oct Nov Dec
2020: Jan Feb Mar Apr May Jun Jul Aug Sep Oct Nov Dec
2019: Jan Feb Mar Apr May Jun Jul Aug Sep Oct Nov Dec
2018: Jan Feb Mar Apr May Jun Jul Aug Sep Oct Nov Dec
2017: Jan Feb Mar Apr May Jun Jul Aug Sep Oct Nov Dec
2016: Jan Feb Mar Apr May Jun Jul Aug Sep Oct Nov Dec
2015: Jan Feb Mar Apr May Jun Jul Aug Sep Oct Nov Dec
2014: Jan Feb Mar Apr May Jun Jul Aug Sep Oct Nov Dec
2013: Jan Feb Mar Apr May Jun Jul Aug Sep Oct Nov Dec
2012: Jan Feb Mar Apr May Jun Jul Aug Sep Oct Nov Dec
2011: Jan Feb Mar Apr May Jun Jul Aug Sep Oct Nov Dec
2010: Jan Feb Mar Apr May Jun Jul Aug Sep Oct Nov Dec
2009: Jan Feb Mar Apr May Jun Jul Aug Sep Oct Nov Dec
2008: Jan Feb Mar Apr May Jun Jul Aug Sep Oct Nov Dec
2024: Jan Feb Mar Apr May Jun Jul Aug Sep Oct Nov Dec
2023: Jan Feb Mar Apr May Jun Jul Aug Sep Oct Nov Dec
2022: Jan Feb Mar Apr May Jun Jul Aug Sep Oct Nov Dec
2021: Jan Feb Mar Apr May Jun Jul Aug Sep Oct Nov Dec
2020: Jan Feb Mar Apr May Jun Jul Aug Sep Oct Nov Dec
2019: Jan Feb Mar Apr May Jun Jul Aug Sep Oct Nov Dec
2018: Jan Feb Mar Apr May Jun Jul Aug Sep Oct Nov Dec
2017: Jan Feb Mar Apr May Jun Jul Aug Sep Oct Nov Dec
2016: Jan Feb Mar Apr May Jun Jul Aug Sep Oct Nov Dec
2015: Jan Feb Mar Apr May Jun Jul Aug Sep Oct Nov Dec
2014: Jan Feb Mar Apr May Jun Jul Aug Sep Oct Nov Dec
2013: Jan Feb Mar Apr May Jun Jul Aug Sep Oct Nov Dec
2012: Jan Feb Mar Apr May Jun Jul Aug Sep Oct Nov Dec
2011: Jan Feb Mar Apr May Jun Jul Aug Sep Oct Nov Dec
2010: Jan Feb Mar Apr May Jun Jul Aug Sep Oct Nov Dec
2009: Jan Feb Mar Apr May Jun Jul Aug Sep Oct Nov Dec
2008: Jan Feb Mar Apr May Jun Jul Aug Sep Oct Nov Dec
Report for 2014 November
Monthly Climatological Summary for Nov 2014 Name: Garrymore Weather City: Geashill State: Offaly Elevation: 80 m Lat: N 53° 10' 05" Lon: W 007° 21' 37" Temperature (°C), Rain (mm), Wind Speed (km/h) Heat Cool Avg Mean Deg Deg Wind Dom Day Temp High Time Low Time Days Days Rain Speed High Time Dir ---------------------------------------------------------------------------------- 01 10.1 14.6 18:17 7.0 05:37 8.2 0.0 9.9 7.5 36.7 17:58 SE 02 8.0 11.7 13:24 5.3 07:47 10.3 0.0 0.0 7.1 31.7 13:24 SSE 03 4.6 9.6 13:56 2.2 05:16 13.7 0.0 0.6 4.2 27.0 15:05 SSE 04 6.8 11.6 14:07 3.4 05:14 11.5 0.0 0.6 6.2 36.7 13:47 WNW 05 5.0 10.2 13:20 0.9 08:00 13.3 0.0 0.0 1.9 15.9 21:00 WSW 06 10.5 13.2 12:05 5.5 00:00 7.8 0.0 16.8 9.2 40.4 03:26 SE 07 7.3 11.4 14:11 3.5 07:22 11.0 0.0 1.5 4.0 28.2 12:36 S 08 6.0 9.7 15:29 3.4 01:18 12.3 0.0 10.5 4.3 20.9 10:32 SSE 09 5.8 11.0 12:28 0.7 23:24 12.5 0.0 0.9 2.9 22.0 12:30 S 10 6.3 10.3 18:59 1.2 00:03 12.0 0.0 4.2 4.2 34.3 12:43 E 11 7.0 9.6 11:13 5.0 00:00 11.3 0.0 4.5 0.3 11.1 06:20 ESE 12 6.5 9.7 15:11 4.1 21:20 11.8 0.0 3.6 1.9 23.3 15:09 SSE 13 7.6 10.8 06:29 4.5 18:43 10.7 0.0 19.2 4.4 39.3 06:45 ESE 14 8.4 12.6 03:20 4.8 08:29 9.9 0.0 10.2 6.0 46.5 03:47 ESE 15 7.0 12.4 14:06 3.6 06:29 11.3 0.0 0.6 1.2 18.3 11:38 E 16 5.4 9.7 14:36 1.5 06:55 12.9 0.0 0.3 2.0 18.3 14:27 NNW 17 6.8 10.3 13:54 1.8 00:55 11.5 0.0 0.3 5.0 22.0 13:04 NW 18 6.8 11.2 14:31 2.3 00:00 11.5 0.0 0.0 2.8 28.2 13:05 ENE 19 7.7 11.3 13:51 2.0 23:21 10.6 0.0 7.5 3.9 36.7 11:19 E 20 4.3 6.7 18:16 0.4 07:00 14.0 0.0 0.3 0.2 9.8 17:19 E 21 8.5 12.0 20:20 5.2 00:00 9.8 0.0 8.4 5.8 34.3 11:17 E 22 6.9 10.5 00:00 -0.1 23:43 11.4 0.0 0.9 1.4 19.4 15:22 S 23 1.7 8.1 14:21 -1.9 08:14 16.6 0.0 0.3 0.4 12.2 12:20 SSE 24 3.3 7.0 14:55 -1.5 02:12 15.0 0.0 0.9 1.9 17.2 08:08 SE 25 5.4 9.8 13:47 -0.7 23:58 12.9 0.0 0.3 0.7 17.2 13:33 ESE 26 -0.1 4.0 14:44 -2.4 08:43 18.4 0.0 0.0 0.1 7.2 18:59 E 27 3.1 7.9 12:45 -1.8 00:10 15.2 0.0 0.0 2.4 22.0 13:00 ENE 28 7.4 11.6 14:26 4.0 23:58 10.9 0.0 0.0 0.3 13.3 00:06 ENE 29 6.9 9.4 23:37 2.9 00:34 11.4 0.0 0.3 0.6 14.8 23:37 SSE 30 6.1 9.4 00:33 1.7 06:15 12.2 0.0 0.0 1.2 14.8 00:13 W ---------------------------------------------------------------------------------- 6.2 14.6 1 -2.4 26 361.9 0.0 102.6 3.1 46.5 14 SE Max >= 27.0 0 Max <= 0.0 0 Min <= 0.0 6 Min <= -18.0 0 Max Rain: 19.2 on day 13 Days of Rain: 23 (>= 0.2 mm) 10 (>= 2.0 mm) 0 (>= 20.0 mm) Heat Base: 18.3 Cool Base: 18.3 Method: Integration