NOAA-Style Climate Reports
Select a Year or Month report
2024: Jan Feb Mar Apr May Jun Jul Aug Sep Oct Nov Dec
2023: Jan Feb Mar Apr May Jun Jul Aug Sep Oct Nov Dec
2022: Jan Feb Mar Apr May Jun Jul Aug Sep Oct Nov Dec
2021: Jan Feb Mar Apr May Jun Jul Aug Sep Oct Nov Dec
2020: Jan Feb Mar Apr May Jun Jul Aug Sep Oct Nov Dec
2019: Jan Feb Mar Apr May Jun Jul Aug Sep Oct Nov Dec
2018: Jan Feb Mar Apr May Jun Jul Aug Sep Oct Nov Dec
2017: Jan Feb Mar Apr May Jun Jul Aug Sep Oct Nov Dec
2016: Jan Feb Mar Apr May Jun Jul Aug Sep Oct Nov Dec
2015: Jan Feb Mar Apr May Jun Jul Aug Sep Oct Nov Dec
2014: Jan Feb Mar Apr May Jun Jul Aug Sep Oct Nov Dec
2013: Jan Feb Mar Apr May Jun Jul Aug Sep Oct Nov Dec
2012: Jan Feb Mar Apr May Jun Jul Aug Sep Oct Nov Dec
2011: Jan Feb Mar Apr May Jun Jul Aug Sep Oct Nov Dec
2010: Jan Feb Mar Apr May Jun Jul Aug Sep Oct Nov Dec
2009: Jan Feb Mar Apr May Jun Jul Aug Sep Oct Nov Dec
2008: Jan Feb Mar Apr May Jun Jul Aug Sep Oct Nov Dec
2024: Jan Feb Mar Apr May Jun Jul Aug Sep Oct Nov Dec
2023: Jan Feb Mar Apr May Jun Jul Aug Sep Oct Nov Dec
2022: Jan Feb Mar Apr May Jun Jul Aug Sep Oct Nov Dec
2021: Jan Feb Mar Apr May Jun Jul Aug Sep Oct Nov Dec
2020: Jan Feb Mar Apr May Jun Jul Aug Sep Oct Nov Dec
2019: Jan Feb Mar Apr May Jun Jul Aug Sep Oct Nov Dec
2018: Jan Feb Mar Apr May Jun Jul Aug Sep Oct Nov Dec
2017: Jan Feb Mar Apr May Jun Jul Aug Sep Oct Nov Dec
2016: Jan Feb Mar Apr May Jun Jul Aug Sep Oct Nov Dec
2015: Jan Feb Mar Apr May Jun Jul Aug Sep Oct Nov Dec
2014: Jan Feb Mar Apr May Jun Jul Aug Sep Oct Nov Dec
2013: Jan Feb Mar Apr May Jun Jul Aug Sep Oct Nov Dec
2012: Jan Feb Mar Apr May Jun Jul Aug Sep Oct Nov Dec
2011: Jan Feb Mar Apr May Jun Jul Aug Sep Oct Nov Dec
2010: Jan Feb Mar Apr May Jun Jul Aug Sep Oct Nov Dec
2009: Jan Feb Mar Apr May Jun Jul Aug Sep Oct Nov Dec
2008: Jan Feb Mar Apr May Jun Jul Aug Sep Oct Nov Dec
Report for 2015 February
Monthly Climatological Summary for Feb 2015 Name: Garrymore Weather City: Geashill State: Offaly Elevation: 80 m Lat: N 53° 10' 05" Lon: W 007° 21' 37" Temperature (°C), Rain (mm), Wind Speed (km/h) Heat Cool Avg Mean Deg Deg Wind Dom Day Temp High Time Low Time Days Days Rain Speed High Time Dir ---------------------------------------------------------------------------------- 01 -0.3 4.2 14:43 -3.1 23:33 18.6 0.0 0.0 3.6 19.4 13:14 W 02 -1.2 4.3 14:14 -4.2 01:38 19.5 0.0 0.0 0.8 12.2 14:42 WNW 03 -1.7 1.6 15:15 -6.4 08:01 20.0 0.0 0.0 2.6 19.4 13:44 WNW 04 -0.8 5.0 14:33 -4.7 07:06 19.1 0.0 0.0 2.8 19.4 14:20 WNW 05 2.9 6.8 15:10 -0.7 08:54 15.4 0.0 0.0 4.0 23.3 13:36 WNW 06 3.9 6.3 13:13 1.3 08:36 14.4 0.0 0.0 1.4 12.2 19:18 N 07 4.4 7.3 15:10 -0.4 22:46 13.9 0.0 9.9 4.6 24.4 16:51 NNW 08 0.1 3.2 21:25 -2.2 03:56 18.2 0.0 0.0 3.3 23.3 20:18 WNW 09 3.4 4.9 13:36 2.0 02:24 14.9 0.0 0.3 4.3 20.9 06:36 NW 10 2.3 3.5 00:00 0.2 11:29 16.0 0.0 0.0 4.8 27.0 23:02 SSE 11 3.9 5.8 14:10 0.5 17:43 14.4 0.0 0.0 3.9 23.3 00:00 SSE 12 5.1 7.9 13:48 3.0 06:05 13.2 0.0 0.3 7.9 45.4 23:41 SSE 13 5.7 8.0 15:09 4.4 08:32 12.6 0.0 7.2 9.8 46.5 00:28 SSE 14 4.9 11.0 15:27 2.3 20:41 13.4 0.0 0.3 2.3 18.3 04:27 NNW 15 4.6 8.7 13:16 -0.2 04:52 13.7 0.0 2.7 10.1 51.5 15:15 SSE 16 3.9 8.2 14:03 -0.2 23:59 14.4 0.0 0.6 6.8 37.8 14:31 WNW 17 3.9 10.4 13:29 -2.9 03:08 14.4 0.0 0.0 8.9 33.2 13:00 S 18 9.2 14.2 15:35 6.5 04:43 9.1 0.0 0.0 18.4 58.7 16:14 S 19 6.0 9.9 14:27 -0.7 23:33 12.3 0.0 1.2 7.2 33.2 11:24 SSW 20 2.6 8.6 14:44 -1.4 01:02 15.7 0.0 0.9 4.7 27.0 20:21 WSW 21 2.2 7.8 13:42 -1.5 23:57 16.1 0.0 0.0 8.2 37.8 13:42 WNW 22 4.4 10.9 14:19 -1.8 00:18 13.9 0.0 7.5 12.8 50.0 17:34 SSW 23 2.8 6.2 14:10 0.0 04:57 15.5 0.0 10.5 15.7 60.2 19:36 SSW 24 5.1 7.7 14:00 2.0 05:33 13.2 0.0 2.4 10.0 39.3 10:54 WSW 25 9.8 12.2 13:58 6.5 00:00 8.5 0.0 1.5 7.9 37.8 22:23 SW 26 5.8 12.8 03:55 0.9 23:52 12.6 0.0 5.1 11.3 46.5 04:59 WSW 27 4.0 7.2 16:22 -0.9 05:42 14.3 0.0 1.2 13.7 54.1 15:13 S 28 7.5 13.4 14:59 4.9 23:46 10.8 0.0 25.2 13.7 62.4 19:13 SSW ---------------------------------------------------------------------------------- 3.7 14.2 18 -6.4 3 408.1 0.0 76.8 7.3 62.4 28 SSW Max >= 27.0 0 Max <= 0.0 0 Min <= 0.0 16 Min <= -18.0 0 Max Rain: 25.2 on day 28 Days of Rain: 16 (>= 0.2 mm) 8 (>= 2.0 mm) 1 (>= 20.0 mm) Heat Base: 18.3 Cool Base: 18.3 Method: Integration