NOAA-Style Climate Reports
Select a Year or Month report
2024: Jan Feb Mar Apr May Jun Jul Aug Sep Oct Nov Dec
2023: Jan Feb Mar Apr May Jun Jul Aug Sep Oct Nov Dec
2022: Jan Feb Mar Apr May Jun Jul Aug Sep Oct Nov Dec
2021: Jan Feb Mar Apr May Jun Jul Aug Sep Oct Nov Dec
2020: Jan Feb Mar Apr May Jun Jul Aug Sep Oct Nov Dec
2019: Jan Feb Mar Apr May Jun Jul Aug Sep Oct Nov Dec
2018: Jan Feb Mar Apr May Jun Jul Aug Sep Oct Nov Dec
2017: Jan Feb Mar Apr May Jun Jul Aug Sep Oct Nov Dec
2016: Jan Feb Mar Apr May Jun Jul Aug Sep Oct Nov Dec
2015: Jan Feb Mar Apr May Jun Jul Aug Sep Oct Nov Dec
2014: Jan Feb Mar Apr May Jun Jul Aug Sep Oct Nov Dec
2013: Jan Feb Mar Apr May Jun Jul Aug Sep Oct Nov Dec
2012: Jan Feb Mar Apr May Jun Jul Aug Sep Oct Nov Dec
2011: Jan Feb Mar Apr May Jun Jul Aug Sep Oct Nov Dec
2010: Jan Feb Mar Apr May Jun Jul Aug Sep Oct Nov Dec
2009: Jan Feb Mar Apr May Jun Jul Aug Sep Oct Nov Dec
2008: Jan Feb Mar Apr May Jun Jul Aug Sep Oct Nov Dec
2024: Jan Feb Mar Apr May Jun Jul Aug Sep Oct Nov Dec
2023: Jan Feb Mar Apr May Jun Jul Aug Sep Oct Nov Dec
2022: Jan Feb Mar Apr May Jun Jul Aug Sep Oct Nov Dec
2021: Jan Feb Mar Apr May Jun Jul Aug Sep Oct Nov Dec
2020: Jan Feb Mar Apr May Jun Jul Aug Sep Oct Nov Dec
2019: Jan Feb Mar Apr May Jun Jul Aug Sep Oct Nov Dec
2018: Jan Feb Mar Apr May Jun Jul Aug Sep Oct Nov Dec
2017: Jan Feb Mar Apr May Jun Jul Aug Sep Oct Nov Dec
2016: Jan Feb Mar Apr May Jun Jul Aug Sep Oct Nov Dec
2015: Jan Feb Mar Apr May Jun Jul Aug Sep Oct Nov Dec
2014: Jan Feb Mar Apr May Jun Jul Aug Sep Oct Nov Dec
2013: Jan Feb Mar Apr May Jun Jul Aug Sep Oct Nov Dec
2012: Jan Feb Mar Apr May Jun Jul Aug Sep Oct Nov Dec
2011: Jan Feb Mar Apr May Jun Jul Aug Sep Oct Nov Dec
2010: Jan Feb Mar Apr May Jun Jul Aug Sep Oct Nov Dec
2009: Jan Feb Mar Apr May Jun Jul Aug Sep Oct Nov Dec
2008: Jan Feb Mar Apr May Jun Jul Aug Sep Oct Nov Dec
Report for 2015 May
Monthly Climatological Summary for May 2015 Name: Garrymore Weather City: Geashill State: Offaly Elevation: 80 m Lat: N 53° 10' 05" Lon: W 007° 21' 37" Temperature (°C), Rain (mm), Wind Speed (km/h) Heat Cool Avg Mean Deg Deg Wind Dom Day Temp High Time Low Time Days Days Rain Speed High Time Dir ---------------------------------------------------------------------------------- 01 2.3 6.9 08:49 1.0 03:00 5.9 0.0 0.0 3.5 12.2 01:35 WNW 02 9.4 11.0 21:11 6.9 13:46 3.8 0.0 5.1 9.5 36.7 22:35 NNE 03 11.6 18.6 15:08 8.0 23:45 6.7 0.0 9.9 9.4 43.9 15:11 E 04 10.6 15.8 19:06 5.4 06:34 7.7 0.0 0.9 11.5 43.9 09:49 ENE 05 9.1 14.8 16:05 6.0 08:20 9.2 0.0 14.7 8.5 36.7 18:39 ESE 06 8.7 13.8 14:48 5.9 23:32 9.6 0.0 2.7 12.0 45.4 13:45 SSE 07 10.1 19.8 14:53 5.3 05:58 8.3 0.0 0.3 2.9 31.7 18:15 WSW 08 6.7 10.6 10:18 4.4 06:23 11.6 0.0 9.9 6.7 37.8 16:25 W 09 10.4 19.5 16:49 5.4 06:10 7.9 0.0 1.5 6.7 33.2 22:01 E 10 11.7 17.2 13:28 9.1 00:38 6.6 0.0 10.5 16.7 50.0 11:34 ENE 11 11.8 18.0 15:59 6.4 05:31 6.5 0.0 0.6 13.5 57.6 16:25 SE 12 10.2 15.3 17:28 6.1 23:34 8.0 0.0 0.3 9.8 43.9 11:22 S 13 17.5 22.5 15:44 6.1 10:51 1.0 0.6 0.3 6.4 27.0 19:05 E 14 10.3 14.6 13:14 6.0 00:44 8.0 0.0 2.4 4.9 30.6 13:39 NNE 15 10.0 14.7 17:24 3.0 03:31 8.3 0.0 0.9 7.8 36.7 13:47 SE 16 9.8 15.3 16:29 5.4 05:10 8.5 0.0 0.0 8.3 39.3 15:23 SSW 17 10.2 14.9 14:09 7.6 00:26 8.1 0.0 1.2 8.3 35.7 16:08 S 18 8.4 13.2 12:11 5.7 03:54 9.9 0.0 3.6 10.0 45.4 17:34 S 19 7.6 13.6 21:45 4.4 05:35 10.7 0.0 1.8 10.3 43.9 17:25 SW 20 9.2 16.2 16:46 3.2 04:05 9.1 0.0 0.0 6.1 28.2 15:57 SW 21 12.0 19.1 14:44 4.2 03:40 6.3 0.0 0.0 4.7 27.0 11:16 S 22 13.8 17.8 14:24 9.0 23:58 4.5 0.0 0.0 5.6 27.0 12:52 SW 23 13.0 20.1 16:43 5.0 05:02 5.4 0.1 0.0 2.8 18.3 15:38 SSW 24 12.5 17.3 15:35 8.4 07:59 5.8 0.0 0.9 6.5 28.2 17:59 SW 25 12.3 16.8 14:00 8.6 03:35 6.0 0.0 0.0 6.3 24.4 12:35 WSW 26 12.6 17.3 16:52 9.3 05:06 5.7 0.0 0.0 5.6 25.6 14:51 W 27 10.3 13.8 16:54 7.1 03:41 8.0 0.0 2.7 6.8 36.7 18:16 SSE 28 10.2 15.4 16:12 6.1 04:33 8.1 0.0 0.3 7.6 40.4 14:45 S 29 9.4 14.8 14:48 3.5 21:59 8.9 0.0 5.4 6.2 34.3 13:47 SW 30 9.9 17.3 14:16 2.8 03:00 8.4 0.0 3.0 7.2 39.3 21:43 ESE 31 9.6 14.3 16:51 5.6 23:51 8.7 0.0 1.2 9.5 37.8 14:10 SSW ---------------------------------------------------------------------------------- 10.4 22.5 13 1.0 1 231.2 0.7 80.1 7.9 57.6 11 SSE Max >= 27.0 0 Max <= 0.0 0 Min <= 0.0 0 Min <= -18.0 0 Max Rain: 14.7 on day 5 Days of Rain: 23 (>= 0.2 mm) 11 (>= 2.0 mm) 0 (>= 20.0 mm) Heat Base: 18.3 Cool Base: 18.3 Method: Integration