NOAA-Style Climate Reports
Select a Year or Month report
2024: Jan Feb Mar Apr May Jun Jul Aug Sep Oct Nov Dec
2023: Jan Feb Mar Apr May Jun Jul Aug Sep Oct Nov Dec
2022: Jan Feb Mar Apr May Jun Jul Aug Sep Oct Nov Dec
2021: Jan Feb Mar Apr May Jun Jul Aug Sep Oct Nov Dec
2020: Jan Feb Mar Apr May Jun Jul Aug Sep Oct Nov Dec
2019: Jan Feb Mar Apr May Jun Jul Aug Sep Oct Nov Dec
2018: Jan Feb Mar Apr May Jun Jul Aug Sep Oct Nov Dec
2017: Jan Feb Mar Apr May Jun Jul Aug Sep Oct Nov Dec
2016: Jan Feb Mar Apr May Jun Jul Aug Sep Oct Nov Dec
2015: Jan Feb Mar Apr May Jun Jul Aug Sep Oct Nov Dec
2014: Jan Feb Mar Apr May Jun Jul Aug Sep Oct Nov Dec
2013: Jan Feb Mar Apr May Jun Jul Aug Sep Oct Nov Dec
2012: Jan Feb Mar Apr May Jun Jul Aug Sep Oct Nov Dec
2011: Jan Feb Mar Apr May Jun Jul Aug Sep Oct Nov Dec
2010: Jan Feb Mar Apr May Jun Jul Aug Sep Oct Nov Dec
2009: Jan Feb Mar Apr May Jun Jul Aug Sep Oct Nov Dec
2008: Jan Feb Mar Apr May Jun Jul Aug Sep Oct Nov Dec
2024: Jan Feb Mar Apr May Jun Jul Aug Sep Oct Nov Dec
2023: Jan Feb Mar Apr May Jun Jul Aug Sep Oct Nov Dec
2022: Jan Feb Mar Apr May Jun Jul Aug Sep Oct Nov Dec
2021: Jan Feb Mar Apr May Jun Jul Aug Sep Oct Nov Dec
2020: Jan Feb Mar Apr May Jun Jul Aug Sep Oct Nov Dec
2019: Jan Feb Mar Apr May Jun Jul Aug Sep Oct Nov Dec
2018: Jan Feb Mar Apr May Jun Jul Aug Sep Oct Nov Dec
2017: Jan Feb Mar Apr May Jun Jul Aug Sep Oct Nov Dec
2016: Jan Feb Mar Apr May Jun Jul Aug Sep Oct Nov Dec
2015: Jan Feb Mar Apr May Jun Jul Aug Sep Oct Nov Dec
2014: Jan Feb Mar Apr May Jun Jul Aug Sep Oct Nov Dec
2013: Jan Feb Mar Apr May Jun Jul Aug Sep Oct Nov Dec
2012: Jan Feb Mar Apr May Jun Jul Aug Sep Oct Nov Dec
2011: Jan Feb Mar Apr May Jun Jul Aug Sep Oct Nov Dec
2010: Jan Feb Mar Apr May Jun Jul Aug Sep Oct Nov Dec
2009: Jan Feb Mar Apr May Jun Jul Aug Sep Oct Nov Dec
2008: Jan Feb Mar Apr May Jun Jul Aug Sep Oct Nov Dec
Report for 2015 August
Monthly Climatological Summary for Aug 2015 Name: Garrymore Weather City: Geashill State: Offaly Elevation: 80 m Lat: N 53° 10' 05" Lon: W 007° 21' 37" Temperature (°C), Rain (mm), Wind Speed (km/h) Heat Cool Avg Mean Deg Deg Wind Dom Day Temp High Time Low Time Days Days Rain Speed High Time Dir ---------------------------------------------------------------------------------- 01 13.8 21.2 16:34 7.0 04:06 4.8 0.3 0.0 4.6 28.2 15:01 SSE 02 14.6 20.1 15:16 10.9 04:44 3.8 0.1 6.0 8.0 54.1 16:19 ESE 03 15.6 20.4 17:01 12.3 22:24 2.9 0.2 0.9 17.0 57.6 15:28 SSE 04 14.5 19.0 16:50 12.1 01:42 3.8 0.0 1.2 11.9 51.5 10:55 S 05 14.2 18.8 13:45 10.7 05:04 4.2 0.0 9.3 7.8 43.0 13:23 SSE 06 14.1 20.4 13:42 8.6 05:28 4.4 0.2 0.3 2.7 18.3 12:28 WSW 07 14.5 21.9 13:31 9.0 23:59 4.2 0.4 0.0 2.1 18.3 17:39 W 08 12.9 19.7 11:40 6.1 04:12 5.5 0.1 0.6 8.3 35.7 15:28 SSE 09 16.8 23.4 16:09 13.5 00:02 2.3 0.8 0.0 7.1 34.3 20:28 SSE 10 15.6 20.8 21:11 12.6 08:17 2.9 0.1 1.2 7.0 35.7 14:41 SSW 11 14.4 20.0 15:16 10.2 23:58 4.0 0.0 0.0 2.8 20.9 03:09 W 12 14.5 24.3 12:36 5.2 06:12 5.0 1.2 0.0 1.3 12.2 12:15 NNW 13 14.8 24.1 17:10 6.5 06:17 4.8 1.2 0.0 3.0 19.4 15:01 WNW 14 13.3 19.3 13:23 8.8 23:56 5.0 0.0 0.3 4.9 25.6 12:23 W 15 12.9 19.7 16:40 5.6 05:40 5.5 0.1 0.3 3.5 24.4 15:31 SSW 16 14.2 21.3 12:02 7.1 02:18 4.4 0.2 0.0 4.0 20.9 13:55 SSE 17 17.3 26.4 15:08 10.5 01:50 2.7 1.7 0.0 2.6 20.9 13:55 SSE 18 17.3 27.6 12:59 7.1 06:30 3.7 2.6 0.0 3.4 23.3 15:24 SSE 19 16.3 21.3 17:12 13.6 23:08 2.4 0.4 5.7 5.8 28.2 13:39 S 20 16.7 22.5 17:58 13.3 04:39 2.1 0.5 0.0 10.7 43.9 18:01 SSE 21 17.6 22.9 12:36 13.1 23:54 1.6 0.9 0.0 9.9 40.4 13:08 SSE 22 15.4 21.0 13:18 10.1 05:14 3.4 0.5 1.8 2.3 20.9 11:10 SE 23 12.4 14.0 03:41 10.7 03:56 5.9 0.0 16.8 3.9 22.0 14:51 WSW 24 13.2 20.4 12:32 6.3 23:53 5.2 0.1 0.0 3.4 27.0 14:23 SW 25 11.3 17.4 19:01 5.5 01:40 7.0 0.0 18.0 3.2 22.0 17:23 SE 26 13.3 19.9 12:52 8.6 05:47 5.1 0.1 21.6 6.9 34.3 13:48 S 27 13.5 21.0 14:27 7.5 06:50 5.1 0.3 0.6 9.2 33.2 16:50 S 28 13.6 20.4 14:21 8.0 05:45 4.8 0.1 15.0 9.4 43.0 12:58 SSE 29 14.9 21.5 17:02 11.0 06:05 3.7 0.3 0.6 5.2 29.6 12:53 S 30 13.7 23.3 15:01 9.3 01:41 5.0 0.4 0.0 1.0 14.8 18:31 W 31 13.7 19.1 15:41 10.1 23:56 4.6 0.0 0.0 3.9 25.6 17:28 NW ---------------------------------------------------------------------------------- 14.5 27.6 18 5.2 12 129.8 12.8 100.2 5.8 57.6 3 S Max >= 27.0 1 Max <= 0.0 0 Min <= 0.0 0 Min <= -18.0 0 Max Rain: 21.6 on day 26 Days of Rain: 17 (>= 0.2 mm) 7 (>= 2.0 mm) 1 (>= 20.0 mm) Heat Base: 18.3 Cool Base: 18.3 Method: Integration