NOAA-Style Climate Reports
Select a Year or Month report
2024: Jan Feb Mar Apr May Jun Jul Aug Sep Oct Nov Dec
2023: Jan Feb Mar Apr May Jun Jul Aug Sep Oct Nov Dec
2022: Jan Feb Mar Apr May Jun Jul Aug Sep Oct Nov Dec
2021: Jan Feb Mar Apr May Jun Jul Aug Sep Oct Nov Dec
2020: Jan Feb Mar Apr May Jun Jul Aug Sep Oct Nov Dec
2019: Jan Feb Mar Apr May Jun Jul Aug Sep Oct Nov Dec
2018: Jan Feb Mar Apr May Jun Jul Aug Sep Oct Nov Dec
2017: Jan Feb Mar Apr May Jun Jul Aug Sep Oct Nov Dec
2016: Jan Feb Mar Apr May Jun Jul Aug Sep Oct Nov Dec
2015: Jan Feb Mar Apr May Jun Jul Aug Sep Oct Nov Dec
2014: Jan Feb Mar Apr May Jun Jul Aug Sep Oct Nov Dec
2013: Jan Feb Mar Apr May Jun Jul Aug Sep Oct Nov Dec
2012: Jan Feb Mar Apr May Jun Jul Aug Sep Oct Nov Dec
2011: Jan Feb Mar Apr May Jun Jul Aug Sep Oct Nov Dec
2010: Jan Feb Mar Apr May Jun Jul Aug Sep Oct Nov Dec
2009: Jan Feb Mar Apr May Jun Jul Aug Sep Oct Nov Dec
2008: Jan Feb Mar Apr May Jun Jul Aug Sep Oct Nov Dec
2024: Jan Feb Mar Apr May Jun Jul Aug Sep Oct Nov Dec
2023: Jan Feb Mar Apr May Jun Jul Aug Sep Oct Nov Dec
2022: Jan Feb Mar Apr May Jun Jul Aug Sep Oct Nov Dec
2021: Jan Feb Mar Apr May Jun Jul Aug Sep Oct Nov Dec
2020: Jan Feb Mar Apr May Jun Jul Aug Sep Oct Nov Dec
2019: Jan Feb Mar Apr May Jun Jul Aug Sep Oct Nov Dec
2018: Jan Feb Mar Apr May Jun Jul Aug Sep Oct Nov Dec
2017: Jan Feb Mar Apr May Jun Jul Aug Sep Oct Nov Dec
2016: Jan Feb Mar Apr May Jun Jul Aug Sep Oct Nov Dec
2015: Jan Feb Mar Apr May Jun Jul Aug Sep Oct Nov Dec
2014: Jan Feb Mar Apr May Jun Jul Aug Sep Oct Nov Dec
2013: Jan Feb Mar Apr May Jun Jul Aug Sep Oct Nov Dec
2012: Jan Feb Mar Apr May Jun Jul Aug Sep Oct Nov Dec
2011: Jan Feb Mar Apr May Jun Jul Aug Sep Oct Nov Dec
2010: Jan Feb Mar Apr May Jun Jul Aug Sep Oct Nov Dec
2009: Jan Feb Mar Apr May Jun Jul Aug Sep Oct Nov Dec
2008: Jan Feb Mar Apr May Jun Jul Aug Sep Oct Nov Dec
Report for 2015 November
Monthly Climatological Summary for Nov 2015 Name: Garrymore Weather City: Geashill State: Offaly Elevation: 80 m Lat: N 53° 10' 05" Lon: W 007° 21' 37" Temperature (°C), Rain (mm), Wind Speed (km/h) Heat Cool Avg Mean Deg Deg Wind Dom Day Temp High Time Low Time Days Days Rain Speed High Time Dir ---------------------------------------------------------------------------------- 01 8.8 14.0 14:55 2.9 03:08 9.5 0.0 0.3 3.9 23.3 12:32 SSE 02 11.1 16.5 14:41 5.3 20:48 7.2 0.0 0.0 4.9 24.4 11:55 SSE 03 9.3 16.2 17:08 7.4 00:00 9.0 0.0 0.3 2.1 13.0 14:22 NNE 04 7.8 12.8 13:35 4.2 19:45 10.5 0.0 0.3 0.8 17.2 23:05 NNE 05 8.3 8.5 04:24 6.6 01:36 10.0 0.0 0.0 1.6 11.1 01:05 N 06 11.5 16.4 13:03 7.7 22:17 6.8 0.0 0.0 7.8 41.9 06:52 SSE 07 8.9 12.8 15:38 6.7 23:54 9.4 0.0 8.1 4.4 27.0 21:12 SSE 08 8.9 13.8 12:38 5.5 21:33 9.4 0.0 5.7 13.4 62.4 06:09 SSE 09 12.1 15.7 23:41 6.0 00:00 6.2 0.0 6.3 17.2 55.2 03:51 SSE 10 14.7 16.6 14:44 13.8 19:07 3.6 0.0 0.0 13.9 37.8 00:07 SSE 11 11.6 15.2 10:52 5.1 23:19 6.6 0.0 0.0 12.4 37.8 12:39 SE 12 8.3 13.0 14:10 4.6 03:41 10.0 0.0 3.9 16.2 68.5 12:13 S 13 4.6 8.8 14:12 1.4 08:10 13.7 0.0 7.2 11.1 51.5 05:56 S 14 9.0 14.4 19:11 3.6 00:46 9.3 0.0 13.2 11.9 56.3 23:15 SSE 15 13.7 15.0 11:32 9.0 23:39 4.6 0.0 12.9 19.5 61.3 21:48 SSE 16 6.5 9.1 00:00 4.8 07:15 11.8 0.0 0.3 8.8 34.3 00:26 SE 17 7.5 12.7 13:27 4.4 08:26 10.8 0.0 150.9 11.9 84.6 16:00 SSE 18 9.0 11.3 11:10 4.8 02:03 9.3 0.0 9.3 14.6 56.3 13:28 SE 19 7.0 8.7 00:22 2.8 23:55 11.3 0.0 0.0 5.5 35.7 00:33 S 20 2.9 4.8 09:35 -0.7 18:23 15.4 0.0 0.0 7.5 35.7 19:54 SSW 21 2.8 4.5 15:11 0.4 00:00 15.5 0.0 0.0 7.4 65.9 07:29 SW 22 3.1 7.2 14:00 1.3 20:40 15.2 0.0 0.0 6.0 19.4 14:21 S 23 3.7 9.7 19:16 1.3 00:00 14.6 0.0 1.5 3.9 37.8 20:11 SE 24 7.5 8.7 12:01 5.8 01:13 10.8 0.0 1.2 10.4 43.9 12:11 SSW 25 8.5 9.9 14:10 7.1 18:00 9.8 0.0 2.4 13.1 43.0 13:11 SSW 26 10.6 12.2 14:56 8.1 01:13 7.7 0.0 0.0 7.3 31.7 00:55 S 27 6.4 10.5 00:10 2.4 16:32 11.9 0.0 5.7 11.6 57.6 14:24 SE 28 3.9 7.1 23:58 2.9 00:00 14.4 0.0 8.1 9.2 36.7 17:18 S 29 7.4 10.8 10:37 5.0 16:41 10.9 0.0 27.6 17.6 70.9 09:57 SSE 30 6.4 11.9 11:27 5.5 15:56 11.9 0.0 6.0 14.1 51.5 10:36 SSE ---------------------------------------------------------------------------------- 8.1 16.6 10 -0.7 20 307.1 0.0 271.2 9.7 84.6 17 SSE Max >= 27.0 0 Max <= 0.0 0 Min <= 0.0 1 Min <= -18.0 0 Max Rain: 150.9 on day 17 Days of Rain: 20 (>= 0.2 mm) 14 (>= 2.0 mm) 2 (>= 20.0 mm) Heat Base: 18.3 Cool Base: 18.3 Method: Integration