NOAA-Style Climate Reports
Select a Year or Month report
2024: Jan Feb Mar Apr May Jun Jul Aug Sep Oct Nov Dec
2023: Jan Feb Mar Apr May Jun Jul Aug Sep Oct Nov Dec
2022: Jan Feb Mar Apr May Jun Jul Aug Sep Oct Nov Dec
2021: Jan Feb Mar Apr May Jun Jul Aug Sep Oct Nov Dec
2020: Jan Feb Mar Apr May Jun Jul Aug Sep Oct Nov Dec
2019: Jan Feb Mar Apr May Jun Jul Aug Sep Oct Nov Dec
2018: Jan Feb Mar Apr May Jun Jul Aug Sep Oct Nov Dec
2017: Jan Feb Mar Apr May Jun Jul Aug Sep Oct Nov Dec
2016: Jan Feb Mar Apr May Jun Jul Aug Sep Oct Nov Dec
2015: Jan Feb Mar Apr May Jun Jul Aug Sep Oct Nov Dec
2014: Jan Feb Mar Apr May Jun Jul Aug Sep Oct Nov Dec
2013: Jan Feb Mar Apr May Jun Jul Aug Sep Oct Nov Dec
2012: Jan Feb Mar Apr May Jun Jul Aug Sep Oct Nov Dec
2011: Jan Feb Mar Apr May Jun Jul Aug Sep Oct Nov Dec
2010: Jan Feb Mar Apr May Jun Jul Aug Sep Oct Nov Dec
2009: Jan Feb Mar Apr May Jun Jul Aug Sep Oct Nov Dec
2008: Jan Feb Mar Apr May Jun Jul Aug Sep Oct Nov Dec
2024: Jan Feb Mar Apr May Jun Jul Aug Sep Oct Nov Dec
2023: Jan Feb Mar Apr May Jun Jul Aug Sep Oct Nov Dec
2022: Jan Feb Mar Apr May Jun Jul Aug Sep Oct Nov Dec
2021: Jan Feb Mar Apr May Jun Jul Aug Sep Oct Nov Dec
2020: Jan Feb Mar Apr May Jun Jul Aug Sep Oct Nov Dec
2019: Jan Feb Mar Apr May Jun Jul Aug Sep Oct Nov Dec
2018: Jan Feb Mar Apr May Jun Jul Aug Sep Oct Nov Dec
2017: Jan Feb Mar Apr May Jun Jul Aug Sep Oct Nov Dec
2016: Jan Feb Mar Apr May Jun Jul Aug Sep Oct Nov Dec
2015: Jan Feb Mar Apr May Jun Jul Aug Sep Oct Nov Dec
2014: Jan Feb Mar Apr May Jun Jul Aug Sep Oct Nov Dec
2013: Jan Feb Mar Apr May Jun Jul Aug Sep Oct Nov Dec
2012: Jan Feb Mar Apr May Jun Jul Aug Sep Oct Nov Dec
2011: Jan Feb Mar Apr May Jun Jul Aug Sep Oct Nov Dec
2010: Jan Feb Mar Apr May Jun Jul Aug Sep Oct Nov Dec
2009: Jan Feb Mar Apr May Jun Jul Aug Sep Oct Nov Dec
2008: Jan Feb Mar Apr May Jun Jul Aug Sep Oct Nov Dec
Report for 2016 April
Monthly Climatological Summary for Apr 2016 Name: Garrymore Weather City: Geashill State: Offaly Elevation: 80 m Lat: N 53° 10' 05" Lon: W 007° 21' 37" Temperature (°C), Rain (mm), Wind Speed (km/h) Heat Cool Avg Mean Deg Deg Wind Dom Day Temp High Time Low Time Days Days Rain Speed High Time Dir ---------------------------------------------------------------------------------- 01 7.0 9.5 16:05 4.0 00:13 11.3 0.0 7.8 13.9 54.1 07:33 SSE 02 6.0 9.5 12:09 3.2 05:21 12.3 0.0 5.7 4.9 28.2 15:22 ESE 03 7.1 13.8 15:02 1.2 02:40 11.2 0.0 6.0 8.7 33.2 01:49 SSE 04 5.7 12.6 15:58 2.7 01:37 12.6 0.0 0.9 2.9 23.3 15:05 WNW 05 6.7 12.7 17:14 0.1 06:18 11.6 0.0 0.3 5.3 40.4 22:54 SW 06 5.9 9.1 13:45 3.3 23:57 12.4 0.0 12.6 12.6 56.3 17:21 SSW 07 6.6 11.3 16:13 3.0 06:33 11.7 0.0 0.6 14.1 48.0 15:43 SSW 08 5.2 10.7 15:32 1.5 23:57 13.1 0.0 1.8 7.6 41.9 16:51 ESE 09 2.5 8.6 12:58 -1.7 07:07 15.8 0.0 3.3 2.8 29.6 18:54 NE 10 4.2 12.8 17:28 -3.3 04:17 14.1 0.0 1.2 9.8 48.0 15:35 WNW 11 6.9 9.2 14:40 5.2 01:18 11.4 0.0 7.2 9.0 34.3 09:42 W 12 8.7 16.8 16:43 4.3 23:57 9.6 0.0 0.0 5.5 23.3 17:15 NE 13 8.7 16.5 13:18 2.2 02:24 9.6 0.0 0.0 4.2 25.6 03:32 NW 14 8.1 13.8 15:10 3.5 23:35 10.2 0.0 1.8 7.9 33.2 16:37 W 15 5.0 9.9 13:33 1.3 02:34 13.3 0.0 2.1 7.5 39.3 18:48 S 16 3.6 10.0 16:10 -1.4 06:16 14.7 0.0 0.3 8.2 30.6 19:05 S 17 5.4 11.1 15:30 -1.2 03:21 12.9 0.0 0.0 4.8 27.0 19:05 SE 18 8.9 12.7 13:37 6.1 03:20 9.4 0.0 0.0 6.1 27.0 09:52 ESE 19 10.9 18.4 17:24 4.6 23:56 7.4 0.0 0.0 2.7 18.3 17:12 WNW 20 9.6 21.8 16:30 -1.0 06:27 9.1 0.4 0.0 4.6 30.6 18:30 WNW 21 9.0 17.4 15:46 0.8 05:36 9.3 0.0 0.0 7.5 35.7 14:16 W 22 10.4 17.1 12:32 5.1 06:20 7.9 0.0 0.0 7.4 37.8 15:24 W 23 7.5 13.3 16:51 1.9 06:42 10.8 0.0 0.0 7.6 30.6 15:24 SSW 24 7.2 11.9 15:13 1.3 05:18 11.1 0.0 0.0 7.5 25.6 15:46 SSE 25 7.7 13.8 15:04 3.0 23:42 10.6 0.0 0.3 13.1 46.5 16:16 S 26 5.1 10.3 15:16 1.4 06:28 13.2 0.0 0.0 12.4 50.0 15:48 S 27 3.9 10.0 15:54 -1.7 04:35 14.4 0.0 0.3 8.0 40.4 13:14 S 28 4.3 9.3 11:40 0.1 03:17 14.0 0.0 1.5 10.2 57.6 17:14 SE 29 4.9 10.4 16:48 1.2 03:33 13.4 0.0 0.3 10.2 49.1 14:17 S 30 7.2 13.6 15:22 1.9 03:15 11.1 0.0 0.9 4.8 27.0 12:09 ESE ---------------------------------------------------------------------------------- 6.7 21.8 20 -3.3 10 349.5 0.4 54.9 7.7 57.6 28 S Max >= 27.0 0 Max <= 0.0 0 Min <= 0.0 6 Min <= -18.0 0 Max Rain: 12.6 on day 6 Days of Rain: 19 (>= 0.2 mm) 7 (>= 2.0 mm) 0 (>= 20.0 mm) Heat Base: 18.3 Cool Base: 18.3 Method: Integration