NOAA-Style Climate Reports
Select a Year or Month report
2024: Jan Feb Mar Apr May Jun Jul Aug Sep Oct Nov Dec
2023: Jan Feb Mar Apr May Jun Jul Aug Sep Oct Nov Dec
2022: Jan Feb Mar Apr May Jun Jul Aug Sep Oct Nov Dec
2021: Jan Feb Mar Apr May Jun Jul Aug Sep Oct Nov Dec
2020: Jan Feb Mar Apr May Jun Jul Aug Sep Oct Nov Dec
2019: Jan Feb Mar Apr May Jun Jul Aug Sep Oct Nov Dec
2018: Jan Feb Mar Apr May Jun Jul Aug Sep Oct Nov Dec
2017: Jan Feb Mar Apr May Jun Jul Aug Sep Oct Nov Dec
2016: Jan Feb Mar Apr May Jun Jul Aug Sep Oct Nov Dec
2015: Jan Feb Mar Apr May Jun Jul Aug Sep Oct Nov Dec
2014: Jan Feb Mar Apr May Jun Jul Aug Sep Oct Nov Dec
2013: Jan Feb Mar Apr May Jun Jul Aug Sep Oct Nov Dec
2012: Jan Feb Mar Apr May Jun Jul Aug Sep Oct Nov Dec
2011: Jan Feb Mar Apr May Jun Jul Aug Sep Oct Nov Dec
2010: Jan Feb Mar Apr May Jun Jul Aug Sep Oct Nov Dec
2009: Jan Feb Mar Apr May Jun Jul Aug Sep Oct Nov Dec
2008: Jan Feb Mar Apr May Jun Jul Aug Sep Oct Nov Dec
2024: Jan Feb Mar Apr May Jun Jul Aug Sep Oct Nov Dec
2023: Jan Feb Mar Apr May Jun Jul Aug Sep Oct Nov Dec
2022: Jan Feb Mar Apr May Jun Jul Aug Sep Oct Nov Dec
2021: Jan Feb Mar Apr May Jun Jul Aug Sep Oct Nov Dec
2020: Jan Feb Mar Apr May Jun Jul Aug Sep Oct Nov Dec
2019: Jan Feb Mar Apr May Jun Jul Aug Sep Oct Nov Dec
2018: Jan Feb Mar Apr May Jun Jul Aug Sep Oct Nov Dec
2017: Jan Feb Mar Apr May Jun Jul Aug Sep Oct Nov Dec
2016: Jan Feb Mar Apr May Jun Jul Aug Sep Oct Nov Dec
2015: Jan Feb Mar Apr May Jun Jul Aug Sep Oct Nov Dec
2014: Jan Feb Mar Apr May Jun Jul Aug Sep Oct Nov Dec
2013: Jan Feb Mar Apr May Jun Jul Aug Sep Oct Nov Dec
2012: Jan Feb Mar Apr May Jun Jul Aug Sep Oct Nov Dec
2011: Jan Feb Mar Apr May Jun Jul Aug Sep Oct Nov Dec
2010: Jan Feb Mar Apr May Jun Jul Aug Sep Oct Nov Dec
2009: Jan Feb Mar Apr May Jun Jul Aug Sep Oct Nov Dec
2008: Jan Feb Mar Apr May Jun Jul Aug Sep Oct Nov Dec
Report for 2016 September
Monthly Climatological Summary for Sep 2016 Name: Garrymore Weather City: Geashill State: Offaly Elevation: 80 m Lat: N 53° 10' 05" Lon: W 007° 21' 37" Temperature (°C), Rain (mm), Wind Speed (km/h) Heat Cool Avg Mean Deg Deg Wind Dom Day Temp High Time Low Time Days Days Rain Speed High Time Dir ---------------------------------------------------------------------------------- 01 12.3 16.3 15:10 7.3 01:21 6.0 0.0 0.3 9.4 39.3 16:04 ESE 02 15.2 20.2 16:45 12.3 06:18 3.3 0.2 0.6 6.5 25.6 13:26 SE 03 13.6 19.5 17:41 10.2 03:42 4.7 0.1 10.8 4.3 41.9 18:43 ESE 04 14.8 19.9 13:22 11.9 00:09 3.6 0.1 7.8 5.3 24.4 02:02 SSE 05 18.9 27.1 16:10 12.8 00:00 1.7 2.3 4.2 6.9 29.6 22:23 ESE 06 18.9 23.8 16:15 16.5 07:25 0.5 1.1 0.0 8.1 30.6 20:11 ESE 07 17.4 19.6 13:07 15.3 00:54 1.0 0.1 1.5 8.4 34.3 20:37 E 08 14.6 18.4 13:22 12.8 08:16 3.7 0.0 0.9 10.5 40.4 13:00 ESE 09 13.2 17.0 17:51 10.5 23:11 5.1 0.0 10.2 12.5 52.6 18:06 SE 10 12.2 17.2 14:37 8.4 07:11 6.1 0.0 0.3 5.6 24.4 17:01 SE 11 13.0 18.2 15:15 7.8 04:07 5.3 0.0 4.8 19.6 70.0 22:09 SSE 12 15.3 18.9 12:29 11.1 22:18 3.0 0.0 9.0 12.7 60.2 00:54 S 13 12.8 17.7 16:31 9.6 07:25 5.5 0.0 2.7 4.7 24.4 16:43 N 14 14.6 23.1 16:16 9.9 05:24 4.2 0.4 9.3 5.4 18.3 05:33 NW 15 15.2 18.6 18:50 11.3 23:44 3.1 0.0 0.0 4.7 27.0 21:54 SSW 16 12.4 17.3 15:58 8.4 04:14 5.9 0.0 0.0 6.5 28.2 00:01 W 17 12.9 16.5 13:10 9.5 01:42 5.4 0.0 0.0 2.6 46.1 00:52 SSW 18 12.9 17.3 17:56 9.8 06:13 5.4 0.0 3.9 6.1 25.6 10:33 SSW 19 11.3 14.4 13:41 8.6 05:21 7.0 0.0 0.0 2.8 12.2 02:36 W 20 12.0 16.2 14:46 9.5 04:37 6.3 0.0 0.0 5.3 25.6 14:25 S 21 11.2 14.4 12:35 5.3 23:58 7.1 0.0 44.4 8.1 39.3 13:17 S 22 8.8 15.2 16:44 2.1 03:28 9.5 0.0 3.6 8.4 46.5 16:34 S 23 11.5 16.4 16:57 5.6 03:21 6.8 0.0 52.8 15.3 60.2 18:53 S 24 14.6 16.1 05:57 10.5 23:56 3.7 0.0 45.3 15.0 54.1 05:48 S 25 10.3 14.4 14:33 6.8 23:41 8.0 0.0 9.0 9.9 43.9 12:09 S 26 11.7 17.2 16:45 7.0 00:00 6.6 0.0 2.4 4.7 18.3 01:57 SSE 27 14.9 19.6 17:22 12.4 00:00 3.5 0.1 1.5 8.3 36.7 07:33 SW 28 16.1 22.4 13:47 12.0 04:02 2.9 0.7 27.6 12.5 43.9 16:02 S 29 12.2 16.1 13:29 7.7 23:16 6.1 0.0 44.4 10.3 36.7 13:41 SW 30 9.2 14.9 14:14 3.9 07:51 9.1 0.0 0.3 4.1 22.0 13:16 S ---------------------------------------------------------------------------------- 13.5 27.1 5 2.1 22 150.1 5.1 297.6 8.2 70.0 11 SSE Max >= 27.0 1 Max <= 0.0 0 Min <= 0.0 0 Min <= -18.0 0 Max Rain: 52.8 on day 23 Days of Rain: 24 (>= 0.2 mm) 17 (>= 2.0 mm) 5 (>= 20.0 mm) Heat Base: 18.3 Cool Base: 18.3 Method: Integration