NOAA-Style Climate Reports
Select a Year or Month report
2024: Jan Feb Mar Apr May Jun Jul Aug Sep Oct Nov Dec
2023: Jan Feb Mar Apr May Jun Jul Aug Sep Oct Nov Dec
2022: Jan Feb Mar Apr May Jun Jul Aug Sep Oct Nov Dec
2021: Jan Feb Mar Apr May Jun Jul Aug Sep Oct Nov Dec
2020: Jan Feb Mar Apr May Jun Jul Aug Sep Oct Nov Dec
2019: Jan Feb Mar Apr May Jun Jul Aug Sep Oct Nov Dec
2018: Jan Feb Mar Apr May Jun Jul Aug Sep Oct Nov Dec
2017: Jan Feb Mar Apr May Jun Jul Aug Sep Oct Nov Dec
2016: Jan Feb Mar Apr May Jun Jul Aug Sep Oct Nov Dec
2015: Jan Feb Mar Apr May Jun Jul Aug Sep Oct Nov Dec
2014: Jan Feb Mar Apr May Jun Jul Aug Sep Oct Nov Dec
2013: Jan Feb Mar Apr May Jun Jul Aug Sep Oct Nov Dec
2012: Jan Feb Mar Apr May Jun Jul Aug Sep Oct Nov Dec
2011: Jan Feb Mar Apr May Jun Jul Aug Sep Oct Nov Dec
2010: Jan Feb Mar Apr May Jun Jul Aug Sep Oct Nov Dec
2009: Jan Feb Mar Apr May Jun Jul Aug Sep Oct Nov Dec
2008: Jan Feb Mar Apr May Jun Jul Aug Sep Oct Nov Dec
2024: Jan Feb Mar Apr May Jun Jul Aug Sep Oct Nov Dec
2023: Jan Feb Mar Apr May Jun Jul Aug Sep Oct Nov Dec
2022: Jan Feb Mar Apr May Jun Jul Aug Sep Oct Nov Dec
2021: Jan Feb Mar Apr May Jun Jul Aug Sep Oct Nov Dec
2020: Jan Feb Mar Apr May Jun Jul Aug Sep Oct Nov Dec
2019: Jan Feb Mar Apr May Jun Jul Aug Sep Oct Nov Dec
2018: Jan Feb Mar Apr May Jun Jul Aug Sep Oct Nov Dec
2017: Jan Feb Mar Apr May Jun Jul Aug Sep Oct Nov Dec
2016: Jan Feb Mar Apr May Jun Jul Aug Sep Oct Nov Dec
2015: Jan Feb Mar Apr May Jun Jul Aug Sep Oct Nov Dec
2014: Jan Feb Mar Apr May Jun Jul Aug Sep Oct Nov Dec
2013: Jan Feb Mar Apr May Jun Jul Aug Sep Oct Nov Dec
2012: Jan Feb Mar Apr May Jun Jul Aug Sep Oct Nov Dec
2011: Jan Feb Mar Apr May Jun Jul Aug Sep Oct Nov Dec
2010: Jan Feb Mar Apr May Jun Jul Aug Sep Oct Nov Dec
2009: Jan Feb Mar Apr May Jun Jul Aug Sep Oct Nov Dec
2008: Jan Feb Mar Apr May Jun Jul Aug Sep Oct Nov Dec
Report for 2017 April
Monthly Climatological Summary for Apr 2017 Name: Garrymore Weather City: Geashill State: Offaly Elevation: 80 m Lat: N 53° 10' 05" Lon: W 007° 21' 37" Temperature (°C), Rain (mm), Wind Speed (km/h) Heat Cool Avg Mean Deg Deg Wind Dom Day Temp High Time Low Time Days Days Rain Speed High Time Dir ---------------------------------------------------------------------------------- 01 8.0 12.2 14:18 3.6 23:46 10.3 0.0 3.3 3.0 91.9 10:13 W 02 7.1 14.1 14:35 -0.3 06:45 11.2 0.0 19.2 5.4 37.8 23:58 S 03 9.4 12.6 18:03 6.8 00:00 8.9 0.0 6.9 16.0 46.5 09:59 S 04 8.3 10.9 16:35 5.0 06:52 10.0 0.0 0.9 13.2 91.9 04:17 NW 05 8.3 11.4 14:40 6.3 04:47 10.0 0.0 0.0 5.6 25.6 11:48 NW 06 8.3 11.0 15:45 6.5 06:53 10.0 0.0 0.0 2.7 14.8 15:21 WNW 07 9.1 14.6 16:42 5.3 06:49 9.2 0.0 0.0 5.3 24.4 22:31 S 08 9.1 17.6 15:16 1.7 06:19 9.2 0.0 0.0 8.3 35.7 17:41 S 09 8.8 13.9 12:59 4.3 01:49 9.5 0.0 0.6 7.1 28.2 03:22 WNW 10 6.7 12.6 16:43 1.8 06:14 11.6 0.0 0.0 8.5 29.6 12:21 NW 11 7.4 11.6 15:02 1.5 02:09 10.9 0.0 0.0 6.0 29.6 15:23 W 12 9.5 14.0 14:38 6.2 22:32 8.8 0.0 0.9 9.5 34.3 13:27 WNW 13 8.6 12.9 16:37 5.4 05:33 9.7 0.0 0.0 4.7 22.0 14:03 W 14 9.6 12.1 14:11 5.9 23:43 8.7 0.0 1.2 7.6 28.2 12:37 W 15 7.6 13.2 15:05 3.5 03:11 10.7 0.0 3.9 7.9 29.6 17:31 WNW 16 8.7 13.3 16:20 3.7 02:14 9.6 0.0 4.2 8.3 43.0 16:32 WNW 17 8.0 12.8 18:00 3.2 23:52 10.3 0.0 0.0 7.1 23.3 12:11 NNW 18 8.1 15.5 12:28 0.4 05:08 10.2 0.0 0.0 1.8 14.8 14:01 SSW 19 10.5 14.5 16:27 7.3 05:40 7.8 0.0 0.0 3.3 19.4 17:36 WNW 20 11.0 14.5 13:59 8.5 06:27 7.3 0.0 0.0 3.3 15.9 02:53 NW 21 10.4 13.0 12:50 7.8 05:05 7.9 0.0 0.6 4.5 24.4 05:18 NW 22 10.3 13.2 11:48 4.1 23:03 8.0 0.0 0.0 4.4 24.4 23:03 NW 23 10.1 14.9 14:41 6.4 02:25 8.2 0.0 0.0 3.2 15.9 17:21 WNW 24 7.5 12.0 13:59 0.0 23:19 10.8 0.0 1.2 9.9 40.4 18:54 NNW 25 3.9 9.5 13:55 -0.9 06:15 14.4 0.0 0.9 11.9 45.4 14:07 NNW 26 4.0 8.7 17:34 -2.1 05:43 14.3 0.0 0.0 6.8 35.7 11:36 NNW 27 6.8 11.5 12:33 1.1 05:09 11.5 0.0 0.0 8.3 34.3 11:34 NW 28 8.0 11.5 13:23 4.9 06:27 10.3 0.0 0.0 6.9 28.2 20:08 SSW 29 8.6 12.9 13:15 4.8 05:05 9.7 0.0 39.9 14.0 49.1 13:04 SSE 30 9.1 11.4 11:00 7.1 22:22 9.2 0.0 27.0 11.2 46.5 11:28 SE ---------------------------------------------------------------------------------- 8.4 17.6 8 -2.1 26 298.2 0.0 110.7 7.2 91.9 1 WNW Max >= 27.0 0 Max <= 0.0 0 Min <= 0.0 4 Min <= -18.0 0 Max Rain: 39.9 on day 29 Days of Rain: 14 (>= 0.2 mm) 7 (>= 2.0 mm) 2 (>= 20.0 mm) Heat Base: 18.3 Cool Base: 18.3 Method: Integration