NOAA-Style Climate Reports
Select a Year or Month report
2024: Jan Feb Mar Apr May Jun Jul Aug Sep Oct Nov Dec
2023: Jan Feb Mar Apr May Jun Jul Aug Sep Oct Nov Dec
2022: Jan Feb Mar Apr May Jun Jul Aug Sep Oct Nov Dec
2021: Jan Feb Mar Apr May Jun Jul Aug Sep Oct Nov Dec
2020: Jan Feb Mar Apr May Jun Jul Aug Sep Oct Nov Dec
2019: Jan Feb Mar Apr May Jun Jul Aug Sep Oct Nov Dec
2018: Jan Feb Mar Apr May Jun Jul Aug Sep Oct Nov Dec
2017: Jan Feb Mar Apr May Jun Jul Aug Sep Oct Nov Dec
2016: Jan Feb Mar Apr May Jun Jul Aug Sep Oct Nov Dec
2015: Jan Feb Mar Apr May Jun Jul Aug Sep Oct Nov Dec
2014: Jan Feb Mar Apr May Jun Jul Aug Sep Oct Nov Dec
2013: Jan Feb Mar Apr May Jun Jul Aug Sep Oct Nov Dec
2012: Jan Feb Mar Apr May Jun Jul Aug Sep Oct Nov Dec
2011: Jan Feb Mar Apr May Jun Jul Aug Sep Oct Nov Dec
2010: Jan Feb Mar Apr May Jun Jul Aug Sep Oct Nov Dec
2009: Jan Feb Mar Apr May Jun Jul Aug Sep Oct Nov Dec
2008: Jan Feb Mar Apr May Jun Jul Aug Sep Oct Nov Dec
2024: Jan Feb Mar Apr May Jun Jul Aug Sep Oct Nov Dec
2023: Jan Feb Mar Apr May Jun Jul Aug Sep Oct Nov Dec
2022: Jan Feb Mar Apr May Jun Jul Aug Sep Oct Nov Dec
2021: Jan Feb Mar Apr May Jun Jul Aug Sep Oct Nov Dec
2020: Jan Feb Mar Apr May Jun Jul Aug Sep Oct Nov Dec
2019: Jan Feb Mar Apr May Jun Jul Aug Sep Oct Nov Dec
2018: Jan Feb Mar Apr May Jun Jul Aug Sep Oct Nov Dec
2017: Jan Feb Mar Apr May Jun Jul Aug Sep Oct Nov Dec
2016: Jan Feb Mar Apr May Jun Jul Aug Sep Oct Nov Dec
2015: Jan Feb Mar Apr May Jun Jul Aug Sep Oct Nov Dec
2014: Jan Feb Mar Apr May Jun Jul Aug Sep Oct Nov Dec
2013: Jan Feb Mar Apr May Jun Jul Aug Sep Oct Nov Dec
2012: Jan Feb Mar Apr May Jun Jul Aug Sep Oct Nov Dec
2011: Jan Feb Mar Apr May Jun Jul Aug Sep Oct Nov Dec
2010: Jan Feb Mar Apr May Jun Jul Aug Sep Oct Nov Dec
2009: Jan Feb Mar Apr May Jun Jul Aug Sep Oct Nov Dec
2008: Jan Feb Mar Apr May Jun Jul Aug Sep Oct Nov Dec
Report for 2017 May
Monthly Climatological Summary for May 2017 Name: Garrymore Weather City: Geashill State: Offaly Elevation: 80 m Lat: N 53° 10' 05" Lon: W 007° 21' 37" Temperature (°C), Rain (mm), Wind Speed (km/h) Heat Cool Avg Mean Deg Deg Wind Dom Day Temp High Time Low Time Days Days Rain Speed High Time Dir ---------------------------------------------------------------------------------- 01 10.3 20.4 18:06 1.6 04:15 8.1 0.2 0.0 4.8 20.9 18:23 N 02 11.2 20.4 15:11 0.9 06:08 7.4 0.3 0.0 4.6 25.6 17:55 ENE 03 10.6 16.4 16:14 3.6 02:01 7.7 0.0 0.0 7.8 37.8 17:26 ENE 04 10.5 16.3 15:47 3.9 01:58 7.8 0.0 2.7 10.2 43.0 15:04 ENE 05 10.6 15.3 16:37 5.4 04:31 7.7 0.0 3.3 10.9 45.4 16:34 ENE 06 9.1 12.6 17:07 5.9 05:00 9.2 0.0 0.3 8.8 35.7 13:46 ENE 07 14.4 23.2 18:49 5.4 06:03 4.9 1.0 0.0 2.7 22.0 11:43 NNE 08 11.7 19.2 14:02 3.5 05:13 6.7 0.1 0.0 5.4 28.2 14:35 ENE 09 10.7 20.3 15:06 0.1 05:14 7.9 0.3 0.0 2.7 15.9 18:34 ENE 10 11.3 22.6 17:23 -0.7 05:54 7.5 0.4 0.0 2.9 18.3 22:29 SE 11 11.8 22.0 13:17 1.4 06:00 6.8 0.3 0.0 3.2 23.3 13:42 ESE 12 12.3 15.8 10:34 10.0 06:13 6.0 0.0 15.0 2.3 14.8 21:18 ENE 13 11.0 15.2 14:59 8.0 23:46 7.3 0.0 12.9 10.8 51.5 14:37 S 14 10.2 15.6 15:10 3.9 04:14 8.1 0.0 2.4 10.0 37.8 17:01 S 15 13.4 18.2 15:56 10.0 02:17 4.9 0.0 25.8 18.8 50.0 15:33 S 16 14.8 19.1 18:42 7.2 23:53 3.5 0.0 0.3 11.9 49.1 01:18 SSW 17 10.3 15.9 14:34 4.7 02:07 8.0 0.0 2.1 6.0 25.6 12:30 S 18 9.3 16.6 17:08 1.4 04:24 9.0 0.0 1.2 4.5 28.2 15:16 SSW 19 8.7 14.6 12:48 1.9 05:28 9.6 0.0 6.6 2.9 22.0 16:36 SW 20 10.9 16.1 16:47 5.4 06:06 7.4 0.0 1.2 5.3 29.6 12:24 WSW 21 11.6 16.2 16:20 8.3 00:37 6.7 0.0 4.5 13.8 45.4 14:01 S 22 14.1 19.7 16:49 10.4 05:25 4.3 0.1 0.0 10.5 34.3 00:41 S 23 15.6 20.6 16:23 0.0 02:45 3.1 0.4 0.0 3.8 24.4 13:44 W 24 18.0 26.2 18:22 13.4 23:59 2.0 1.7 0.0 2.9 19.4 12:57 SSW 25 17.5 23.9 15:30 9.9 04:06 2.7 1.9 0.3 7.8 37.8 11:01 SSE 26 18.0 24.6 13:49 10.1 05:10 2.3 2.0 0.6 6.0 34.3 16:14 SE 27 13.4 14.9 00:00 11.1 23:21 4.9 0.0 22.5 7.4 31.7 16:43 WNW 28 13.7 21.5 15:43 7.2 05:00 5.0 0.5 0.0 2.1 14.8 14:22 NNE 29 12.9 16.4 17:25 10.2 03:52 5.4 0.0 1.8 2.5 13.3 05:28 N 30 14.8 20.3 18:58 9.5 23:59 3.7 0.2 0.0 4.7 24.4 13:00 W 31 12.7 20.1 15:15 5.2 05:14 5.8 0.1 0.9 7.3 39.3 15:42 S ---------------------------------------------------------------------------------- 12.4 26.2 24 -0.7 10 191.4 9.5 104.4 6.6 51.5 13 SSE Max >= 27.0 0 Max <= 0.0 0 Min <= 0.0 2 Min <= -18.0 0 Max Rain: 25.8 on day 15 Days of Rain: 18 (>= 0.2 mm) 10 (>= 2.0 mm) 2 (>= 20.0 mm) Heat Base: 18.3 Cool Base: 18.3 Method: Integration