NOAA-Style Climate Reports
Select a Year or Month report
2024: Jan Feb Mar Apr May Jun Jul Aug Sep Oct Nov Dec
2023: Jan Feb Mar Apr May Jun Jul Aug Sep Oct Nov Dec
2022: Jan Feb Mar Apr May Jun Jul Aug Sep Oct Nov Dec
2021: Jan Feb Mar Apr May Jun Jul Aug Sep Oct Nov Dec
2020: Jan Feb Mar Apr May Jun Jul Aug Sep Oct Nov Dec
2019: Jan Feb Mar Apr May Jun Jul Aug Sep Oct Nov Dec
2018: Jan Feb Mar Apr May Jun Jul Aug Sep Oct Nov Dec
2017: Jan Feb Mar Apr May Jun Jul Aug Sep Oct Nov Dec
2016: Jan Feb Mar Apr May Jun Jul Aug Sep Oct Nov Dec
2015: Jan Feb Mar Apr May Jun Jul Aug Sep Oct Nov Dec
2014: Jan Feb Mar Apr May Jun Jul Aug Sep Oct Nov Dec
2013: Jan Feb Mar Apr May Jun Jul Aug Sep Oct Nov Dec
2012: Jan Feb Mar Apr May Jun Jul Aug Sep Oct Nov Dec
2011: Jan Feb Mar Apr May Jun Jul Aug Sep Oct Nov Dec
2010: Jan Feb Mar Apr May Jun Jul Aug Sep Oct Nov Dec
2009: Jan Feb Mar Apr May Jun Jul Aug Sep Oct Nov Dec
2008: Jan Feb Mar Apr May Jun Jul Aug Sep Oct Nov Dec
2024: Jan Feb Mar Apr May Jun Jul Aug Sep Oct Nov Dec
2023: Jan Feb Mar Apr May Jun Jul Aug Sep Oct Nov Dec
2022: Jan Feb Mar Apr May Jun Jul Aug Sep Oct Nov Dec
2021: Jan Feb Mar Apr May Jun Jul Aug Sep Oct Nov Dec
2020: Jan Feb Mar Apr May Jun Jul Aug Sep Oct Nov Dec
2019: Jan Feb Mar Apr May Jun Jul Aug Sep Oct Nov Dec
2018: Jan Feb Mar Apr May Jun Jul Aug Sep Oct Nov Dec
2017: Jan Feb Mar Apr May Jun Jul Aug Sep Oct Nov Dec
2016: Jan Feb Mar Apr May Jun Jul Aug Sep Oct Nov Dec
2015: Jan Feb Mar Apr May Jun Jul Aug Sep Oct Nov Dec
2014: Jan Feb Mar Apr May Jun Jul Aug Sep Oct Nov Dec
2013: Jan Feb Mar Apr May Jun Jul Aug Sep Oct Nov Dec
2012: Jan Feb Mar Apr May Jun Jul Aug Sep Oct Nov Dec
2011: Jan Feb Mar Apr May Jun Jul Aug Sep Oct Nov Dec
2010: Jan Feb Mar Apr May Jun Jul Aug Sep Oct Nov Dec
2009: Jan Feb Mar Apr May Jun Jul Aug Sep Oct Nov Dec
2008: Jan Feb Mar Apr May Jun Jul Aug Sep Oct Nov Dec
Report for 2017 June
Monthly Climatological Summary for Jun 2017 Name: Garrymore Weather City: Geashill State: Offaly Elevation: 80 m Lat: N 53° 10' 05" Lon: W 007° 21' 37" Temperature (°C), Rain (mm), Wind Speed (km/h) Heat Cool Avg Mean Deg Deg Wind Dom Day Temp High Time Low Time Days Days Rain Speed High Time Dir ---------------------------------------------------------------------------------- 01 12.6 14.6 13:07 10.9 03:38 5.7 0.0 3.6 9.9 91.9 15:39 S 02 13.4 19.2 14:54 8.3 05:57 4.9 0.0 0.6 23.4 91.9 02:54 S 03 11.9 17.4 17:57 6.1 04:17 6.4 0.0 0.3 11.4 91.9 00:00 SSW 04 10.8 16.1 16:28 5.5 05:52 7.5 0.0 4.5 7.4 30.6 22:44 S 05 11.6 15.6 12:12 9.0 23:23 6.7 0.0 9.0 6.9 91.9 22:52 WSW 06 10.8 15.7 16:42 6.7 05:44 7.5 0.0 21.3 13.1 45.4 17:09 WNW 07 11.6 15.8 12:33 7.0 05:30 6.7 0.0 5.4 7.1 30.6 13:41 SSW 08 13.4 17.3 18:06 9.5 23:54 4.9 0.0 20.1 6.0 34.3 14:25 S 09 12.8 17.4 12:55 7.5 04:51 5.5 0.0 3.3 7.7 33.2 23:22 S 10 14.5 20.1 15:17 10.3 00:10 3.9 0.1 11.4 15.3 51.5 15:34 S 11 13.2 15.5 13:09 11.4 23:57 5.1 0.0 9.6 14.7 46.5 16:03 SSW 12 13.0 15.9 11:18 10.6 04:49 5.3 0.0 3.3 8.2 70.2 10:39 WSW 13 14.7 18.2 17:29 12.1 04:31 3.6 0.0 0.0 9.6 30.6 19:26 S 14 13.9 17.0 11:25 10.3 04:19 4.4 0.0 0.3 11.2 40.4 18:03 S 15 13.4 16.8 14:50 11.0 06:09 4.9 0.0 2.1 10.9 36.7 10:27 SSW 16 15.8 21.6 17:30 11.7 00:00 2.9 0.4 0.0 5.8 23.3 12:35 SW 17 19.3 27.7 17:47 10.5 05:09 2.2 3.2 0.0 3.6 20.9 18:56 W 18 18.6 28.6 17:20 11.5 19:11 2.6 2.9 0.0 3.1 15.9 00:22 NW 19 19.8 28.1 14:58 12.2 04:52 1.6 3.1 0.0 4.0 20.9 18:47 N 20 19.4 28.5 16:02 12.9 05:19 1.7 2.9 0.0 3.4 22.0 14:27 NE 21 19.1 25.7 15:52 13.4 00:22 1.4 2.2 1.8 7.6 35.7 03:45 SSW 22 15.0 19.9 15:02 12.7 07:25 3.4 0.1 0.0 6.2 24.4 23:01 W 23 14.7 17.8 16:20 11.0 23:57 3.6 0.0 0.6 9.5 33.2 06:54 SSW 24 14.5 19.6 15:38 10.7 00:16 3.9 0.1 1.2 7.9 30.6 17:43 WSW 25 13.7 19.8 15:14 11.0 23:58 4.6 0.0 2.4 6.1 25.6 15:48 WNW 26 13.0 20.5 13:05 7.9 04:43 5.4 0.1 7.8 2.9 24.4 18:07 SE 27 16.5 21.7 15:35 11.2 00:11 2.6 0.9 12.6 6.8 28.2 13:27 S 28 13.4 20.0 13:51 10.7 23:26 4.9 0.0 5.4 5.5 91.9 15:36 N 29 12.0 15.1 13:14 8.5 05:10 6.3 0.0 0.3 10.1 34.3 16:32 N 30 12.9 16.6 14:55 8.3 23:58 5.4 0.0 16.2 13.2 43.9 13:48 NNW ---------------------------------------------------------------------------------- 14.3 28.6 18 5.5 4 135.5 16.0 143.1 8.5 91.9 1 SSW Max >= 27.0 4 Max <= 0.0 0 Min <= 0.0 0 Min <= -18.0 0 Max Rain: 21.3 on day 6 Days of Rain: 23 (>= 0.2 mm) 16 (>= 2.0 mm) 2 (>= 20.0 mm) Heat Base: 18.3 Cool Base: 18.3 Method: Integration