NOAA-Style Climate Reports
Select a Year or Month report
2024: Jan Feb Mar Apr May Jun Jul Aug Sep Oct Nov Dec
2023: Jan Feb Mar Apr May Jun Jul Aug Sep Oct Nov Dec
2022: Jan Feb Mar Apr May Jun Jul Aug Sep Oct Nov Dec
2021: Jan Feb Mar Apr May Jun Jul Aug Sep Oct Nov Dec
2020: Jan Feb Mar Apr May Jun Jul Aug Sep Oct Nov Dec
2019: Jan Feb Mar Apr May Jun Jul Aug Sep Oct Nov Dec
2018: Jan Feb Mar Apr May Jun Jul Aug Sep Oct Nov Dec
2017: Jan Feb Mar Apr May Jun Jul Aug Sep Oct Nov Dec
2016: Jan Feb Mar Apr May Jun Jul Aug Sep Oct Nov Dec
2015: Jan Feb Mar Apr May Jun Jul Aug Sep Oct Nov Dec
2014: Jan Feb Mar Apr May Jun Jul Aug Sep Oct Nov Dec
2013: Jan Feb Mar Apr May Jun Jul Aug Sep Oct Nov Dec
2012: Jan Feb Mar Apr May Jun Jul Aug Sep Oct Nov Dec
2011: Jan Feb Mar Apr May Jun Jul Aug Sep Oct Nov Dec
2010: Jan Feb Mar Apr May Jun Jul Aug Sep Oct Nov Dec
2009: Jan Feb Mar Apr May Jun Jul Aug Sep Oct Nov Dec
2008: Jan Feb Mar Apr May Jun Jul Aug Sep Oct Nov Dec
2024: Jan Feb Mar Apr May Jun Jul Aug Sep Oct Nov Dec
2023: Jan Feb Mar Apr May Jun Jul Aug Sep Oct Nov Dec
2022: Jan Feb Mar Apr May Jun Jul Aug Sep Oct Nov Dec
2021: Jan Feb Mar Apr May Jun Jul Aug Sep Oct Nov Dec
2020: Jan Feb Mar Apr May Jun Jul Aug Sep Oct Nov Dec
2019: Jan Feb Mar Apr May Jun Jul Aug Sep Oct Nov Dec
2018: Jan Feb Mar Apr May Jun Jul Aug Sep Oct Nov Dec
2017: Jan Feb Mar Apr May Jun Jul Aug Sep Oct Nov Dec
2016: Jan Feb Mar Apr May Jun Jul Aug Sep Oct Nov Dec
2015: Jan Feb Mar Apr May Jun Jul Aug Sep Oct Nov Dec
2014: Jan Feb Mar Apr May Jun Jul Aug Sep Oct Nov Dec
2013: Jan Feb Mar Apr May Jun Jul Aug Sep Oct Nov Dec
2012: Jan Feb Mar Apr May Jun Jul Aug Sep Oct Nov Dec
2011: Jan Feb Mar Apr May Jun Jul Aug Sep Oct Nov Dec
2010: Jan Feb Mar Apr May Jun Jul Aug Sep Oct Nov Dec
2009: Jan Feb Mar Apr May Jun Jul Aug Sep Oct Nov Dec
2008: Jan Feb Mar Apr May Jun Jul Aug Sep Oct Nov Dec
Report for 2017 September
Monthly Climatological Summary for Sep 2017 Name: Garrymore Weather City: Geashill State: Offaly Elevation: 80 m Lat: N 53° 10' 05" Lon: W 007° 21' 37" Temperature (°C), Rain (mm), Wind Speed (km/h) Heat Cool Avg Mean Deg Deg Wind Dom Day Temp High Time Low Time Days Days Rain Speed High Time Dir ---------------------------------------------------------------------------------- 01 11.6 18.5 13:34 5.6 06:40 6.7 0.0 0.0 2.7 15.9 12:34 WNW 02 10.8 16.4 14:09 3.0 06:00 7.5 0.0 0.0 8.3 41.9 17:55 SSE 03 17.5 23.7 18:01 12.3 00:00 2.0 1.1 0.0 4.8 56.9 07:00 S 04 16.1 18.0 14:48 13.0 23:38 2.2 0.0 0.0 3.4 24.4 15:01 SSW 05 13.4 18.5 15:11 10.5 06:41 4.9 0.0 0.0 6.6 33.2 16:13 SW 06 13.7 18.2 13:46 10.5 04:21 4.6 0.0 0.0 5.3 25.6 14:09 WSW 07 13.5 16.0 13:49 11.0 01:25 4.8 0.0 0.0 7.2 25.6 11:44 SSW 08 12.7 18.2 13:09 9.3 23:52 5.6 0.0 0.0 7.1 35.7 13:23 W 09 12.2 16.7 17:01 9.0 00:40 6.1 0.0 0.0 10.1 39.3 14:52 NW 10 11.8 16.0 14:05 9.6 20:47 6.5 0.0 3.0 12.1 48.0 14:24 SW 11 11.7 15.3 15:17 9.4 23:00 6.6 0.0 3.3 13.0 46.5 07:31 WNW 12 10.4 14.3 11:37 7.9 04:49 7.9 0.0 4.5 8.8 91.9 10:12 SSW 13 9.5 14.4 14:22 5.5 21:55 8.8 0.0 1.5 7.4 30.6 00:24 W 14 10.2 15.4 13:59 6.2 01:20 8.1 0.0 1.2 8.9 33.2 10:58 NW 15 10.6 15.5 14:14 7.4 23:45 7.7 0.0 0.0 8.2 31.7 14:57 NW 16 8.8 11.6 11:30 7.3 23:59 9.5 0.0 0.3 5.5 25.6 11:59 NNW 17 11.1 18.7 16:26 5.3 05:00 7.2 0.0 0.0 2.0 15.9 13:35 NNE 18 9.4 17.9 17:13 2.7 07:30 8.9 0.0 0.0 2.3 17.2 14:15 NW 19 11.7 17.5 13:18 5.3 01:33 6.6 0.0 0.0 7.6 40.4 22:02 S 20 12.9 15.1 12:08 10.1 23:46 5.4 0.0 14.1 8.5 91.9 09:29 S 21 11.1 16.7 16:42 6.2 07:37 7.2 0.0 3.3 5.5 23.3 17:36 SW 22 12.1 18.5 16:52 6.1 03:00 6.2 0.0 19.2 8.2 39.3 06:32 S 23 13.2 15.9 11:26 7.2 00:01 5.1 0.0 19.8 14.9 51.5 10:05 SSE 24 14.3 20.9 15:56 8.2 23:57 4.2 0.2 0.3 1.3 20.9 00:36 S 25 11.6 19.2 13:02 3.7 07:34 6.8 0.1 0.0 3.4 23.3 13:14 S 26 12.5 16.9 13:24 9.4 00:47 5.8 0.0 0.0 7.8 37.8 13:26 SSE 27 12.2 13.9 16:09 10.4 22:16 6.1 0.0 20.1 7.5 34.3 10:38 SSE 28 11.8 14.6 12:55 7.6 03:14 6.5 0.0 6.3 9.4 43.0 20:11 SSE 29 10.7 14.8 15:42 7.9 22:04 7.6 0.0 1.5 8.1 39.3 12:30 S 30 9.9 16.0 18:01 5.8 07:49 8.4 0.0 0.3 3.7 18.3 05:34 S ---------------------------------------------------------------------------------- 12.0 23.7 3 2.7 18 191.5 1.4 98.7 7.0 91.9 12 SW Max >= 27.0 0 Max <= 0.0 0 Min <= 0.0 0 Min <= -18.0 0 Max Rain: 20.1 on day 27 Days of Rain: 15 (>= 0.2 mm) 9 (>= 2.0 mm) 1 (>= 20.0 mm) Heat Base: 18.3 Cool Base: 18.3 Method: Integration