NOAA-Style Climate Reports
Select a Year or Month report
2024: Jan Feb Mar Apr May Jun Jul Aug Sep Oct Nov Dec
2023: Jan Feb Mar Apr May Jun Jul Aug Sep Oct Nov Dec
2022: Jan Feb Mar Apr May Jun Jul Aug Sep Oct Nov Dec
2021: Jan Feb Mar Apr May Jun Jul Aug Sep Oct Nov Dec
2020: Jan Feb Mar Apr May Jun Jul Aug Sep Oct Nov Dec
2019: Jan Feb Mar Apr May Jun Jul Aug Sep Oct Nov Dec
2018: Jan Feb Mar Apr May Jun Jul Aug Sep Oct Nov Dec
2017: Jan Feb Mar Apr May Jun Jul Aug Sep Oct Nov Dec
2016: Jan Feb Mar Apr May Jun Jul Aug Sep Oct Nov Dec
2015: Jan Feb Mar Apr May Jun Jul Aug Sep Oct Nov Dec
2014: Jan Feb Mar Apr May Jun Jul Aug Sep Oct Nov Dec
2013: Jan Feb Mar Apr May Jun Jul Aug Sep Oct Nov Dec
2012: Jan Feb Mar Apr May Jun Jul Aug Sep Oct Nov Dec
2011: Jan Feb Mar Apr May Jun Jul Aug Sep Oct Nov Dec
2010: Jan Feb Mar Apr May Jun Jul Aug Sep Oct Nov Dec
2009: Jan Feb Mar Apr May Jun Jul Aug Sep Oct Nov Dec
2008: Jan Feb Mar Apr May Jun Jul Aug Sep Oct Nov Dec
2024: Jan Feb Mar Apr May Jun Jul Aug Sep Oct Nov Dec
2023: Jan Feb Mar Apr May Jun Jul Aug Sep Oct Nov Dec
2022: Jan Feb Mar Apr May Jun Jul Aug Sep Oct Nov Dec
2021: Jan Feb Mar Apr May Jun Jul Aug Sep Oct Nov Dec
2020: Jan Feb Mar Apr May Jun Jul Aug Sep Oct Nov Dec
2019: Jan Feb Mar Apr May Jun Jul Aug Sep Oct Nov Dec
2018: Jan Feb Mar Apr May Jun Jul Aug Sep Oct Nov Dec
2017: Jan Feb Mar Apr May Jun Jul Aug Sep Oct Nov Dec
2016: Jan Feb Mar Apr May Jun Jul Aug Sep Oct Nov Dec
2015: Jan Feb Mar Apr May Jun Jul Aug Sep Oct Nov Dec
2014: Jan Feb Mar Apr May Jun Jul Aug Sep Oct Nov Dec
2013: Jan Feb Mar Apr May Jun Jul Aug Sep Oct Nov Dec
2012: Jan Feb Mar Apr May Jun Jul Aug Sep Oct Nov Dec
2011: Jan Feb Mar Apr May Jun Jul Aug Sep Oct Nov Dec
2010: Jan Feb Mar Apr May Jun Jul Aug Sep Oct Nov Dec
2009: Jan Feb Mar Apr May Jun Jul Aug Sep Oct Nov Dec
2008: Jan Feb Mar Apr May Jun Jul Aug Sep Oct Nov Dec
Report for 2017 December
Monthly Climatological Summary for Dec 2017 Name: Garrymore Weather City: Geashill State: Offaly Elevation: 80 m Lat: N 53° 10' 05" Lon: W 007° 21' 37" Temperature (°C), Rain (mm), Wind Speed (km/h) Heat Cool Avg Mean Deg Deg Wind Dom Day Temp High Time Low Time Days Days Rain Speed High Time Dir ---------------------------------------------------------------------------------- 01 0.7 3.8 11:51 -3.0 07:54 17.6 0.0 0.0 6.2 22.0 01:31 NW 02 5.1 6.7 15:31 2.7 00:00 13.2 0.0 2.1 8.2 22.0 03:17 WNW 03 6.5 7.3 14:58 5.8 23:20 11.8 0.0 0.6 8.6 25.6 06:31 WNW 04 5.9 7.6 14:19 4.3 06:22 12.3 0.0 0.0 4.2 15.9 05:16 WNW 05 6.3 7.8 15:05 4.7 04:33 12.0 0.0 0.3 9.2 27.0 13:17 S 06 9.9 12.5 22:39 7.4 00:00 8.4 0.0 5.4 17.6 55.2 11:12 S 07 4.6 11.9 00:00 0.2 21:55 13.7 0.0 14.1 12.2 51.5 04:09 WNW 08 0.6 3.1 13:38 -1.1 23:40 17.7 0.0 2.4 11.7 35.7 01:52 WNW 09 0.0 2.6 13:12 -2.0 06:00 18.3 0.0 0.0 2.0 11.1 23:40 ESE 10 -0.7 0.9 00:00 -4.8 23:57 19.0 0.0 10.8 14.2 91.9 09:38 N 11 -1.4 2.1 13:44 -5.7 03:50 19.7 0.0 4.5 9.3 23.3 12:35 NW 12 1.5 5.4 23:41 -2.7 06:20 16.8 0.0 1.5 7.8 91.9 21:50 SSW 13 3.7 6.2 06:21 0.0 15:30 14.6 0.0 32.7 11.4 48.0 21:58 W 14 2.9 4.7 13:19 1.4 04:18 15.4 0.0 6.3 14.1 36.7 10:14 W 15 3.4 6.0 13:10 0.1 22:16 14.9 0.0 0.9 13.3 43.9 02:24 NW 16 3.7 6.3 13:59 -0.5 03:55 14.6 0.0 0.6 6.2 24.4 11:44 W 17 7.1 10.8 12:02 1.9 23:57 11.2 0.0 1.8 7.6 36.7 09:17 SW 18 3.8 7.9 14:08 -0.4 05:10 14.5 0.0 0.3 6.8 28.2 21:27 SSE 19 9.0 10.9 14:52 6.9 02:05 9.3 0.0 0.0 10.1 29.6 04:26 S 20 10.1 10.8 08:15 9.4 16:28 8.2 0.0 0.3 4.7 28.2 00:01 S 21 10.4 11.7 12:22 9.7 19:00 7.9 0.0 3.0 7.4 25.6 08:25 SSW 22 9.2 10.1 10:34 8.2 20:17 9.1 0.0 0.3 13.2 91.9 01:33 WSW 23 9.3 11.9 14:24 6.0 08:29 9.0 0.0 0.0 36.0 91.9 00:00 WSW 24 10.1 11.0 05:21 8.6 00:16 8.2 0.0 9.0 16.0 52.6 23:27 SSW 25 4.8 9.7 00:00 1.9 19:17 13.5 0.0 14.1 20.4 91.9 14:47 WSW 26 1.9 4.7 12:01 -0.4 23:20 16.4 0.0 0.0 20.0 91.9 07:57 NNE 27 0.3 3.6 13:40 -1.2 01:08 18.0 0.0 1.8 11.2 31.7 16:29 WNW 28 -0.8 2.1 23:53 -4.7 08:35 19.1 0.0 0.3 3.6 24.4 21:17 S 29 4.0 6.6 12:29 1.0 22:58 14.3 0.0 21.3 13.0 91.9 13:41 SW 30 6.7 8.8 03:53 1.0 00:00 11.6 0.0 15.0 31.8 91.9 00:12 SSW 31 5.6 9.6 00:59 3.0 22:49 12.7 0.0 87.0 14.5 68.5 02:49 SW ---------------------------------------------------------------------------------- 4.7 12.5 6 -5.7 11 423.0 0.0 236.4 12.0 91.9 10 WSW Max >= 27.0 0 Max <= 0.0 0 Min <= 0.0 12 Min <= -18.0 0 Max Rain: 87.0 on day 31 Days of Rain: 25 (>= 0.2 mm) 14 (>= 2.0 mm) 3 (>= 20.0 mm) Heat Base: 18.3 Cool Base: 18.3 Method: Integration