NOAA-Style Climate Reports
Select a Year or Month report
2024: Jan Feb Mar Apr May Jun Jul Aug Sep Oct Nov Dec
2023: Jan Feb Mar Apr May Jun Jul Aug Sep Oct Nov Dec
2022: Jan Feb Mar Apr May Jun Jul Aug Sep Oct Nov Dec
2021: Jan Feb Mar Apr May Jun Jul Aug Sep Oct Nov Dec
2020: Jan Feb Mar Apr May Jun Jul Aug Sep Oct Nov Dec
2019: Jan Feb Mar Apr May Jun Jul Aug Sep Oct Nov Dec
2018: Jan Feb Mar Apr May Jun Jul Aug Sep Oct Nov Dec
2017: Jan Feb Mar Apr May Jun Jul Aug Sep Oct Nov Dec
2016: Jan Feb Mar Apr May Jun Jul Aug Sep Oct Nov Dec
2015: Jan Feb Mar Apr May Jun Jul Aug Sep Oct Nov Dec
2014: Jan Feb Mar Apr May Jun Jul Aug Sep Oct Nov Dec
2013: Jan Feb Mar Apr May Jun Jul Aug Sep Oct Nov Dec
2012: Jan Feb Mar Apr May Jun Jul Aug Sep Oct Nov Dec
2011: Jan Feb Mar Apr May Jun Jul Aug Sep Oct Nov Dec
2010: Jan Feb Mar Apr May Jun Jul Aug Sep Oct Nov Dec
2009: Jan Feb Mar Apr May Jun Jul Aug Sep Oct Nov Dec
2008: Jan Feb Mar Apr May Jun Jul Aug Sep Oct Nov Dec
2024: Jan Feb Mar Apr May Jun Jul Aug Sep Oct Nov Dec
2023: Jan Feb Mar Apr May Jun Jul Aug Sep Oct Nov Dec
2022: Jan Feb Mar Apr May Jun Jul Aug Sep Oct Nov Dec
2021: Jan Feb Mar Apr May Jun Jul Aug Sep Oct Nov Dec
2020: Jan Feb Mar Apr May Jun Jul Aug Sep Oct Nov Dec
2019: Jan Feb Mar Apr May Jun Jul Aug Sep Oct Nov Dec
2018: Jan Feb Mar Apr May Jun Jul Aug Sep Oct Nov Dec
2017: Jan Feb Mar Apr May Jun Jul Aug Sep Oct Nov Dec
2016: Jan Feb Mar Apr May Jun Jul Aug Sep Oct Nov Dec
2015: Jan Feb Mar Apr May Jun Jul Aug Sep Oct Nov Dec
2014: Jan Feb Mar Apr May Jun Jul Aug Sep Oct Nov Dec
2013: Jan Feb Mar Apr May Jun Jul Aug Sep Oct Nov Dec
2012: Jan Feb Mar Apr May Jun Jul Aug Sep Oct Nov Dec
2011: Jan Feb Mar Apr May Jun Jul Aug Sep Oct Nov Dec
2010: Jan Feb Mar Apr May Jun Jul Aug Sep Oct Nov Dec
2009: Jan Feb Mar Apr May Jun Jul Aug Sep Oct Nov Dec
2008: Jan Feb Mar Apr May Jun Jul Aug Sep Oct Nov Dec
Report for 2018 February
Monthly Climatological Summary for Feb 2018 Name: Garrymore Weather City: Geashill State: Offaly Elevation: 80 m Lat: N 53° 10' 05" Lon: W 007° 21' 37" Temperature (°C), Rain (mm), Wind Speed (km/h) Heat Cool Avg Mean Deg Deg Wind Dom Day Temp High Time Low Time Days Days Rain Speed High Time Dir ---------------------------------------------------------------------------------- 01 2.8 6.0 15:18 0.6 23:10 15.5 0.0 3.0 13.6 45.4 12:45 NW 02 2.7 6.0 12:45 0.1 02:08 15.6 0.0 1.8 8.2 23.3 10:28 W 03 2.6 5.0 15:09 0.5 23:59 15.7 0.0 1.2 11.3 36.7 13:37 NW 04 2.3 7.2 13:16 -1.6 06:39 16.0 0.0 0.0 3.8 18.3 10:54 NNW 05 -0.3 3.7 15:47 -3.8 05:25 18.6 0.0 0.0 2.4 18.3 14:02 S 06 0.1 3.8 15:22 -1.7 21:02 18.2 0.0 2.7 8.6 39.3 15:34 NW 07 1.7 4.6 23:24 -1.3 03:09 16.6 0.0 0.9 8.3 33.2 20:22 SSW 08 5.6 8.7 13:10 1.1 23:50 12.7 0.0 3.3 8.1 46.5 23:51 SW 09 1.6 5.6 14:27 -0.9 07:22 16.7 0.0 0.0 10.3 33.2 00:15 W 10 6.8 11.0 12:18 1.6 00:26 11.5 0.0 135.3 15.8 60.2 19:27 SW 11 0.8 6.9 22:41 -0.9 20:31 17.5 0.0 8.7 11.7 39.3 05:46 WNW 12 2.2 5.5 13:59 -2.0 07:43 16.1 0.0 26.7 14.8 57.6 22:42 S 13 2.0 6.4 13:53 -1.0 23:25 16.3 0.0 8.7 9.0 33.2 04:50 W 14 5.6 9.9 15:08 -0.1 00:00 12.7 0.0 155.4 26.8 91.9 17:12 S 15 2.5 5.8 13:52 -0.5 23:52 15.8 0.0 14.4 16.0 91.9 15:44 SW 16 3.1 7.5 13:33 -0.8 00:43 15.2 0.0 3.0 12.5 50.0 15:30 S 17 3.8 9.6 14:00 -0.5 06:16 14.5 0.0 0.9 5.6 25.6 12:57 S 18 7.2 10.4 15:16 2.4 00:52 11.1 0.0 2.4 5.3 24.4 11:28 SSW 19 9.1 13.9 15:14 3.5 23:50 9.2 0.0 1.5 5.4 39.3 18:08 WNW 20 3.9 9.8 15:12 0.5 23:44 14.4 0.0 0.3 6.4 23.3 11:59 NW 21 2.6 8.6 12:44 -3.3 07:33 15.7 0.0 0.0 2.1 91.9 16:11 SSE 22 4.3 7.1 12:25 2.4 23:40 14.0 0.0 0.3 4.8 28.2 12:37 SSE 23 3.1 5.1 14:25 1.7 18:46 15.2 0.0 0.3 9.8 40.4 14:05 SE 24 1.3 3.9 13:35 -4.3 23:10 17.0 0.0 0.3 7.2 30.6 10:06 ESE 25 0.4 7.0 14:31 -4.8 01:09 17.9 0.0 0.3 4.9 33.2 11:30 ESE 26 -0.2 1.8 09:36 -2.7 05:01 18.5 0.0 0.0 5.4 80.0 11:11 ESE 27 -0.7 4.4 13:13 -3.7 23:11 19.0 0.0 0.9 9.0 46.5 15:42 NNE 28 -3.2 0.8 14:22 -6.0 23:10 21.5 0.0 0.6 12.4 91.9 10:40 ENE ---------------------------------------------------------------------------------- 2.6 13.9 19 -6.0 28 438.7 0.0 372.9 9.3 91.9 14 SW Max >= 27.0 0 Max <= 0.0 0 Min <= 0.0 18 Min <= -18.0 0 Max Rain: 155.4 on day 14 Days of Rain: 23 (>= 0.2 mm) 11 (>= 2.0 mm) 3 (>= 20.0 mm) Heat Base: 18.3 Cool Base: 18.3 Method: Integration