NOAA-Style Climate Reports
Select a Year or Month report
2024: Jan Feb Mar Apr May Jun Jul Aug Sep Oct Nov Dec
2023: Jan Feb Mar Apr May Jun Jul Aug Sep Oct Nov Dec
2022: Jan Feb Mar Apr May Jun Jul Aug Sep Oct Nov Dec
2021: Jan Feb Mar Apr May Jun Jul Aug Sep Oct Nov Dec
2020: Jan Feb Mar Apr May Jun Jul Aug Sep Oct Nov Dec
2019: Jan Feb Mar Apr May Jun Jul Aug Sep Oct Nov Dec
2018: Jan Feb Mar Apr May Jun Jul Aug Sep Oct Nov Dec
2017: Jan Feb Mar Apr May Jun Jul Aug Sep Oct Nov Dec
2016: Jan Feb Mar Apr May Jun Jul Aug Sep Oct Nov Dec
2015: Jan Feb Mar Apr May Jun Jul Aug Sep Oct Nov Dec
2014: Jan Feb Mar Apr May Jun Jul Aug Sep Oct Nov Dec
2013: Jan Feb Mar Apr May Jun Jul Aug Sep Oct Nov Dec
2012: Jan Feb Mar Apr May Jun Jul Aug Sep Oct Nov Dec
2011: Jan Feb Mar Apr May Jun Jul Aug Sep Oct Nov Dec
2010: Jan Feb Mar Apr May Jun Jul Aug Sep Oct Nov Dec
2009: Jan Feb Mar Apr May Jun Jul Aug Sep Oct Nov Dec
2008: Jan Feb Mar Apr May Jun Jul Aug Sep Oct Nov Dec
2024: Jan Feb Mar Apr May Jun Jul Aug Sep Oct Nov Dec
2023: Jan Feb Mar Apr May Jun Jul Aug Sep Oct Nov Dec
2022: Jan Feb Mar Apr May Jun Jul Aug Sep Oct Nov Dec
2021: Jan Feb Mar Apr May Jun Jul Aug Sep Oct Nov Dec
2020: Jan Feb Mar Apr May Jun Jul Aug Sep Oct Nov Dec
2019: Jan Feb Mar Apr May Jun Jul Aug Sep Oct Nov Dec
2018: Jan Feb Mar Apr May Jun Jul Aug Sep Oct Nov Dec
2017: Jan Feb Mar Apr May Jun Jul Aug Sep Oct Nov Dec
2016: Jan Feb Mar Apr May Jun Jul Aug Sep Oct Nov Dec
2015: Jan Feb Mar Apr May Jun Jul Aug Sep Oct Nov Dec
2014: Jan Feb Mar Apr May Jun Jul Aug Sep Oct Nov Dec
2013: Jan Feb Mar Apr May Jun Jul Aug Sep Oct Nov Dec
2012: Jan Feb Mar Apr May Jun Jul Aug Sep Oct Nov Dec
2011: Jan Feb Mar Apr May Jun Jul Aug Sep Oct Nov Dec
2010: Jan Feb Mar Apr May Jun Jul Aug Sep Oct Nov Dec
2009: Jan Feb Mar Apr May Jun Jul Aug Sep Oct Nov Dec
2008: Jan Feb Mar Apr May Jun Jul Aug Sep Oct Nov Dec
Report for 2018 April
Monthly Climatological Summary for Apr 2018 Name: Garrymore Weather City: Geashill State: Offaly Elevation: 80 m Lat: N 53° 10' 05" Lon: W 007° 21' 37" Temperature (°C), Rain (mm), Wind Speed (km/h) Heat Cool Avg Mean Deg Deg Wind Dom Day Temp High Time Low Time Days Days Rain Speed High Time Dir ---------------------------------------------------------------------------------- 01 2.6 7.5 12:14 -1.6 02:48 15.7 0.0 1.8 7.4 91.9 08:30 ENE 02 4.1 6.4 16:46 1.3 03:43 14.2 0.0 21.0 8.0 35.7 02:47 ENE 03 7.9 11.1 13:18 4.4 23:34 10.4 0.0 4.8 8.7 41.9 11:41 S 04 4.0 7.0 14:35 -1.2 23:57 14.3 0.0 3.0 19.8 91.9 19:00 NNW 05 3.1 8.6 16:25 -4.9 06:27 15.2 0.0 2.1 9.7 60.2 16:43 SSE 06 8.3 12.0 16:14 6.2 01:26 10.0 0.0 41.1 15.6 63.7 14:41 SSE 07 8.2 13.4 15:08 4.5 23:29 10.1 0.0 4.2 5.6 22.0 00:25 S 08 8.7 13.3 16:36 4.3 06:56 9.6 0.0 0.6 6.2 29.6 15:13 S 09 8.6 12.2 13:12 5.8 06:09 9.8 0.0 0.0 8.6 35.7 16:39 SSE 10 7.3 9.4 13:19 5.8 00:00 11.0 0.0 0.3 11.2 34.3 10:55 NE 11 7.2 9.6 13:28 6.0 02:12 11.1 0.0 0.0 8.4 29.6 16:25 NE 12 7.6 10.9 14:01 6.0 07:26 10.7 0.0 0.0 6.3 22.0 08:26 NE 13 8.1 14.1 17:52 6.0 07:19 10.2 0.0 0.3 2.6 25.6 23:51 ENE 14 8.9 12.3 12:21 5.1 02:30 7.2 0.0 0.0 11.1 43.0 15:48 SSE 15 10.4 11.2 18:47 9.1 22:43 3.5 0.0 0.0 13.7 43.9 18:52 S 16 8.9 11.8 13:30 5.0 07:02 9.4 0.0 222.0 21.0 70.0 13:22 S 17 11.7 15.4 14:33 9.5 05:15 6.6 0.0 325.8 27.3 66.3 11:57 S 18 12.4 16.6 13:52 9.8 03:34 5.9 0.0 83.4 17.6 70.0 14:01 S 19 12.6 18.2 17:02 8.2 23:57 5.7 0.0 0.0 9.2 29.6 19:21 S 20 10.3 17.8 16:54 2.0 06:16 8.0 0.0 0.0 3.8 20.9 12:33 WNW 21 10.6 19.0 16:09 0.5 06:06 7.7 0.0 0.0 7.2 30.6 14:59 S 22 9.7 13.5 15:32 7.5 04:41 8.6 0.0 2.1 9.9 43.0 15:16 SW 23 9.5 13.4 16:54 7.8 22:33 8.8 0.0 0.9 11.1 39.3 12:10 SW 24 8.5 11.2 16:24 6.1 23:29 9.9 0.0 8.4 6.3 28.2 19:33 WSW 25 8.1 11.9 16:48 5.8 04:27 10.2 0.0 17.7 11.3 40.4 15:47 WSW 26 7.7 12.2 15:30 5.1 23:35 10.6 0.0 7.5 9.2 48.0 12:10 W 27 7.5 13.1 16:52 4.0 02:45 10.8 0.0 0.6 5.2 27.0 10:49 NE 28 8.5 15.8 17:47 2.7 06:59 9.8 0.0 0.0 3.3 19.4 20:19 N 29 5.8 13.3 13:08 -0.4 05:44 12.5 0.0 6.3 3.4 24.4 16:26 NNE 30 6.4 15.1 17:52 -1.8 06:05 11.9 0.0 0.0 3.2 19.4 12:15 NW ---------------------------------------------------------------------------------- 8.1 19.0 21 -4.9 5 299.4 0.0 753.9 9.6 91.9 1 S Max >= 27.0 0 Max <= 0.0 0 Min <= 0.0 5 Min <= -18.0 0 Max Rain: 325.8 on day 17 Days of Rain: 20 (>= 0.2 mm) 14 (>= 2.0 mm) 5 (>= 20.0 mm) Heat Base: 18.3 Cool Base: 18.3 Method: Integration