NOAA-Style Climate Reports
Select a Year or Month report
2024: Jan Feb Mar Apr May Jun Jul Aug Sep Oct Nov Dec
2023: Jan Feb Mar Apr May Jun Jul Aug Sep Oct Nov Dec
2022: Jan Feb Mar Apr May Jun Jul Aug Sep Oct Nov Dec
2021: Jan Feb Mar Apr May Jun Jul Aug Sep Oct Nov Dec
2020: Jan Feb Mar Apr May Jun Jul Aug Sep Oct Nov Dec
2019: Jan Feb Mar Apr May Jun Jul Aug Sep Oct Nov Dec
2018: Jan Feb Mar Apr May Jun Jul Aug Sep Oct Nov Dec
2017: Jan Feb Mar Apr May Jun Jul Aug Sep Oct Nov Dec
2016: Jan Feb Mar Apr May Jun Jul Aug Sep Oct Nov Dec
2015: Jan Feb Mar Apr May Jun Jul Aug Sep Oct Nov Dec
2014: Jan Feb Mar Apr May Jun Jul Aug Sep Oct Nov Dec
2013: Jan Feb Mar Apr May Jun Jul Aug Sep Oct Nov Dec
2012: Jan Feb Mar Apr May Jun Jul Aug Sep Oct Nov Dec
2011: Jan Feb Mar Apr May Jun Jul Aug Sep Oct Nov Dec
2010: Jan Feb Mar Apr May Jun Jul Aug Sep Oct Nov Dec
2009: Jan Feb Mar Apr May Jun Jul Aug Sep Oct Nov Dec
2008: Jan Feb Mar Apr May Jun Jul Aug Sep Oct Nov Dec
2024: Jan Feb Mar Apr May Jun Jul Aug Sep Oct Nov Dec
2023: Jan Feb Mar Apr May Jun Jul Aug Sep Oct Nov Dec
2022: Jan Feb Mar Apr May Jun Jul Aug Sep Oct Nov Dec
2021: Jan Feb Mar Apr May Jun Jul Aug Sep Oct Nov Dec
2020: Jan Feb Mar Apr May Jun Jul Aug Sep Oct Nov Dec
2019: Jan Feb Mar Apr May Jun Jul Aug Sep Oct Nov Dec
2018: Jan Feb Mar Apr May Jun Jul Aug Sep Oct Nov Dec
2017: Jan Feb Mar Apr May Jun Jul Aug Sep Oct Nov Dec
2016: Jan Feb Mar Apr May Jun Jul Aug Sep Oct Nov Dec
2015: Jan Feb Mar Apr May Jun Jul Aug Sep Oct Nov Dec
2014: Jan Feb Mar Apr May Jun Jul Aug Sep Oct Nov Dec
2013: Jan Feb Mar Apr May Jun Jul Aug Sep Oct Nov Dec
2012: Jan Feb Mar Apr May Jun Jul Aug Sep Oct Nov Dec
2011: Jan Feb Mar Apr May Jun Jul Aug Sep Oct Nov Dec
2010: Jan Feb Mar Apr May Jun Jul Aug Sep Oct Nov Dec
2009: Jan Feb Mar Apr May Jun Jul Aug Sep Oct Nov Dec
2008: Jan Feb Mar Apr May Jun Jul Aug Sep Oct Nov Dec
Report for 2018 June
Monthly Climatological Summary for Jun 2018 Name: Garrymore Weather City: Geashill State: Offaly Elevation: 80 m Lat: N 53° 10' 05" Lon: W 007° 21' 37" Temperature (°C), Rain (mm), Wind Speed (km/h) Heat Cool Avg Mean Deg Deg Wind Dom Day Temp High Time Low Time Days Days Rain Speed High Time Dir ---------------------------------------------------------------------------------- 01 17.8 26.0 17:29 13.0 03:15 1.9 1.4 10.2 3.8 91.9 02:42 SSE 02 15.9 20.4 17:22 13.7 22:59 2.5 0.1 0.0 4.3 19.4 15:21 S 03 17.1 24.4 17:42 9.1 21:06 2.7 1.5 0.0 3.8 19.4 11:10 SSE 04 17.2 25.4 15:21 8.6 05:51 3.2 2.1 0.0 1.8 23.3 14:32 NE 05 17.1 25.3 18:01 10.0 04:57 2.9 1.6 0.0 1.7 18.3 13:17 NE 06 18.1 28.3 15:55 6.2 05:30 3.7 3.5 0.0 0.9 14.8 12:25 E 07 19.0 28.7 17:06 9.5 05:38 3.0 3.7 0.0 1.1 17.2 16:03 E 08 18.4 29.7 14:38 10.3 05:27 3.0 3.1 19.2 1.7 22.0 18:49 NNE 09 18.3 25.7 16:54 11.5 05:10 2.3 2.3 0.3 1.6 15.9 14:50 NW 10 16.0 22.6 16:04 10.4 05:26 3.0 0.7 0.0 3.6 18.3 21:14 NNW 11 15.0 19.1 15:50 11.6 05:17 3.4 0.0 0.3 5.0 23.3 10:46 N 12 14.3 18.0 13:39 11.4 05:09 4.0 0.0 0.0 4.6 22.0 07:55 N 13 12.7 16.0 16:02 8.0 05:01 5.6 0.0 16.5 12.6 56.3 21:01 S 14 14.1 17.6 16:01 8.6 10:00 4.2 0.0 119.7 14.3 49.1 01:57 WSW 15 11.9 16.9 17:35 9.0 03:10 6.4 0.0 0.0 6.5 25.6 11:31 SSW 16 12.4 16.0 13:37 9.4 03:14 5.9 0.0 2.7 9.2 91.9 13:13 SSW 17 13.0 17.9 13:33 9.5 04:41 5.3 0.0 0.9 7.9 30.6 13:31 SSW 18 13.3 18.8 16:01 9.8 23:51 5.0 0.0 0.0 19.7 92.6 07:05 SW 19 14.2 22.4 18:07 7.1 05:37 4.8 0.7 1.2 9.8 91.9 13:35 S 20 13.5 16.6 00:13 9.1 22:58 4.8 0.0 3.0 10.2 91.9 06:45 NW 21 11.6 18.1 17:36 4.7 05:40 6.7 0.0 0.0 14.5 91.9 01:03 NNW 22 13.2 22.8 18:52 3.6 04:47 5.9 0.8 0.0 10.2 91.9 06:48 NNW 23 16.0 25.2 16:36 6.1 05:29 4.1 1.9 0.0 4.9 91.9 11:38 NW 24 19.0 30.3 19:42 7.2 05:27 3.2 3.8 0.0 2.1 27.0 14:41 S 25 20.3 30.7 16:48 9.7 05:24 2.2 4.2 0.0 2.6 20.9 18:59 WSW 26 20.9 31.1 17:56 11.6 05:14 1.6 4.3 0.0 2.5 19.4 15:33 SSE 27 22.2 33.3 15:49 11.1 04:19 2.0 5.9 0.0 1.2 20.9 17:50 NE 28 22.3 32.2 16:05 8.7 05:29 2.5 6.5 0.0 0.9 23.3 16:45 E 29 22.8 32.1 15:35 11.2 05:38 1.5 6.0 0.0 8.5 91.9 02:52 W 30 21.0 30.5 17:58 10.1 04:46 2.4 5.1 0.0 1.1 18.3 12:37 ENE ---------------------------------------------------------------------------------- 16.6 33.3 27 3.6 22 109.7 59.2 174.0 5.7 92.6 18 WSW Max >= 27.0 10 Max <= 0.0 0 Min <= 0.0 0 Min <= -18.0 0 Max Rain: 119.7 on day 14 Days of Rain: 10 (>= 0.2 mm) 6 (>= 2.0 mm) 1 (>= 20.0 mm) Heat Base: 18.3 Cool Base: 18.3 Method: Integration