NOAA-Style Climate Reports
Select a Year or Month report
2024: Jan Feb Mar Apr May Jun Jul Aug Sep Oct Nov Dec
2023: Jan Feb Mar Apr May Jun Jul Aug Sep Oct Nov Dec
2022: Jan Feb Mar Apr May Jun Jul Aug Sep Oct Nov Dec
2021: Jan Feb Mar Apr May Jun Jul Aug Sep Oct Nov Dec
2020: Jan Feb Mar Apr May Jun Jul Aug Sep Oct Nov Dec
2019: Jan Feb Mar Apr May Jun Jul Aug Sep Oct Nov Dec
2018: Jan Feb Mar Apr May Jun Jul Aug Sep Oct Nov Dec
2017: Jan Feb Mar Apr May Jun Jul Aug Sep Oct Nov Dec
2016: Jan Feb Mar Apr May Jun Jul Aug Sep Oct Nov Dec
2015: Jan Feb Mar Apr May Jun Jul Aug Sep Oct Nov Dec
2014: Jan Feb Mar Apr May Jun Jul Aug Sep Oct Nov Dec
2013: Jan Feb Mar Apr May Jun Jul Aug Sep Oct Nov Dec
2012: Jan Feb Mar Apr May Jun Jul Aug Sep Oct Nov Dec
2011: Jan Feb Mar Apr May Jun Jul Aug Sep Oct Nov Dec
2010: Jan Feb Mar Apr May Jun Jul Aug Sep Oct Nov Dec
2009: Jan Feb Mar Apr May Jun Jul Aug Sep Oct Nov Dec
2008: Jan Feb Mar Apr May Jun Jul Aug Sep Oct Nov Dec
2024: Jan Feb Mar Apr May Jun Jul Aug Sep Oct Nov Dec
2023: Jan Feb Mar Apr May Jun Jul Aug Sep Oct Nov Dec
2022: Jan Feb Mar Apr May Jun Jul Aug Sep Oct Nov Dec
2021: Jan Feb Mar Apr May Jun Jul Aug Sep Oct Nov Dec
2020: Jan Feb Mar Apr May Jun Jul Aug Sep Oct Nov Dec
2019: Jan Feb Mar Apr May Jun Jul Aug Sep Oct Nov Dec
2018: Jan Feb Mar Apr May Jun Jul Aug Sep Oct Nov Dec
2017: Jan Feb Mar Apr May Jun Jul Aug Sep Oct Nov Dec
2016: Jan Feb Mar Apr May Jun Jul Aug Sep Oct Nov Dec
2015: Jan Feb Mar Apr May Jun Jul Aug Sep Oct Nov Dec
2014: Jan Feb Mar Apr May Jun Jul Aug Sep Oct Nov Dec
2013: Jan Feb Mar Apr May Jun Jul Aug Sep Oct Nov Dec
2012: Jan Feb Mar Apr May Jun Jul Aug Sep Oct Nov Dec
2011: Jan Feb Mar Apr May Jun Jul Aug Sep Oct Nov Dec
2010: Jan Feb Mar Apr May Jun Jul Aug Sep Oct Nov Dec
2009: Jan Feb Mar Apr May Jun Jul Aug Sep Oct Nov Dec
2008: Jan Feb Mar Apr May Jun Jul Aug Sep Oct Nov Dec
Report for 2018 August
Monthly Climatological Summary for Aug 2018 Name: Garrymore Weather City: Geashill State: Offaly Elevation: 80 m Lat: N 53° 10' 05" Lon: W 007° 21' 37" Temperature (°C), Rain (mm), Wind Speed (km/h) Heat Cool Avg Mean Deg Deg Wind Dom Day Temp High Time Low Time Days Days Rain Speed High Time Dir ---------------------------------------------------------------------------------- 01 14.5 17.5 20:27 11.0 02:01 3.8 0.0 3.3 10.5 40.7 14:29 S 02 18.9 24.1 15:09 16.1 05:39 0.7 1.3 0.0 8.6 91.9 08:04 S 03 18.9 23.1 13:59 15.4 23:24 0.7 1.3 0.9 4.8 22.8 21:02 W 04 17.3 22.2 16:10 13.4 23:58 1.9 0.9 0.0 3.5 19.1 09:51 WNW 05 17.0 23.1 15:28 0.0 12:12 2.5 1.2 0.0 4.1 26.3 13:56 SSW 06 16.3 21.8 15:06 12.8 04:01 2.5 0.5 0.0 4.9 20.6 11:14 SSW 07 14.6 19.2 17:30 10.7 23:59 3.8 0.0 0.0 3.7 26.3 15:55 SW 08 13.7 19.2 16:38 8.2 23:58 4.7 0.1 4.5 5.1 27.8 06:50 WSW 09 11.6 19.0 13:21 5.0 04:58 6.7 0.0 0.3 4.3 26.3 13:32 SSW 10 12.6 19.5 16:33 7.4 02:43 5.7 0.0 1.2 6.1 91.9 06:12 N 11 13.1 20.5 16:49 3.1 03:51 5.3 0.2 0.6 6.0 91.9 16:42 SSE 12 16.4 21.0 16:56 14.1 05:45 2.0 0.2 7.5 8.3 91.9 01:12 NNE 13 15.0 19.2 17:47 10.7 05:47 3.3 0.0 0.3 3.4 18.0 16:27 WNW 14 16.4 19.0 14:06 14.4 03:53 1.9 0.0 0.3 12.4 91.9 03:28 SW 15 16.5 19.5 17:05 12.3 23:53 1.9 0.2 4.2 8.3 27.8 10:24 S 16 12.9 17.9 16:13 9.2 05:59 5.4 0.0 5.4 7.5 30.0 09:24 SW 17 13.4 17.0 18:02 10.6 07:07 4.9 0.0 1.5 8.2 91.9 11:49 SSW 18 18.6 24.8 17:32 15.0 06:09 1.3 1.6 3.0 9.9 49.4 21:45 S 19 17.3 20.7 18:31 14.7 06:51 1.4 0.4 1.8 4.5 27.8 00:00 WSW 20 17.1 20.8 15:41 12.7 23:55 1.6 0.4 0.0 2.9 22.8 17:09 WNW 21 17.3 24.2 18:54 12.6 00:06 2.4 1.4 0.3 5.4 25.2 14:34 S 22 16.1 19.2 16:44 10.9 23:47 2.2 0.0 1.8 4.7 26.3 00:18 SSW 23 12.1 17.2 15:25 9.3 23:47 6.2 0.0 3.0 5.3 36.1 14:10 W 24 11.0 16.0 14:09 7.2 23:56 7.3 0.0 3.0 5.0 42.2 13:58 WNW 25 12.1 20.1 15:29 5.5 06:32 6.2 0.1 0.3 3.3 22.8 21:48 WSW 26 13.0 17.8 15:23 10.0 05:00 5.3 0.0 16.2 6.7 32.4 11:58 SW 27 13.8 18.4 16:19 9.8 23:57 4.5 0.0 0.3 5.7 31.3 13:16 W 28 12.7 17.9 01:46 8.1 05:25 5.6 0.0 0.9 5.3 28.9 13:02 S 29 12.1 18.2 15:57 5.1 06:53 6.2 0.0 0.9 3.8 22.8 11:22 WNW 30 12.4 21.0 17:32 5.0 07:24 6.0 0.1 0.0 1.3 22.8 17:44 SSE 31 12.5 18.0 15:12 5.3 02:57 5.8 0.0 0.6 8.5 40.7 14:16 SSE ---------------------------------------------------------------------------------- 14.7 24.8 18 0.0 5 119.7 9.9 62.1 5.9 91.9 2 SW Max >= 27.0 0 Max <= 0.0 0 Min <= 0.0 1 Min <= -18.0 0 Max Rain: 16.2 on day 26 Days of Rain: 24 (>= 0.2 mm) 9 (>= 2.0 mm) 0 (>= 20.0 mm) Heat Base: 18.3 Cool Base: 18.3 Method: Integration