NOAA-Style Climate Reports
Select a Year or Month report
2024: Jan Feb Mar Apr May Jun Jul Aug Sep Oct Nov Dec
2023: Jan Feb Mar Apr May Jun Jul Aug Sep Oct Nov Dec
2022: Jan Feb Mar Apr May Jun Jul Aug Sep Oct Nov Dec
2021: Jan Feb Mar Apr May Jun Jul Aug Sep Oct Nov Dec
2020: Jan Feb Mar Apr May Jun Jul Aug Sep Oct Nov Dec
2019: Jan Feb Mar Apr May Jun Jul Aug Sep Oct Nov Dec
2018: Jan Feb Mar Apr May Jun Jul Aug Sep Oct Nov Dec
2017: Jan Feb Mar Apr May Jun Jul Aug Sep Oct Nov Dec
2016: Jan Feb Mar Apr May Jun Jul Aug Sep Oct Nov Dec
2015: Jan Feb Mar Apr May Jun Jul Aug Sep Oct Nov Dec
2014: Jan Feb Mar Apr May Jun Jul Aug Sep Oct Nov Dec
2013: Jan Feb Mar Apr May Jun Jul Aug Sep Oct Nov Dec
2012: Jan Feb Mar Apr May Jun Jul Aug Sep Oct Nov Dec
2011: Jan Feb Mar Apr May Jun Jul Aug Sep Oct Nov Dec
2010: Jan Feb Mar Apr May Jun Jul Aug Sep Oct Nov Dec
2009: Jan Feb Mar Apr May Jun Jul Aug Sep Oct Nov Dec
2008: Jan Feb Mar Apr May Jun Jul Aug Sep Oct Nov Dec
2024: Jan Feb Mar Apr May Jun Jul Aug Sep Oct Nov Dec
2023: Jan Feb Mar Apr May Jun Jul Aug Sep Oct Nov Dec
2022: Jan Feb Mar Apr May Jun Jul Aug Sep Oct Nov Dec
2021: Jan Feb Mar Apr May Jun Jul Aug Sep Oct Nov Dec
2020: Jan Feb Mar Apr May Jun Jul Aug Sep Oct Nov Dec
2019: Jan Feb Mar Apr May Jun Jul Aug Sep Oct Nov Dec
2018: Jan Feb Mar Apr May Jun Jul Aug Sep Oct Nov Dec
2017: Jan Feb Mar Apr May Jun Jul Aug Sep Oct Nov Dec
2016: Jan Feb Mar Apr May Jun Jul Aug Sep Oct Nov Dec
2015: Jan Feb Mar Apr May Jun Jul Aug Sep Oct Nov Dec
2014: Jan Feb Mar Apr May Jun Jul Aug Sep Oct Nov Dec
2013: Jan Feb Mar Apr May Jun Jul Aug Sep Oct Nov Dec
2012: Jan Feb Mar Apr May Jun Jul Aug Sep Oct Nov Dec
2011: Jan Feb Mar Apr May Jun Jul Aug Sep Oct Nov Dec
2010: Jan Feb Mar Apr May Jun Jul Aug Sep Oct Nov Dec
2009: Jan Feb Mar Apr May Jun Jul Aug Sep Oct Nov Dec
2008: Jan Feb Mar Apr May Jun Jul Aug Sep Oct Nov Dec
Report for 2018 September
Monthly Climatological Summary for Sep 2018 Name: Garrymore Weather City: Geashill State: Offaly Elevation: 80 m Lat: N 53° 10' 05" Lon: W 007° 21' 37" Temperature (°C), Rain (mm), Wind Speed (km/h) Heat Cool Avg Mean Deg Deg Wind Dom Day Temp High Time Low Time Days Days Rain Speed High Time Dir ---------------------------------------------------------------------------------- 01 17.6 24.5 16:30 13.0 06:54 2.1 1.4 0.3 2.5 20.6 23:56 S 02 16.2 21.6 13:12 11.6 23:52 2.5 0.4 1.8 7.4 28.9 09:48 S 03 11.8 17.8 17:57 6.5 07:30 6.5 0.0 0.3 5.3 91.9 01:32 N 04 10.2 16.2 13:51 3.3 05:09 8.1 0.0 0.0 2.8 20.6 13:44 N 05 12.6 18.7 17:20 5.0 05:29 5.7 0.0 0.3 2.2 21.7 18:21 W 06 11.7 16.8 04:28 6.1 23:49 6.6 0.0 7.8 3.1 22.8 12:05 NW 07 10.9 16.8 16:34 4.4 03:27 7.4 0.0 4.5 0.1 16.9 13:17 WNW 08 14.0 16.7 13:45 12.2 08:19 4.3 0.0 2.7 10.2 91.9 06:05 SSE 09 13.9 22.9 10:50 11.4 21:24 4.4 0.0 0.9 7.2 28.9 12:03 SW 10 12.6 15.6 22:06 10.2 06:42 5.7 0.0 3.0 12.1 91.9 18:12 SSW 11 12.4 16.2 14:18 10.0 23:58 5.9 0.0 6.9 8.9 91.9 00:00 W 12 11.5 16.6 16:54 7.2 06:32 6.8 0.0 0.6 29.9 92.6 05:14 S 13 11.6 16.2 12:52 6.5 06:57 6.7 0.0 0.0 6.4 28.9 10:03 SSW 14 12.3 17.4 14:03 10.3 02:55 6.0 0.0 1.5 11.1 91.9 07:36 S 15 13.1 16.5 15:12 10.1 02:57 5.2 0.0 2.1 10.1 46.9 23:46 S 16 14.3 18.6 16:41 6.0 14:50 4.0 0.0 9.0 11.4 91.9 07:58 SW 17 13.8 19.3 15:35 8.8 06:14 4.5 0.1 8.7 11.5 91.9 23:27 SSE 18 15.3 20.3 15:09 12.0 08:24 3.1 0.1 4.5 11.5 91.9 06:50 SSW 19 11.9 15.2 09:00 7.6 23:58 6.4 0.0 393.9 15.8 72.0 09:28 SSW 20 7.5 10.2 15:10 5.5 22:30 10.8 0.0 12.0 5.0 25.2 18:02 S 21 9.3 15.3 14:48 5.4 00:28 9.0 0.0 22.2 8.2 43.3 13:13 W 22 8.6 16.0 16:02 5.3 04:02 9.7 0.0 0.6 1.2 14.4 11:29 S 23 7.9 13.0 15:54 3.0 23:24 10.4 0.0 0.6 5.1 38.5 14:00 NW 24 7.2 16.5 15:33 -1.1 07:38 11.1 0.0 0.0 1.0 13.3 22:51 SSW 25 9.9 14.8 16:46 4.3 02:29 8.4 0.0 3.3 10.6 55.2 16:07 S 26 15.3 19.0 15:16 11.1 18:21 3.1 0.0 0.0 6.5 31.3 01:49 S 27 11.2 16.3 13:32 4.5 07:26 7.1 0.0 0.3 4.7 28.9 17:24 NW 28 7.7 16.9 17:10 1.2 07:53 10.6 0.0 0.3 2.8 91.9 06:24 N 29 7.1 15.1 13:18 -2.1 07:15 11.2 0.0 0.0 3.6 30.0 14:33 WSW 30 9.2 12.2 14:49 4.6 23:40 9.1 0.0 0.6 5.4 31.3 15:00 NW ---------------------------------------------------------------------------------- 11.6 24.5 1 -2.1 29 202.4 2.0 488.7 7.5 92.6 12 SSW Max >= 27.0 0 Max <= 0.0 0 Min <= 0.0 2 Min <= -18.0 0 Max Rain: 393.9 on day 19 Days of Rain: 25 (>= 0.2 mm) 13 (>= 2.0 mm) 2 (>= 20.0 mm) Heat Base: 18.3 Cool Base: 18.3 Method: Integration