NOAA-Style Climate Reports
Select a Year or Month report
2024: Jan Feb Mar Apr May Jun Jul Aug Sep Oct Nov Dec
2023: Jan Feb Mar Apr May Jun Jul Aug Sep Oct Nov Dec
2022: Jan Feb Mar Apr May Jun Jul Aug Sep Oct Nov Dec
2021: Jan Feb Mar Apr May Jun Jul Aug Sep Oct Nov Dec
2020: Jan Feb Mar Apr May Jun Jul Aug Sep Oct Nov Dec
2019: Jan Feb Mar Apr May Jun Jul Aug Sep Oct Nov Dec
2018: Jan Feb Mar Apr May Jun Jul Aug Sep Oct Nov Dec
2017: Jan Feb Mar Apr May Jun Jul Aug Sep Oct Nov Dec
2016: Jan Feb Mar Apr May Jun Jul Aug Sep Oct Nov Dec
2015: Jan Feb Mar Apr May Jun Jul Aug Sep Oct Nov Dec
2014: Jan Feb Mar Apr May Jun Jul Aug Sep Oct Nov Dec
2013: Jan Feb Mar Apr May Jun Jul Aug Sep Oct Nov Dec
2012: Jan Feb Mar Apr May Jun Jul Aug Sep Oct Nov Dec
2011: Jan Feb Mar Apr May Jun Jul Aug Sep Oct Nov Dec
2010: Jan Feb Mar Apr May Jun Jul Aug Sep Oct Nov Dec
2009: Jan Feb Mar Apr May Jun Jul Aug Sep Oct Nov Dec
2008: Jan Feb Mar Apr May Jun Jul Aug Sep Oct Nov Dec
2024: Jan Feb Mar Apr May Jun Jul Aug Sep Oct Nov Dec
2023: Jan Feb Mar Apr May Jun Jul Aug Sep Oct Nov Dec
2022: Jan Feb Mar Apr May Jun Jul Aug Sep Oct Nov Dec
2021: Jan Feb Mar Apr May Jun Jul Aug Sep Oct Nov Dec
2020: Jan Feb Mar Apr May Jun Jul Aug Sep Oct Nov Dec
2019: Jan Feb Mar Apr May Jun Jul Aug Sep Oct Nov Dec
2018: Jan Feb Mar Apr May Jun Jul Aug Sep Oct Nov Dec
2017: Jan Feb Mar Apr May Jun Jul Aug Sep Oct Nov Dec
2016: Jan Feb Mar Apr May Jun Jul Aug Sep Oct Nov Dec
2015: Jan Feb Mar Apr May Jun Jul Aug Sep Oct Nov Dec
2014: Jan Feb Mar Apr May Jun Jul Aug Sep Oct Nov Dec
2013: Jan Feb Mar Apr May Jun Jul Aug Sep Oct Nov Dec
2012: Jan Feb Mar Apr May Jun Jul Aug Sep Oct Nov Dec
2011: Jan Feb Mar Apr May Jun Jul Aug Sep Oct Nov Dec
2010: Jan Feb Mar Apr May Jun Jul Aug Sep Oct Nov Dec
2009: Jan Feb Mar Apr May Jun Jul Aug Sep Oct Nov Dec
2008: Jan Feb Mar Apr May Jun Jul Aug Sep Oct Nov Dec
Report for 2019 January
Monthly Climatological Summary for Jan 2019 Name: Garrymore Weather City: Geashill State: Offaly Elevation: 80 m Lat: N 53° 10' 05" Lon: W 007° 21' 37" Temperature (°C), Rain (mm), Wind Speed (km/h) Heat Cool Avg Mean Deg Deg Wind Dom Day Temp High Time Low Time Days Days Rain Speed High Time Dir ---------------------------------------------------------------------------------- 01 7.5 8.8 00:00 4.7 23:19 10.8 0.0 0.6 3.8 18.0 17:52 NW 02 5.1 8.6 21:50 3.7 07:02 13.2 0.0 0.3 2.3 15.6 12:33 SSE 03 5.4 8.4 23:59 4.7 04:46 12.9 0.0 0.3 2.8 33.5 23:59 SSE 04 4.5 8.6 00:00 2.9 18:19 13.8 0.0 0.3 2.0 33.5 00:00 SSE 05 4.3 7.5 22:17 -0.6 09:26 14.0 0.0 0.0 5.9 27.8 20:14 S 06 7.6 9.2 15:31 6.6 00:01 10.7 0.0 0.0 6.3 20.6 15:54 S 07 8.4 10.6 05:19 4.7 20:10 9.9 0.0 2.7 9.4 38.5 07:09 W 08 6.2 8.1 13:54 4.8 03:15 12.1 0.0 0.0 6.1 18.0 05:32 NW 09 6.4 8.2 14:09 5.2 07:39 11.9 0.0 1.5 0.7 8.3 00:11 NNW 10 8.3 10.1 12:43 6.4 00:00 10.0 0.0 0.3 1.7 10.7 12:48 NW 11 7.5 9.2 13:45 5.9 07:09 10.8 0.0 0.9 4.0 25.2 22:57 WNW 12 8.3 9.2 14:07 6.9 08:45 10.0 0.0 6.6 12.1 40.7 04:22 WNW 13 8.2 10.3 15:09 6.5 21:48 10.1 0.0 50.1 15.4 43.3 13:50 WNW 14 6.9 8.4 13:43 5.7 09:07 11.4 0.0 0.0 7.0 26.3 00:03 W 15 6.8 10.4 17:23 0.0 22:45 11.9 0.0 0.3 9.0 30.0 18:35 S 16 4.7 7.9 13:24 1.8 20:00 13.6 0.0 6.6 8.5 30.0 13:18 W 17 0.9 3.7 00:07 -1.9 08:07 17.4 0.0 0.3 4.6 30.0 00:47 NW 18 4.9 8.6 12:55 1.1 01:09 13.4 0.0 10.8 7.1 37.0 04:12 SSE 19 4.0 5.9 12:52 1.3 06:26 14.3 0.0 0.3 0.5 11.9 19:58 N 20 3.2 7.1 13:26 -1.4 23:37 15.1 0.0 0.3 4.9 28.9 10:34 NNW 21 0.8 4.9 16:32 -2.6 02:58 17.5 0.0 9.0 9.1 37.0 17:05 S 22 1.8 3.7 13:26 0.3 01:49 16.5 0.0 0.3 6.3 33.5 00:07 WNW 23 2.8 4.6 14:30 0.6 00:00 15.5 0.0 0.6 3.4 16.9 01:52 WNW 24 7.8 9.3 12:58 4.1 00:00 10.5 0.0 1.5 7.3 31.3 14:21 WNW 25 8.6 9.8 13:47 7.2 22:42 9.7 0.0 0.3 8.1 33.5 15:05 W 26 7.2 9.2 13:15 4.1 23:42 11.1 0.0 55.8 14.5 60.2 22:38 WSW 27 2.3 5.0 12:48 0.1 20:07 16.0 0.0 4.2 11.8 48.0 00:29 NW 28 2.2 5.6 12:51 -0.2 08:25 16.1 0.0 0.3 3.7 19.1 12:52 WNW 29 1.6 3.6 13:47 -0.3 20:06 16.7 0.0 2.7 9.4 35.0 11:15 W 30 0.0 4.3 10:32 -4.1 21:13 18.3 0.0 0.0 3.5 22.8 01:02 WNW 31 0.0 2.3 12:29 -4.2 02:20 18.3 0.0 6.3 7.0 35.0 10:55 E ---------------------------------------------------------------------------------- 5.0 10.6 7 -4.2 31 413.5 0.0 163.2 6.4 60.2 26 W Max >= 27.0 0 Max <= 0.0 0 Min <= 0.0 9 Min <= -18.0 0 Max Rain: 55.8 on day 26 Days of Rain: 26 (>= 0.2 mm) 10 (>= 2.0 mm) 2 (>= 20.0 mm) Heat Base: 18.3 Cool Base: 18.3 Method: Integration