NOAA-Style Climate Reports
Select a Year or Month report
2024: Jan Feb Mar Apr May Jun Jul Aug Sep Oct Nov Dec
2023: Jan Feb Mar Apr May Jun Jul Aug Sep Oct Nov Dec
2022: Jan Feb Mar Apr May Jun Jul Aug Sep Oct Nov Dec
2021: Jan Feb Mar Apr May Jun Jul Aug Sep Oct Nov Dec
2020: Jan Feb Mar Apr May Jun Jul Aug Sep Oct Nov Dec
2019: Jan Feb Mar Apr May Jun Jul Aug Sep Oct Nov Dec
2018: Jan Feb Mar Apr May Jun Jul Aug Sep Oct Nov Dec
2017: Jan Feb Mar Apr May Jun Jul Aug Sep Oct Nov Dec
2016: Jan Feb Mar Apr May Jun Jul Aug Sep Oct Nov Dec
2015: Jan Feb Mar Apr May Jun Jul Aug Sep Oct Nov Dec
2014: Jan Feb Mar Apr May Jun Jul Aug Sep Oct Nov Dec
2013: Jan Feb Mar Apr May Jun Jul Aug Sep Oct Nov Dec
2012: Jan Feb Mar Apr May Jun Jul Aug Sep Oct Nov Dec
2011: Jan Feb Mar Apr May Jun Jul Aug Sep Oct Nov Dec
2010: Jan Feb Mar Apr May Jun Jul Aug Sep Oct Nov Dec
2009: Jan Feb Mar Apr May Jun Jul Aug Sep Oct Nov Dec
2008: Jan Feb Mar Apr May Jun Jul Aug Sep Oct Nov Dec
2024: Jan Feb Mar Apr May Jun Jul Aug Sep Oct Nov Dec
2023: Jan Feb Mar Apr May Jun Jul Aug Sep Oct Nov Dec
2022: Jan Feb Mar Apr May Jun Jul Aug Sep Oct Nov Dec
2021: Jan Feb Mar Apr May Jun Jul Aug Sep Oct Nov Dec
2020: Jan Feb Mar Apr May Jun Jul Aug Sep Oct Nov Dec
2019: Jan Feb Mar Apr May Jun Jul Aug Sep Oct Nov Dec
2018: Jan Feb Mar Apr May Jun Jul Aug Sep Oct Nov Dec
2017: Jan Feb Mar Apr May Jun Jul Aug Sep Oct Nov Dec
2016: Jan Feb Mar Apr May Jun Jul Aug Sep Oct Nov Dec
2015: Jan Feb Mar Apr May Jun Jul Aug Sep Oct Nov Dec
2014: Jan Feb Mar Apr May Jun Jul Aug Sep Oct Nov Dec
2013: Jan Feb Mar Apr May Jun Jul Aug Sep Oct Nov Dec
2012: Jan Feb Mar Apr May Jun Jul Aug Sep Oct Nov Dec
2011: Jan Feb Mar Apr May Jun Jul Aug Sep Oct Nov Dec
2010: Jan Feb Mar Apr May Jun Jul Aug Sep Oct Nov Dec
2009: Jan Feb Mar Apr May Jun Jul Aug Sep Oct Nov Dec
2008: Jan Feb Mar Apr May Jun Jul Aug Sep Oct Nov Dec
Report for 2019 February
Monthly Climatological Summary for Feb 2019 Name: Garrymore Weather City: Geashill State: Offaly Elevation: 80 m Lat: N 53° 10' 05" Lon: W 007° 21' 37" Temperature (°C), Rain (mm), Wind Speed (km/h) Heat Cool Avg Mean Deg Deg Wind Dom Day Temp High Time Low Time Days Days Rain Speed High Time Dir ---------------------------------------------------------------------------------- 01 0.0 3.5 14:48 -2.5 21:54 18.3 0.0 0.0 8.7 30.0 13:02 N 02 -0.5 5.1 15:39 -3.8 08:08 18.8 0.0 0.0 5.3 21.7 13:17 NW 03 3.5 7.4 23:27 -2.3 00:49 14.8 0.0 3.0 11.6 48.0 22:57 S 04 5.3 9.2 15:26 -2.4 23:15 13.0 0.0 0.3 5.0 33.5 00:21 WNW 05 6.1 11.6 15:10 -2.0 00:05 12.2 0.0 6.0 9.9 40.7 14:39 S 06 5.2 10.8 13:56 0.3 05:48 13.1 0.0 12.6 8.6 40.7 23:51 S 07 4.6 7.6 11:54 0.1 00:44 13.7 0.0 46.2 12.3 50.4 01:01 SW 08 7.5 9.2 05:42 4.7 20:08 10.8 0.0 209.4 22.4 64.8 07:59 SSW 09 5.2 8.8 12:07 1.5 21:22 13.1 0.0 130.5 10.5 58.7 01:50 WSW 10 3.8 7.3 14:50 0.3 07:38 14.5 0.0 77.7 11.9 49.4 18:51 WNW 11 5.6 9.8 15:09 2.6 07:41 12.7 0.0 0.0 5.2 22.8 15:25 SW 12 9.3 11.4 16:18 5.3 00:00 9.0 0.0 0.0 14.9 44.3 04:44 S 13 9.1 10.3 15:09 8.4 19:57 8.4 0.0 0.0 17.0 45.7 11:25 S 14 8.1 10.5 13:27 4.9 23:41 6.0 0.0 0.0 14.9 48.0 11:00 SSE 15 8.6 12.8 13:19 4.7 00:48 9.7 0.0 10.2 16.3 57.6 18:44 S 16 8.5 10.8 13:56 4.3 07:39 9.8 0.0 0.9 12.7 44.3 22:55 S 17 8.6 10.9 13:51 6.1 23:40 9.7 0.0 29.1 21.9 56.7 00:22 S 18 6.2 9.6 15:26 2.3 07:00 12.1 0.0 0.3 10.5 42.2 11:53 SSW 19 5.7 9.5 23:10 1.2 03:59 12.6 0.0 14.4 14.7 49.4 21:56 S 20 10.4 12.2 13:27 5.9 23:01 7.9 0.0 17.7 19.7 60.2 03:45 S 21 10.9 13.0 13:21 9.7 22:44 7.4 0.0 33.9 19.6 62.4 14:34 S 22 11.3 14.5 15:13 9.0 23:52 7.0 0.0 30.6 18.9 58.7 16:07 SSE 23 9.2 13.8 13:02 0.8 23:28 9.1 0.0 5.1 10.0 44.3 00:28 S 24 6.7 10.3 14:23 0.4 02:40 11.6 0.0 0.3 5.9 31.3 16:20 SSE 25 8.9 14.6 14:33 5.2 06:41 9.4 0.0 0.0 7.8 36.1 17:00 S 26 7.8 16.1 15:13 1.3 07:35 10.5 0.0 0.0 2.4 18.0 00:45 SSE 27 6.6 14.2 16:42 1.3 01:12 11.7 0.0 0.0 5.2 26.3 22:59 S 28 8.2 12.8 13:20 5.3 00:49 10.1 0.0 0.0 5.1 27.8 00:34 SW ---------------------------------------------------------------------------------- 6.8 16.1 26 -3.8 2 317.0 0.0 628.2 11.7 64.8 8 S Max >= 27.0 0 Max <= 0.0 0 Min <= 0.0 5 Min <= -18.0 0 Max Rain: 209.4 on day 8 Days of Rain: 18 (>= 0.2 mm) 14 (>= 2.0 mm) 7 (>= 20.0 mm) Heat Base: 18.3 Cool Base: 18.3 Method: Integration