NOAA-Style Climate Reports
Select a Year or Month report
2024: Jan Feb Mar Apr May Jun Jul Aug Sep Oct Nov Dec
2023: Jan Feb Mar Apr May Jun Jul Aug Sep Oct Nov Dec
2022: Jan Feb Mar Apr May Jun Jul Aug Sep Oct Nov Dec
2021: Jan Feb Mar Apr May Jun Jul Aug Sep Oct Nov Dec
2020: Jan Feb Mar Apr May Jun Jul Aug Sep Oct Nov Dec
2019: Jan Feb Mar Apr May Jun Jul Aug Sep Oct Nov Dec
2018: Jan Feb Mar Apr May Jun Jul Aug Sep Oct Nov Dec
2017: Jan Feb Mar Apr May Jun Jul Aug Sep Oct Nov Dec
2016: Jan Feb Mar Apr May Jun Jul Aug Sep Oct Nov Dec
2015: Jan Feb Mar Apr May Jun Jul Aug Sep Oct Nov Dec
2014: Jan Feb Mar Apr May Jun Jul Aug Sep Oct Nov Dec
2013: Jan Feb Mar Apr May Jun Jul Aug Sep Oct Nov Dec
2012: Jan Feb Mar Apr May Jun Jul Aug Sep Oct Nov Dec
2011: Jan Feb Mar Apr May Jun Jul Aug Sep Oct Nov Dec
2010: Jan Feb Mar Apr May Jun Jul Aug Sep Oct Nov Dec
2009: Jan Feb Mar Apr May Jun Jul Aug Sep Oct Nov Dec
2008: Jan Feb Mar Apr May Jun Jul Aug Sep Oct Nov Dec
2024: Jan Feb Mar Apr May Jun Jul Aug Sep Oct Nov Dec
2023: Jan Feb Mar Apr May Jun Jul Aug Sep Oct Nov Dec
2022: Jan Feb Mar Apr May Jun Jul Aug Sep Oct Nov Dec
2021: Jan Feb Mar Apr May Jun Jul Aug Sep Oct Nov Dec
2020: Jan Feb Mar Apr May Jun Jul Aug Sep Oct Nov Dec
2019: Jan Feb Mar Apr May Jun Jul Aug Sep Oct Nov Dec
2018: Jan Feb Mar Apr May Jun Jul Aug Sep Oct Nov Dec
2017: Jan Feb Mar Apr May Jun Jul Aug Sep Oct Nov Dec
2016: Jan Feb Mar Apr May Jun Jul Aug Sep Oct Nov Dec
2015: Jan Feb Mar Apr May Jun Jul Aug Sep Oct Nov Dec
2014: Jan Feb Mar Apr May Jun Jul Aug Sep Oct Nov Dec
2013: Jan Feb Mar Apr May Jun Jul Aug Sep Oct Nov Dec
2012: Jan Feb Mar Apr May Jun Jul Aug Sep Oct Nov Dec
2011: Jan Feb Mar Apr May Jun Jul Aug Sep Oct Nov Dec
2010: Jan Feb Mar Apr May Jun Jul Aug Sep Oct Nov Dec
2009: Jan Feb Mar Apr May Jun Jul Aug Sep Oct Nov Dec
2008: Jan Feb Mar Apr May Jun Jul Aug Sep Oct Nov Dec
Report for 2019 April
Monthly Climatological Summary for Apr 2019 Name: Garrymore Weather City: Geashill State: Offaly Elevation: 80 m Lat: N 53° 10' 05" Lon: W 007° 21' 37" Temperature (°C), Rain (mm), Wind Speed (km/h) Heat Cool Avg Mean Deg Deg Wind Dom Day Temp High Time Low Time Days Days Rain Speed High Time Dir ---------------------------------------------------------------------------------- 01 6.4 12.5 14:13 0.9 00:30 11.9 0.0 1.8 6.1 32.4 15:33 WSW 02 3.0 6.5 14:23 0.5 04:55 15.3 0.0 10.2 11.5 40.7 11:23 NW 03 3.5 7.5 14:03 0.3 03:20 14.8 0.0 18.0 15.3 48.0 16:07 NW 04 3.5 7.4 16:26 1.1 04:29 14.8 0.0 24.3 13.5 42.2 14:56 NNE 05 5.4 11.2 17:01 -0.9 06:44 12.9 0.0 28.2 4.3 24.1 23:39 ESE 06 7.8 14.1 17:25 1.3 23:59 10.5 0.0 1.8 5.5 22.8 00:15 ENE 07 5.2 14.6 15:09 -1.7 04:27 13.1 0.0 0.0 4.4 25.2 16:03 ENE 08 7.5 10.4 17:23 4.2 01:36 10.8 0.0 1.2 4.5 21.7 15:13 ENE 09 7.9 12.9 14:55 3.1 23:48 10.4 0.0 0.9 5.5 25.2 11:11 ENE 10 6.7 12.4 17:28 0.7 06:20 11.6 0.0 0.0 3.1 14.4 04:08 ENE 11 7.6 13.2 15:12 4.6 06:45 10.7 0.0 0.0 6.1 22.8 13:02 S 12 5.3 9.7 15:12 -0.9 05:40 13.0 0.0 0.0 5.7 91.9 20:38 SE 13 6.5 10.9 15:10 2.8 01:56 11.8 0.0 102.3 16.2 91.9 19:46 SE 14 4.4 5.3 23:38 3.5 09:38 13.9 0.0 22.8 10.8 46.9 00:19 SE 15 5.5 8.0 17:22 3.5 03:35 12.8 0.0 32.7 13.2 48.0 16:47 SE 16 9.8 15.9 15:30 6.6 00:00 8.5 0.0 0.0 4.5 22.8 16:29 SE 17 9.9 15.7 15:59 6.9 05:29 8.4 0.0 0.0 5.8 26.3 11:49 SE 18 11.7 19.0 15:59 3.9 06:35 6.6 0.1 0.0 4.1 30.0 13:40 ESE 19 13.1 21.1 14:49 4.1 06:54 5.7 0.5 0.0 4.2 25.2 16:15 SSE 20 14.0 22.0 14:49 4.6 06:55 5.1 0.8 0.0 2.7 20.6 15:42 SSW 21 13.3 20.6 16:36 6.5 06:48 5.3 0.3 0.0 9.1 37.0 15:47 S 22 12.5 20.8 15:10 4.3 06:37 6.1 0.2 0.0 7.7 32.4 15:15 SSE 23 13.8 21.2 13:59 8.6 06:07 5.0 0.5 0.0 4.4 32.4 15:05 SE 24 10.6 13.4 12:50 8.0 23:43 7.7 0.0 7.2 4.0 24.1 21:40 SE 25 9.2 15.3 15:52 4.1 04:29 9.1 0.0 0.0 2.7 18.0 23:53 E 26 8.0 10.8 18:25 5.4 22:02 10.3 0.0 101.4 14.3 61.3 19:26 SSW 27 6.9 10.7 16:40 4.6 05:38 11.4 0.0 554.4 19.8 60.2 01:12 NW 28 9.1 15.7 17:12 5.5 00:00 9.2 0.0 0.3 6.6 25.2 13:02 S 29 10.5 13.7 14:03 8.6 06:28 7.8 0.0 0.3 7.6 32.4 15:49 SSE 30 10.7 17.0 18:17 6.5 23:57 7.6 0.0 8.4 5.8 31.3 01:09 S ---------------------------------------------------------------------------------- 8.3 22.0 20 -1.7 7 302.1 2.4 916.2 7.6 91.9 12 SE Max >= 27.0 0 Max <= 0.0 0 Min <= 0.0 3 Min <= -18.0 0 Max Rain: 554.4 on day 27 Days of Rain: 17 (>= 0.2 mm) 11 (>= 2.0 mm) 7 (>= 20.0 mm) Heat Base: 18.3 Cool Base: 18.3 Method: Integration