NOAA-Style Climate Reports
Select a Year or Month report
2024: Jan Feb Mar Apr May Jun Jul Aug Sep Oct Nov Dec
2023: Jan Feb Mar Apr May Jun Jul Aug Sep Oct Nov Dec
2022: Jan Feb Mar Apr May Jun Jul Aug Sep Oct Nov Dec
2021: Jan Feb Mar Apr May Jun Jul Aug Sep Oct Nov Dec
2020: Jan Feb Mar Apr May Jun Jul Aug Sep Oct Nov Dec
2019: Jan Feb Mar Apr May Jun Jul Aug Sep Oct Nov Dec
2018: Jan Feb Mar Apr May Jun Jul Aug Sep Oct Nov Dec
2017: Jan Feb Mar Apr May Jun Jul Aug Sep Oct Nov Dec
2016: Jan Feb Mar Apr May Jun Jul Aug Sep Oct Nov Dec
2015: Jan Feb Mar Apr May Jun Jul Aug Sep Oct Nov Dec
2014: Jan Feb Mar Apr May Jun Jul Aug Sep Oct Nov Dec
2013: Jan Feb Mar Apr May Jun Jul Aug Sep Oct Nov Dec
2012: Jan Feb Mar Apr May Jun Jul Aug Sep Oct Nov Dec
2011: Jan Feb Mar Apr May Jun Jul Aug Sep Oct Nov Dec
2010: Jan Feb Mar Apr May Jun Jul Aug Sep Oct Nov Dec
2009: Jan Feb Mar Apr May Jun Jul Aug Sep Oct Nov Dec
2008: Jan Feb Mar Apr May Jun Jul Aug Sep Oct Nov Dec
2024: Jan Feb Mar Apr May Jun Jul Aug Sep Oct Nov Dec
2023: Jan Feb Mar Apr May Jun Jul Aug Sep Oct Nov Dec
2022: Jan Feb Mar Apr May Jun Jul Aug Sep Oct Nov Dec
2021: Jan Feb Mar Apr May Jun Jul Aug Sep Oct Nov Dec
2020: Jan Feb Mar Apr May Jun Jul Aug Sep Oct Nov Dec
2019: Jan Feb Mar Apr May Jun Jul Aug Sep Oct Nov Dec
2018: Jan Feb Mar Apr May Jun Jul Aug Sep Oct Nov Dec
2017: Jan Feb Mar Apr May Jun Jul Aug Sep Oct Nov Dec
2016: Jan Feb Mar Apr May Jun Jul Aug Sep Oct Nov Dec
2015: Jan Feb Mar Apr May Jun Jul Aug Sep Oct Nov Dec
2014: Jan Feb Mar Apr May Jun Jul Aug Sep Oct Nov Dec
2013: Jan Feb Mar Apr May Jun Jul Aug Sep Oct Nov Dec
2012: Jan Feb Mar Apr May Jun Jul Aug Sep Oct Nov Dec
2011: Jan Feb Mar Apr May Jun Jul Aug Sep Oct Nov Dec
2010: Jan Feb Mar Apr May Jun Jul Aug Sep Oct Nov Dec
2009: Jan Feb Mar Apr May Jun Jul Aug Sep Oct Nov Dec
2008: Jan Feb Mar Apr May Jun Jul Aug Sep Oct Nov Dec
Report for 2019 August
Monthly Climatological Summary for Aug 2019 Name: Garrymore Weather City: Geashill State: Offaly Elevation: 80 m Lat: N 53° 10' 05" Lon: W 007° 21' 37" Temperature (°C), Rain (mm), Wind Speed (km/h) Heat Cool Avg Mean Deg Deg Wind Dom Day Temp High Time Low Time Days Days Rain Speed High Time Dir ---------------------------------------------------------------------------------- 01 16.8 23.4 14:24 12.0 00:56 2.8 1.3 0.0 2.0 13.3 11:44 NNW 02 18.0 26.3 13:14 10.0 04:51 2.7 2.4 0.0 3.0 26.3 19:01 SSE 03 16.3 23.6 13:09 13.2 06:38 2.2 0.2 1.5 5.8 91.9 09:00 SSE 04 15.8 21.4 14:50 12.1 23:50 2.8 0.3 4.2 9.1 42.2 15:34 S 05 14.8 21.1 16:27 9.7 05:55 3.8 0.2 0.6 10.2 40.7 16:17 S 06 15.1 19.3 15:14 12.9 03:59 3.2 0.0 5.4 9.3 91.9 23:57 SSW 07 16.1 22.5 16:09 12.4 03:52 2.5 0.3 2.1 17.9 91.9 00:00 NW 08 15.9 24.3 13:53 8.4 06:30 3.6 1.2 2.7 13.3 91.9 02:27 ENE 09 16.3 20.4 13:16 13.5 00:00 2.1 0.1 23.4 8.7 91.9 10:04 SSE 10 16.0 18.0 16:50 13.5 23:46 2.3 0.0 5.1 9.0 91.9 21:20 SW 11 13.5 18.0 14:12 10.1 23:43 4.8 0.0 2.7 11.2 91.9 09:05 NW 12 11.6 18.1 13:24 5.2 06:44 6.7 0.0 2.4 3.4 22.8 14:08 W 13 11.7 17.5 15:09 4.0 06:37 6.6 0.0 1.8 4.2 25.2 13:29 S 14 15.8 19.5 15:36 13.0 00:32 2.6 0.1 10.2 5.8 38.5 16:03 WSW 15 16.0 21.6 17:10 11.4 06:47 2.8 0.4 0.0 10.6 91.9 04:39 W 16 16.1 21.9 08:29 13.2 05:14 2.6 0.4 15.3 11.2 48.0 05:28 S 17 14.2 18.9 15:49 11.0 07:20 4.1 0.0 4.5 9.9 37.0 11:13 SSW 18 13.0 18.8 17:59 9.5 04:20 5.3 0.0 7.2 8.3 37.0 10:59 SSW 19 13.0 17.4 14:21 9.6 02:24 5.3 0.0 3.6 5.7 31.3 16:03 W 20 11.5 17.6 15:27 5.2 06:33 6.8 0.0 6.0 4.9 25.2 10:44 S 21 12.6 14.7 15:16 10.0 05:24 5.7 0.0 13.2 10.9 43.3 17:32 S 22 16.3 20.1 17:44 12.9 00:00 2.1 0.2 0.3 8.5 35.0 10:39 SSW 23 16.2 20.5 15:26 13.5 06:35 2.3 0.2 0.0 11.5 42.2 15:27 S 24 17.4 25.0 13:50 11.4 06:19 2.5 1.6 0.0 5.1 27.8 13:34 S 25 16.9 23.0 16:04 11.7 23:53 2.0 0.6 0.0 5.0 20.6 13:17 WNW 26 13.6 20.8 17:33 5.9 06:44 5.0 0.4 0.0 4.5 25.2 15:17 S 27 14.4 17.0 13:26 10.8 01:01 3.9 0.0 0.0 8.8 38.5 23:28 S 28 14.4 18.6 15:38 9.8 07:23 3.9 0.0 0.0 6.4 30.0 03:52 SSW 29 14.1 18.4 13:53 7.8 10:07 4.2 0.0 0.0 11.3 44.3 16:10 S 30 16.0 18.5 17:05 14.4 00:00 2.3 0.0 0.0 14.0 42.2 16:09 S 31 13.6 16.8 14:49 9.7 23:49 4.7 0.0 77.4 10.1 44.3 00:49 SW ---------------------------------------------------------------------------------- 14.9 26.3 2 4.0 13 114.2 9.9 189.6 8.4 91.9 3 SSW Max >= 27.0 0 Max <= 0.0 0 Min <= 0.0 0 Min <= -18.0 0 Max Rain: 77.4 on day 31 Days of Rain: 20 (>= 0.2 mm) 16 (>= 2.0 mm) 2 (>= 20.0 mm) Heat Base: 18.3 Cool Base: 18.3 Method: Integration