NOAA-Style Climate Reports
Select a Year or Month report
2024: Jan Feb Mar Apr May Jun Jul Aug Sep Oct Nov Dec
2023: Jan Feb Mar Apr May Jun Jul Aug Sep Oct Nov Dec
2022: Jan Feb Mar Apr May Jun Jul Aug Sep Oct Nov Dec
2021: Jan Feb Mar Apr May Jun Jul Aug Sep Oct Nov Dec
2020: Jan Feb Mar Apr May Jun Jul Aug Sep Oct Nov Dec
2019: Jan Feb Mar Apr May Jun Jul Aug Sep Oct Nov Dec
2018: Jan Feb Mar Apr May Jun Jul Aug Sep Oct Nov Dec
2017: Jan Feb Mar Apr May Jun Jul Aug Sep Oct Nov Dec
2016: Jan Feb Mar Apr May Jun Jul Aug Sep Oct Nov Dec
2015: Jan Feb Mar Apr May Jun Jul Aug Sep Oct Nov Dec
2014: Jan Feb Mar Apr May Jun Jul Aug Sep Oct Nov Dec
2013: Jan Feb Mar Apr May Jun Jul Aug Sep Oct Nov Dec
2012: Jan Feb Mar Apr May Jun Jul Aug Sep Oct Nov Dec
2011: Jan Feb Mar Apr May Jun Jul Aug Sep Oct Nov Dec
2010: Jan Feb Mar Apr May Jun Jul Aug Sep Oct Nov Dec
2009: Jan Feb Mar Apr May Jun Jul Aug Sep Oct Nov Dec
2008: Jan Feb Mar Apr May Jun Jul Aug Sep Oct Nov Dec
2024: Jan Feb Mar Apr May Jun Jul Aug Sep Oct Nov Dec
2023: Jan Feb Mar Apr May Jun Jul Aug Sep Oct Nov Dec
2022: Jan Feb Mar Apr May Jun Jul Aug Sep Oct Nov Dec
2021: Jan Feb Mar Apr May Jun Jul Aug Sep Oct Nov Dec
2020: Jan Feb Mar Apr May Jun Jul Aug Sep Oct Nov Dec
2019: Jan Feb Mar Apr May Jun Jul Aug Sep Oct Nov Dec
2018: Jan Feb Mar Apr May Jun Jul Aug Sep Oct Nov Dec
2017: Jan Feb Mar Apr May Jun Jul Aug Sep Oct Nov Dec
2016: Jan Feb Mar Apr May Jun Jul Aug Sep Oct Nov Dec
2015: Jan Feb Mar Apr May Jun Jul Aug Sep Oct Nov Dec
2014: Jan Feb Mar Apr May Jun Jul Aug Sep Oct Nov Dec
2013: Jan Feb Mar Apr May Jun Jul Aug Sep Oct Nov Dec
2012: Jan Feb Mar Apr May Jun Jul Aug Sep Oct Nov Dec
2011: Jan Feb Mar Apr May Jun Jul Aug Sep Oct Nov Dec
2010: Jan Feb Mar Apr May Jun Jul Aug Sep Oct Nov Dec
2009: Jan Feb Mar Apr May Jun Jul Aug Sep Oct Nov Dec
2008: Jan Feb Mar Apr May Jun Jul Aug Sep Oct Nov Dec
Report for 2020 May
Monthly Climatological Summary for May 2020 Name: Garrymore Weather City: Geashill State: Offaly Elevation: 80 m Lat: N 53° 10' 05" Lon: W 007° 21' 37" Temperature (°C), Rain (mm), Wind Speed (km/h) Heat Cool Avg Mean Deg Deg Wind Dom Day Temp High Time Low Time Days Days Rain Speed High Time Dir ---------------------------------------------------------------------------------- 01 7.3 13.2 15:23 3.0 06:18 11.0 0.0 9.0 6.7 34.3 13:12 WNW 02 10.0 19.0 16:33 2.8 05:16 8.3 0.0 0.0 4.6 20.9 02:05 WNW 03 12.0 19.9 15:44 3.5 06:34 6.5 0.2 0.0 2.7 19.4 12:57 ENE 04 11.0 19.6 16:24 2.0 06:44 7.4 0.1 0.0 4.5 24.4 11:56 ENE 05 11.6 18.0 13:57 5.6 06:04 6.7 0.0 0.0 5.2 29.6 14:12 ESE 06 12.1 18.5 15:01 5.6 05:14 6.2 0.0 0.0 5.5 34.3 13:38 SE 07 12.6 18.6 17:29 6.7 06:06 5.7 0.0 0.6 7.9 36.7 11:59 S 08 14.4 21.3 16:41 6.5 06:05 4.5 0.6 0.0 3.9 20.9 16:11 S 09 15.6 25.7 15:07 5.2 05:16 4.5 1.8 0.0 1.7 17.2 15:38 NE 10 10.0 13.3 00:00 3.0 23:58 8.3 0.0 2.7 9.0 37.8 15:37 NE 11 7.0 14.1 18:14 0.9 04:41 11.3 0.0 0.3 6.4 37.8 12:37 NE 12 6.6 14.0 15:17 -2.3 05:50 11.7 0.0 0.0 3.6 23.3 12:11 NNW 13 7.6 14.2 17:38 1.1 23:56 10.7 0.0 0.0 4.9 25.6 14:59 NE 14 8.0 16.3 16:46 -2.5 05:33 10.3 0.0 0.0 3.6 24.4 15:45 NNE 15 9.5 14.6 14:59 4.4 04:38 8.8 0.0 0.0 3.0 17.2 10:02 NW 16 11.3 16.4 15:58 5.9 05:01 7.0 0.0 0.0 3.7 24.4 18:19 W 17 12.2 18.7 17:11 8.3 04:58 6.1 0.0 0.0 6.9 27.0 17:30 S 18 13.3 19.1 16:27 9.9 04:32 5.1 0.0 0.6 10.5 35.7 17:33 SSW 19 16.1 24.6 16:55 12.3 04:58 3.1 0.9 0.0 7.5 23.3 19:27 S 20 14.2 20.3 15:16 9.4 03:21 4.3 0.3 1.8 11.8 37.8 17:35 S 21 13.4 19.8 14:34 7.4 06:07 5.0 0.1 6.3 6.1 36.7 17:22 S 22 11.7 15.6 14:15 8.6 23:55 6.6 0.0 292.2 18.2 70.9 13:15 SSW 23 11.2 15.0 14:23 8.4 05:09 7.1 0.0 48.6 13.1 49.1 14:23 SW 24 14.8 20.9 16:10 9.3 23:59 4.0 0.5 0.3 7.2 29.6 01:01 W 25 12.2 19.0 14:06 5.6 05:09 6.1 0.0 2.1 10.2 43.0 14:21 S 26 16.3 22.6 16:09 10.9 06:37 2.8 0.9 0.0 3.3 18.3 12:46 NW 27 17.1 25.5 15:16 8.7 05:55 3.2 2.0 0.0 1.6 17.2 15:15 SSW 28 17.7 25.4 14:52 8.4 05:43 2.9 2.2 0.0 5.2 30.6 17:59 SSE 29 17.0 23.8 15:18 9.9 04:46 2.8 1.5 0.6 7.7 40.4 13:25 SSE 30 16.8 24.5 14:35 7.0 04:47 3.7 2.1 0.0 4.9 33.2 13:04 SSE 31 17.3 25.7 13:15 6.4 05:20 3.6 2.7 0.3 3.0 71.3 17:13 SE ---------------------------------------------------------------------------------- 12.5 25.7 9 -2.5 14 195.3 15.9 365.4 6.3 71.3 31 S Max >= 27.0 0 Max <= 0.0 0 Min <= 0.0 2 Min <= -18.0 0 Max Rain: 292.2 on day 22 Days of Rain: 13 (>= 0.2 mm) 6 (>= 2.0 mm) 2 (>= 20.0 mm) Heat Base: 18.3 Cool Base: 18.3 Method: Integration