NOAA-Style Climate Reports
Select a Year or Month report
2024: Jan Feb Mar Apr May Jun Jul Aug Sep Oct Nov Dec
2023: Jan Feb Mar Apr May Jun Jul Aug Sep Oct Nov Dec
2022: Jan Feb Mar Apr May Jun Jul Aug Sep Oct Nov Dec
2021: Jan Feb Mar Apr May Jun Jul Aug Sep Oct Nov Dec
2020: Jan Feb Mar Apr May Jun Jul Aug Sep Oct Nov Dec
2019: Jan Feb Mar Apr May Jun Jul Aug Sep Oct Nov Dec
2018: Jan Feb Mar Apr May Jun Jul Aug Sep Oct Nov Dec
2017: Jan Feb Mar Apr May Jun Jul Aug Sep Oct Nov Dec
2016: Jan Feb Mar Apr May Jun Jul Aug Sep Oct Nov Dec
2015: Jan Feb Mar Apr May Jun Jul Aug Sep Oct Nov Dec
2014: Jan Feb Mar Apr May Jun Jul Aug Sep Oct Nov Dec
2013: Jan Feb Mar Apr May Jun Jul Aug Sep Oct Nov Dec
2012: Jan Feb Mar Apr May Jun Jul Aug Sep Oct Nov Dec
2011: Jan Feb Mar Apr May Jun Jul Aug Sep Oct Nov Dec
2010: Jan Feb Mar Apr May Jun Jul Aug Sep Oct Nov Dec
2009: Jan Feb Mar Apr May Jun Jul Aug Sep Oct Nov Dec
2008: Jan Feb Mar Apr May Jun Jul Aug Sep Oct Nov Dec
2024: Jan Feb Mar Apr May Jun Jul Aug Sep Oct Nov Dec
2023: Jan Feb Mar Apr May Jun Jul Aug Sep Oct Nov Dec
2022: Jan Feb Mar Apr May Jun Jul Aug Sep Oct Nov Dec
2021: Jan Feb Mar Apr May Jun Jul Aug Sep Oct Nov Dec
2020: Jan Feb Mar Apr May Jun Jul Aug Sep Oct Nov Dec
2019: Jan Feb Mar Apr May Jun Jul Aug Sep Oct Nov Dec
2018: Jan Feb Mar Apr May Jun Jul Aug Sep Oct Nov Dec
2017: Jan Feb Mar Apr May Jun Jul Aug Sep Oct Nov Dec
2016: Jan Feb Mar Apr May Jun Jul Aug Sep Oct Nov Dec
2015: Jan Feb Mar Apr May Jun Jul Aug Sep Oct Nov Dec
2014: Jan Feb Mar Apr May Jun Jul Aug Sep Oct Nov Dec
2013: Jan Feb Mar Apr May Jun Jul Aug Sep Oct Nov Dec
2012: Jan Feb Mar Apr May Jun Jul Aug Sep Oct Nov Dec
2011: Jan Feb Mar Apr May Jun Jul Aug Sep Oct Nov Dec
2010: Jan Feb Mar Apr May Jun Jul Aug Sep Oct Nov Dec
2009: Jan Feb Mar Apr May Jun Jul Aug Sep Oct Nov Dec
2008: Jan Feb Mar Apr May Jun Jul Aug Sep Oct Nov Dec
Report for 2020 June
Monthly Climatological Summary for Jun 2020 Name: Garrymore Weather City: Geashill State: Offaly Elevation: 80 m Lat: N 53° 10' 05" Lon: W 007° 21' 37" Temperature (°C), Rain (mm), Wind Speed (km/h) Heat Cool Avg Mean Deg Deg Wind Dom Day Temp High Time Low Time Days Days Rain Speed High Time Dir ---------------------------------------------------------------------------------- 01 18.5 27.9 14:12 7.6 05:37 3.4 3.5 0.0 1.5 15.9 14:44 E 02 17.3 25.7 15:51 8.3 05:36 3.3 2.3 0.0 4.9 24.4 16:15 NW 03 12.7 17.4 17:11 9.7 23:48 5.6 0.0 2.4 12.6 43.0 11:47 NNE 04 11.0 15.0 17:07 7.1 02:46 7.3 0.0 3.3 7.4 28.2 19:27 NW 05 10.3 14.1 13:45 5.6 23:47 8.0 0.0 8.1 10.8 49.1 18:00 NNW 06 8.8 12.9 16:41 4.6 02:23 9.5 0.0 21.6 13.0 36.7 14:46 NW 07 12.1 16.6 18:48 9.7 04:37 6.2 0.0 0.0 7.1 25.6 04:21 NNW 08 12.6 19.0 16:59 0.0 00:16 5.7 0.0 0.0 4.7 22.0 08:28 NNW 09 12.1 15.5 12:31 9.1 05:02 6.2 0.0 0.0 2.7 13.3 15:27 W 10 11.6 15.3 15:45 9.2 23:49 6.7 0.0 2.4 6.9 34.3 18:24 N 11 10.3 11.9 08:49 8.1 01:14 3.0 0.0 0.6 10.3 41.9 05:33 NE ---------------------------------------------------------------------------------- 12.5 27.9 1 0.0 8 64.9 5.8 38.4 7.3 49.1 5 NNW Max >= 27.0 1 Max <= 0.0 0 Min <= 0.0 1 Min <= -18.0 0 Max Rain: 21.6 on day 6 Days of Rain: 6 (>= 0.2 mm) 5 (>= 2.0 mm) 1 (>= 20.0 mm) Heat Base: 18.3 Cool Base: 18.3 Method: Integration