NOAA-Style Climate Reports
Select a Year or Month report
2024: Jan Feb Mar Apr May Jun Jul Aug Sep Oct Nov Dec
2023: Jan Feb Mar Apr May Jun Jul Aug Sep Oct Nov Dec
2022: Jan Feb Mar Apr May Jun Jul Aug Sep Oct Nov Dec
2021: Jan Feb Mar Apr May Jun Jul Aug Sep Oct Nov Dec
2020: Jan Feb Mar Apr May Jun Jul Aug Sep Oct Nov Dec
2019: Jan Feb Mar Apr May Jun Jul Aug Sep Oct Nov Dec
2018: Jan Feb Mar Apr May Jun Jul Aug Sep Oct Nov Dec
2017: Jan Feb Mar Apr May Jun Jul Aug Sep Oct Nov Dec
2016: Jan Feb Mar Apr May Jun Jul Aug Sep Oct Nov Dec
2015: Jan Feb Mar Apr May Jun Jul Aug Sep Oct Nov Dec
2014: Jan Feb Mar Apr May Jun Jul Aug Sep Oct Nov Dec
2013: Jan Feb Mar Apr May Jun Jul Aug Sep Oct Nov Dec
2012: Jan Feb Mar Apr May Jun Jul Aug Sep Oct Nov Dec
2011: Jan Feb Mar Apr May Jun Jul Aug Sep Oct Nov Dec
2010: Jan Feb Mar Apr May Jun Jul Aug Sep Oct Nov Dec
2009: Jan Feb Mar Apr May Jun Jul Aug Sep Oct Nov Dec
2008: Jan Feb Mar Apr May Jun Jul Aug Sep Oct Nov Dec
2024: Jan Feb Mar Apr May Jun Jul Aug Sep Oct Nov Dec
2023: Jan Feb Mar Apr May Jun Jul Aug Sep Oct Nov Dec
2022: Jan Feb Mar Apr May Jun Jul Aug Sep Oct Nov Dec
2021: Jan Feb Mar Apr May Jun Jul Aug Sep Oct Nov Dec
2020: Jan Feb Mar Apr May Jun Jul Aug Sep Oct Nov Dec
2019: Jan Feb Mar Apr May Jun Jul Aug Sep Oct Nov Dec
2018: Jan Feb Mar Apr May Jun Jul Aug Sep Oct Nov Dec
2017: Jan Feb Mar Apr May Jun Jul Aug Sep Oct Nov Dec
2016: Jan Feb Mar Apr May Jun Jul Aug Sep Oct Nov Dec
2015: Jan Feb Mar Apr May Jun Jul Aug Sep Oct Nov Dec
2014: Jan Feb Mar Apr May Jun Jul Aug Sep Oct Nov Dec
2013: Jan Feb Mar Apr May Jun Jul Aug Sep Oct Nov Dec
2012: Jan Feb Mar Apr May Jun Jul Aug Sep Oct Nov Dec
2011: Jan Feb Mar Apr May Jun Jul Aug Sep Oct Nov Dec
2010: Jan Feb Mar Apr May Jun Jul Aug Sep Oct Nov Dec
2009: Jan Feb Mar Apr May Jun Jul Aug Sep Oct Nov Dec
2008: Jan Feb Mar Apr May Jun Jul Aug Sep Oct Nov Dec
Report for 2020 July
Monthly Climatological Summary for Jul 2020 Name: Garrymore Weather City: Geashill State: Offaly Elevation: 80 m Lat: N 53° 10' 05" Lon: W 007° 21' 37" Temperature (°C), Rain (mm), Wind Speed (km/h) Heat Cool Avg Mean Deg Deg Wind Dom Day Temp High Time Low Time Days Days Rain Speed High Time Dir ---------------------------------------------------------------------------------- 01 13.2 16.5 16:36 11.9 06:56 5.1 0.0 3.9 1.6 19.4 20:35 NW 02 13.9 18.6 16:33 10.2 07:31 4.4 0.0 0.6 3.4 19.4 13:59 NW 03 14.5 18.7 17:20 10.3 04:16 3.8 0.0 3.6 3.6 28.2 15:38 SSW 04 16.0 20.5 15:48 13.8 07:34 2.4 0.1 6.9 3.8 34.3 19:30 SSW 05 13.1 16.1 13:06 10.5 04:44 5.2 0.0 222.0 11.1 52.6 16:13 W 06 13.2 18.0 18:24 9.3 04:40 5.1 0.0 0.0 8.1 27.0 11:29 WNW 07 12.3 16.3 15:23 9.9 07:33 6.0 0.0 9.0 1.1 15.9 15:28 S 08 12.8 14.9 14:08 11.0 05:11 5.5 0.0 4.5 0.4 6.1 22:25 NE 09 13.7 18.9 18:18 9.3 23:57 4.6 0.0 0.3 6.0 28.2 14:22 N 10 12.4 18.1 18:08 7.5 05:42 5.9 0.0 0.0 5.7 24.4 18:06 NW 11 13.8 20.8 17:25 6.7 02:18 4.7 0.2 0.0 1.7 15.9 23:28 SSW 12 13.9 18.0 18:22 8.9 03:53 4.4 0.0 0.0 8.0 47.6 14:15 S 13 15.4 19.5 13:40 12.2 23:52 2.9 0.1 1.5 3.3 22.0 12:02 WNW 14 12.3 14.3 16:10 10.2 05:30 6.0 0.0 3.3 3.4 28.2 16:14 WNW 15 15.4 21.9 15:48 11.3 06:39 3.4 0.5 0.0 5.6 30.6 14:17 NW 16 17.5 22.8 16:51 12.8 03:44 2.0 1.1 0.0 4.4 29.6 15:15 W 17 16.6 19.2 16:41 14.7 00:00 1.8 0.1 0.9 6.7 36.7 16:44 SSW 18 15.1 19.7 16:37 9.7 23:57 3.4 0.1 2.7 3.1 19.4 14:56 NNW 19 13.1 19.7 17:49 5.2 05:23 5.4 0.2 0.0 4.0 22.0 12:42 NNW 20 13.4 21.7 17:32 4.7 05:52 5.3 0.4 0.0 2.7 20.9 18:59 NNW 21 16.2 22.9 17:08 9.3 06:19 3.2 1.2 0.0 2.3 15.9 17:57 NW 22 15.5 19.7 15:58 11.9 06:22 2.9 0.2 0.0 5.3 24.4 15:23 SSW 23 16.1 19.7 19:02 12.8 04:33 2.3 0.1 0.0 4.1 24.4 11:57 W 24 15.0 17.9 13:21 11.0 05:20 3.3 0.0 0.0 3.1 29.6 11:38 S 25 14.7 16.6 13:29 12.2 22:23 3.6 0.0 0.0 4.4 91.9 23:25 SW 26 14.3 19.4 14:46 11.0 04:07 4.0 0.1 1.5 4.2 91.9 00:00 SSW 27 14.6 18.2 15:53 10.9 23:46 3.7 0.0 6.0 6.1 34.3 12:02 WNW 28 13.4 18.1 15:52 9.5 06:13 4.9 0.0 0.0 7.5 91.9 04:13 WNW 29 12.9 15.4 12:39 10.9 05:14 5.4 0.0 3.6 4.6 91.9 14:32 SSE 30 15.7 17.6 17:09 14.0 23:30 2.6 0.0 8.4 6.3 40.4 17:22 S 31 17.2 22.7 16:08 14.4 00:00 1.7 0.6 3.3 4.7 34.3 00:13 S ---------------------------------------------------------------------------------- 14.4 22.9 21 4.7 20 124.9 5.0 282.0 4.5 91.9 25 WSW Max >= 27.0 0 Max <= 0.0 0 Min <= 0.0 0 Min <= -18.0 0 Max Rain: 222.0 on day 5 Days of Rain: 17 (>= 0.2 mm) 12 (>= 2.0 mm) 1 (>= 20.0 mm) Heat Base: 18.3 Cool Base: 18.3 Method: Integration